{"id":1536,"date":"2015-07-22T19:19:43","date_gmt":"2015-07-22T18:19:43","guid":{"rendered":"http:\/\/flieg.fr\/?page_id=1536"},"modified":"2023-03-21T11:30:12","modified_gmt":"2023-03-21T10:30:12","slug":"la-demeure-flieg","status":"publish","type":"page","link":"https:\/\/www.flieg.fr\/?page_id=1536","title":{"rendered":"Le chemin du Puy en Velay \u00e0 Santiago"},"content":{"rendered":"<p><strong>Michel et Michelle vers Compostelle !<\/strong><br \/>\nC&rsquo;est notre grand projet 2012 : nous avons d\u00e9cid\u00e9 de partir pour Compostelle. Pourquoi? Parce que ce sera une belle aventure, avec des \u00e9tonnements chaque jour, des situations inattendues. La vie, quoi.<br \/>\nEnsuite, il n&rsquo;y a pas beaucoup de p\u00e9riodes dans la vie, o\u00f9 l&rsquo;on peut librement disposer de trois mois, tout en ayant la forme physique n\u00e9cessaire \u00e0 un tel p\u00e9riple.<br \/>\nDepuis un an, nous avons multipli\u00e9 les marches en montagne, les marches en plaine et test\u00e9 notre endurance.<br \/>\nC&rsquo;\u00e9tait indispensable, tant au plan physique que psychique, tout en n&rsquo;apportant aucune garantie de pouvoir couvrir sans encombre les deux mille deux cents kilom\u00e8tres qui nous s\u00e9parent de Compostelle. Pour accomplir le trajet il faut compter une centaine de jours de marche.<br \/>\nNous avions l&rsquo;intention de faire le trajet de Cernay \u00e0 Compostelle d\u00e8s l&rsquo;arriv\u00e9e du printemps. Partir plus t\u00f4t, c&rsquo;\u00e9tait courir le risque d&rsquo;avoir des temp\u00e9ratures n\u00e9gatives et de la neige : des conditions climatiques qui auraient n\u00e9cessit\u00e9 un \u00e9quipement compl\u00e9mentaire (lourd et volumineux) et une \u00e9preuve que nous ne souhaitions pas. Un d\u00e9part au printemps, fin mars, projette par contre l&rsquo;arriv\u00e9e en plein mois de juillet sous la chaleur galicienne avec la cohue touristique en plus; sans parler du risque de trouver les h\u00e9bergements complets. Et \u00e7a, nous n&rsquo;en voulions pas non plus.<br \/>\nMichelle a eu l&rsquo;id\u00e9e de partir du Puy en Velay, au Sud de Lyon qui est le point de d\u00e9part d&rsquo;une des quatre routes historiques fran\u00e7aises. Les trois autres routes partent de Tours, V\u00e9zelay et Arles. Nous emprunterons donc la via podiensis (route du Puy).<br \/>\nS&rsquo;absenter plus de trois mois n&rsquo;est pas chose facile. Cela percute directement nos activit\u00e9s habituelles et il faut le pr\u00e9voir longtemps \u00e0 l&rsquo;avance. Dans cette perspective, j&rsquo;ai ainsi organis\u00e9 depuis plus de deux ans mon remplacement dans les fonctions de secr\u00e9taire d&rsquo;Amnesty International Mulhouse et de communicant dans l&rsquo;Equipe d&rsquo;Animation Pastorale \u00e0 Cernay. J&rsquo;ai n\u00e9goci\u00e9 ou organis\u00e9 la mise en veille d&rsquo;autres fonctions comme celles de conseiller municipal, de choriste, de pilote d&rsquo;avion. Michelle, de son c\u00f4t\u00e9 a d\u00fb en faire autant. Quinze jours avant le d\u00e9part, nous avons un quitus \u00e0 peu pr\u00e8s g\u00e9n\u00e9ralis\u00e9.<br \/>\nD&rsquo;autres difficult\u00e9s plus anecdotiques sont apparues au cours de la pr\u00e9paration. Il a fallu documenter les circuits \u00e9lectriques et d&rsquo;eau de la maison, parce que nous comptons les laisser en service et parce qu&rsquo;il faut pr\u00e9voir une \u00e9ventuelle intervention de maintenance. En effet, l&rsquo;\u00e9lectricit\u00e9 doit \u00eatre maintenue pour alimenter les circuits d&rsquo;alarme, les \u00e9clairages automatiques, l&rsquo;ordinateur qui g\u00e8re les fonctions domotiques et bureautiques. L&rsquo;eau doit \u00eatre maintenue pour l&rsquo;arrosage (limit\u00e9 au strict n\u00e9cessaire) des fleurs et de la partie engazonn\u00e9e orient\u00e9e plein sud.<br \/>\nEn voulant v\u00e9rifier la bonne marche du tracteur tondeuse avant de partir, je constate que la batterie est morte. Et malgr\u00e9 l&rsquo;assistance de la batterie de la voiture, le moteur refuse obstin\u00e9ment de red\u00e9marrer. Rien n&rsquo;y fait, ni v\u00e9rification de la bougie, ni nettoyage du carburateur. Puis au bout de deux jours le moteur tousse, tourne et s&rsquo;arr\u00eate pour de bon. Ce sera son dernier souffle apr\u00e8s 20 ann\u00e9es de bons et loyaux services. Il est hors de question de le faire r\u00e9parer, car il pr\u00e9sente bien d&rsquo;autres probl\u00e8mes m\u00e9caniques. Je mets une annonce de vente du tracteur tondeuse en pr\u00e9cisant bien que le moteur est hors d&rsquo;usage, et j&rsquo;en demande un prix d\u00e9risoire. Surprise, il y a m\u00eame plusieurs acqu\u00e9reurs! Et le soir m\u00eame le tracteur est parti. David devra tondre avec la tondeuse \u00e9lectrique que nous devons acqu\u00e9rir en catastrophe.<br \/>\nOn pense aux g\u00e9raniums qu&rsquo;on peut arroser en arrosage automatique. Mais l&rsquo;essai tourne au drame: le tuyau de cuivre qui passe dans le grenier fuit. L&rsquo;hiver ne lui a pas \u00e9t\u00e9 favorable. Alors les g\u00e9raniums iront en pension chez la voisine&#8230;<\/p>\n<p><strong>La documentation :<\/strong><br \/>\ntopo guide du Puy \u00e0 Figeac<br \/>\ntopo guide de Figeac \u00e0 Moissac<br \/>\ntopo guide de Moissac \u00e0 Roncevaux<br \/>\nsite http:\/\/caminodesantiago.consumer.es<\/p>\n<p><strong>Les chaussures :<\/strong><br \/>\nC&rsquo;est l&rsquo;\u00e9quipement primordial par excellence.<br \/>\nNous avions des chaussures de marche dont nous \u00e9tions tr\u00e8s contents pour faire nos marches habituelles dans les Vosges lors de nos randonn\u00e9es occasionnelles. Vingt kilom\u00e8tres et mille m\u00e8tres de d\u00e9nivel\u00e9s nous \u00e9taient pratique courante. Las! L&rsquo;an dernier nous avons fait trois jours de marche en Suisse, sur un parcours souvent asphalt\u00e9. Les frottements r\u00e9p\u00e9t\u00e9s ont fini par provoquer des ampoules d\u00e8s la premi\u00e8re journ\u00e9e. \u00c9clair\u00e9s par cette exp\u00e9rience, nous avons longuement cherch\u00e9, compar\u00e9 et test\u00e9. Car dans les supermarch\u00e9s du sport, l&rsquo;offre est tr\u00e8s large, les indications nombreuses : grande randonn\u00e9e, moyenne randonn\u00e9e, poids, hauteur de la tige etc&#8230; Mais comment trouver la chaussure id\u00e9ale du jacquet*?<br \/>\nLes indications trouv\u00e9es dans les posts des jacquets internautes sont encore plus subjectives que les indications commerciales. Cela va du godillot de marche \u00e0 la sandale nu-pieds.<br \/>\nAlors, Michelle et moi sommes all\u00e9 tester les chaussures directement dans les magasins. Et l\u00e0, on a essay\u00e9, des chaussures tr\u00e8s fermes (pied de velours dans un corset de fer), des chaussures tr\u00e8s lourdes (style scaphandrier), des chaussures tr\u00e8s l\u00e9g\u00e8res (style savates d&rsquo;h\u00f4tel) et enfin, nous avons trouv\u00e9 des chaussures souples mais fermes, l\u00e9g\u00e8res (1050 g) mais solides, confortables mais avec une bonne tenue (3\/4 montantes), \u00e9tanches mais respirantes. Nous sommes tomb\u00e9s d&rsquo;accord sur la m\u00eame chaussure!<br \/>\nLowa tout terrain&nbsp; Bora GoreTex QC.<br \/>\n* le jacquet = le p\u00e8lerin sur le chemin de Saint Jacques \u00e0 Compostelle<br \/>\n<strong>Les chaussettes :<\/strong><br \/>\nLes recommandations des jacquets : trois paires de chaussettes.<br \/>\nNous avons opt\u00e9 pour trois types de chaussettes<\/p>\n<p>1) une paire de X-socks&nbsp; trekking evolution&nbsp; : une chaussette double, solution ultime contre les ampoules&#8230;<br \/>\n2) une paire de chaussettes X-socks Trekking Extr\u00eame Light tr\u00e8s fine pour la randonn\u00e9e, le trekking, le voyage en saison estivale ou demi-saison. Cette chaussette s\u00e8che tr\u00e8s vite.<br \/>\n3) une paire de chaussettes d&rsquo;une autre marque<\/p>\n<p><strong>Les sacs \u00e0 dos :<\/strong><br \/>\nNous avons opt\u00e9 pour une r\u00e9partition des charges \u00e9quitable quant on est en en couple : 3\/4 l&rsquo;homme 1\/4 la femme.<br \/>\nDu coup, le choix du sac lourd devient tr\u00e8s important. Apr\u00e8s de longs comparatifs, nous avons opt\u00e9 pour un sac relativement l\u00e9ger (1560g), avec armature acier \u00e0 ressorts (pour une bonne tenue dans le dos), avec dos doubl\u00e9 maille et syst\u00e8me de ventilation, avec bretelles ergonomiques, sangle de poitrine et rappels de charge. et confortable ceinture abdominale. Osprey Kerstel 48 M\/L<br \/>\nMichelle a opt\u00e9 pour un sac Millet de 28 litres avec dos ventil\u00e9 et de multiples poches.<\/p>\n<p><strong>Les b\u00e2tons de marche :<\/strong><br \/>\nNous avons opt\u00e9 pour des b\u00e2tons trois brins, t\u00e9lescopiques \u00e0 clips, l\u00e9gers, aux poign\u00e9es et aux dragonnes ergonomiques.<br \/>\nPour pouvoir utiliser les b\u00e2tons sur l&rsquo;asphalte, nous pouvons chausser les pointes avec des embouts caoutchouc adapt\u00e9s .<br \/>\nmod\u00e8le LEKI cressida speedlock&nbsp; pour madame<br \/>\nmod\u00e8le LEKI corklite speedlock&nbsp; pour monsieur<br \/>\n<strong>Le GPS<\/strong> :<br \/>\nL\u00e0, c&rsquo;est une envie personnelle, probablement inutile aux yeux de certains. Mais, pour l&rsquo;avoir test\u00e9 en Suisse l&rsquo;an dernier, il y a de nombreux avantages : \u00e0 tout moment on peut savoir o\u00f9 l&rsquo;on se trouve et vers o\u00f9 aller. En outre l&rsquo;heure d&rsquo;arriv\u00e9e estim\u00e9e est affich\u00e9e et on peut donc opter pour un raccourcissement ou une prolongation de l&rsquo;itin\u00e9raire du jour en fonction de la situation et des capacit\u00e9s physiques restantes.<br \/>\nNous pensions utiliser notre GPS GARMIN 496*, mais pour limiter les appareils num\u00e9riques et leurs chargeurs, nous avons abandonn\u00e9 l&rsquo;id\u00e9e la veille du d\u00e9part. Nous avons opt\u00e9 pour la fonction GPS Orangemaps du blackberry de Michelle. Par ailleurs, nous avons trac\u00e9 et sauvegard\u00e9 sur internet les quinze premi\u00e8res \u00e9tapes sur le logiciel openrunner. En cas de doute, nous pourrons regarder le trac\u00e9 sur la carte de tr\u00e8s pr\u00e8s sur internet toujours avec le blackberry de Michelle. Du coup, il nous faut une batterie de rechange, car la fonction GPS pompe de l&rsquo;\u00e9nergie.<br \/>\n* Le GPS Garmin 496 est limit\u00e9 \u00e0 14 traces de 999 points : on a donc le choix entre 14 \u00e9tapes de 20km avec une pr\u00e9cision de 20m (10% du chemin) ou 14 \u00e9tapes de 200km avec une pr\u00e9cision de 200m (tout le chemin). Et le chargement des traces n\u00e9cessite un PC configur\u00e9 avec l&rsquo;interface Garmin, chose impossible sur le chemin.<\/p>\n<p><strong>Veille du d\u00e9part : Lundi 26 mars 2012<\/strong><\/p>\n<p>Les premiers renoncements nous font abandonner l&rsquo;id\u00e9e d&#8217;emporter le GPS. Trop lourd et encombrant. Nous activons en catastrophe la fonction GPS du t\u00e9l\u00e9phone portable de Michelle; Sur internet, nous apprenons que cette fonction est tr\u00e8s gourmande en \u00e9nergie.<br \/>\nAlors vite, acheter une batterie de rechange&#8230; H\u00e9las, aucune boutique SFR ou Orange n&rsquo;a de batterie en stock. Il ne nous reste que la solution de l&rsquo;acheter sur internet et de la faire livre en poste restante \u00e0 Nasbinals.<br \/>\nEn pr\u00e9parant les affaires, nous avons le pressentiment que nous aurons trop de bagages au vu de ce qui s&rsquo;amoncelle sur le lit de la chambre d&rsquo;amis.<br \/>\nNous retardons le moment fatidique de la pes\u00e9e des sacs&#8230; Mais \u00e0 21h, il faut bien s&rsquo;y r\u00e9soudre et le verdict redout\u00e9 tombe: 12,5 kg pour moi et 7 kg pour Michelle.<br \/>\nHier encore, mon copain Gilbert qui a d\u00e9j\u00e0 fait le chemin, me recommandait de ne pas d\u00e9passer 8kg! Pourtant nous n&rsquo;avons que trois tenues compl\u00e8tes. On ne sait trop que penser et on va se coucher.<\/p>\n","protected":false},"excerpt":{"rendered":"<p>Michel et Michelle vers Compostelle ! C&rsquo;est notre grand projet 2012 : nous avons d\u00e9cid\u00e9 de partir pour Compostelle. Pourquoi? Parce que ce sera une belle aventure, avec des \u00e9tonnements chaque jour, des situations inattendues. La vie, quoi. Ensuite, il n&rsquo;y a pas beaucoup de p\u00e9riodes dans la vie, o\u00f9 l&rsquo;on peut librement disposer de [&hellip;]<\/p>\n","protected":false},"author":3,"featured_media":0,"parent":0,"menu_order":0,"comment_status":"open","ping_status":"open","template":"","meta":{"footnotes":""},"class_list":["post-1536","page","type-page","status-publish","hentry"],"_links":{"self":[{"href":"https:\/\/www.flieg.fr\/index.php?rest_route=\/wp\/v2\/pages\/1536","targetHints":{"allow":["GET"]}}],"collection":[{"href":"https:\/\/www.flieg.fr\/index.php?rest_route=\/wp\/v2\/pages"}],"about":[{"href":"https:\/\/www.flieg.fr\/index.php?rest_route=\/wp\/v2\/types\/page"}],"author":[{"embeddable":true,"href":"https:\/\/www.flieg.fr\/index.php?rest_route=\/wp\/v2\/users\/3"}],"replies":[{"embeddable":true,"href":"https:\/\/www.flieg.fr\/index.php?rest_route=%2Fwp%2Fv2%2Fcomments&post=1536"}],"version-history":[{"count":7,"href":"https:\/\/www.flieg.fr\/index.php?rest_route=\/wp\/v2\/pages\/1536\/revisions"}],"predecessor-version":[{"id":2474,"href":"https:\/\/www.flieg.fr\/index.php?rest_route=\/wp\/v2\/pages\/1536\/revisions\/2474"}],"wp:attachment":[{"href":"https:\/\/www.flieg.fr\/index.php?rest_route=%2Fwp%2Fv2%2Fmedia&parent=1536"}],"curies":[{"name":"wp","href":"https:\/\/api.w.org\/{rel}","templated":true}]}}

Le chemin du Puy en Velay à Santiago

<p><strong>Michel et Michelle vers Compostelle !</strong><br />
C&rsquo;est notre grand projet 2012 : nous avons décidé de partir pour Compostelle. Pourquoi? Parce que ce sera une belle aventure, avec des étonnements chaque jour, des situations inattendues. La vie, quoi.<br />
Ensuite, il n&rsquo;y a pas beaucoup de périodes dans la vie, où l&rsquo;on peut librement disposer de trois mois, tout en ayant la forme physique nécessaire à un tel périple.<br />
Depuis un an, nous avons multiplié les marches en montagne, les marches en plaine et testé notre endurance.<br />
C&rsquo;était indispensable, tant au plan physique que psychique, tout en n&rsquo;apportant aucune garantie de pouvoir couvrir sans encombre les deux mille deux cents kilomètres qui nous séparent de Compostelle. Pour accomplir le trajet il faut compter une centaine de jours de marche.<br />
Nous avions l&rsquo;intention de faire le trajet de Cernay à Compostelle dès l&rsquo;arrivée du printemps. Partir plus tôt, c&rsquo;était courir le risque d&rsquo;avoir des températures négatives et de la neige : des conditions climatiques qui auraient nécessité un équipement complémentaire (lourd et volumineux) et une épreuve que nous ne souhaitions pas. Un départ au printemps, fin mars, projette par contre l&rsquo;arrivée en plein mois de juillet sous la chaleur galicienne avec la cohue touristique en plus; sans parler du risque de trouver les hébergements complets. Et ça, nous n&rsquo;en voulions pas non plus.<br />
Michelle a eu l&rsquo;idée de partir du Puy en Velay, au Sud de Lyon qui est le point de départ d&rsquo;une des quatre routes historiques françaises. Les trois autres routes partent de Tours, Vézelay et Arles. Nous emprunterons donc la via podiensis (route du Puy).<br />
S&rsquo;absenter plus de trois mois n&rsquo;est pas chose facile. Cela percute directement nos activités habituelles et il faut le prévoir longtemps à l&rsquo;avance. Dans cette perspective, j&rsquo;ai ainsi organisé depuis plus de deux ans mon remplacement dans les fonctions de secrétaire d&rsquo;Amnesty International Mulhouse et de communicant dans l&rsquo;Equipe d&rsquo;Animation Pastorale à Cernay. J&rsquo;ai négocié ou organisé la mise en veille d&rsquo;autres fonctions comme celles de conseiller municipal, de choriste, de pilote d&rsquo;avion. Michelle, de son côté a dû en faire autant. Quinze jours avant le départ, nous avons un quitus à peu près généralisé.<br />
D&rsquo;autres difficultés plus anecdotiques sont apparues au cours de la préparation. Il a fallu documenter les circuits électriques et d&rsquo;eau de la maison, parce que nous comptons les laisser en service et parce qu&rsquo;il faut prévoir une éventuelle intervention de maintenance. En effet, l&rsquo;électricité doit être maintenue pour alimenter les circuits d&rsquo;alarme, les éclairages automatiques, l&rsquo;ordinateur qui gère les fonctions domotiques et bureautiques. L&rsquo;eau doit être maintenue pour l&rsquo;arrosage (limité au strict nécessaire) des fleurs et de la partie engazonnée orientée plein sud.<br />
En voulant vérifier la bonne marche du tracteur tondeuse avant de partir, je constate que la batterie est morte. Et malgré l&rsquo;assistance de la batterie de la voiture, le moteur refuse obstinément de redémarrer. Rien n&rsquo;y fait, ni vérification de la bougie, ni nettoyage du carburateur. Puis au bout de deux jours le moteur tousse, tourne et s&rsquo;arrête pour de bon. Ce sera son dernier souffle après 20 années de bons et loyaux services. Il est hors de question de le faire réparer, car il présente bien d&rsquo;autres problèmes mécaniques. Je mets une annonce de vente du tracteur tondeuse en précisant bien que le moteur est hors d&rsquo;usage, et j&rsquo;en demande un prix dérisoire. Surprise, il y a même plusieurs acquéreurs! Et le soir même le tracteur est parti. David devra tondre avec la tondeuse électrique que nous devons acquérir en catastrophe.<br />
On pense aux géraniums qu&rsquo;on peut arroser en arrosage automatique. Mais l&rsquo;essai tourne au drame: le tuyau de cuivre qui passe dans le grenier fuit. L&rsquo;hiver ne lui a pas été favorable. Alors les géraniums iront en pension chez la voisine&#8230;</p>
<p><strong>La documentation :</strong><br />
topo guide du Puy à Figeac<br />
topo guide de Figeac à Moissac<br />
topo guide de Moissac à Roncevaux<br />
site http://caminodesantiago.consumer.es</p>
<p><strong>Les chaussures :</strong><br />
C&rsquo;est l&rsquo;équipement primordial par excellence.<br />
Nous avions des chaussures de marche dont nous étions très contents pour faire nos marches habituelles dans les Vosges lors de nos randonnées occasionnelles. Vingt kilomètres et mille mètres de dénivelés nous étaient pratique courante. Las! L&rsquo;an dernier nous avons fait trois jours de marche en Suisse, sur un parcours souvent asphalté. Les frottements répétés ont fini par provoquer des ampoules dès la première journée. Éclairés par cette expérience, nous avons longuement cherché, comparé et testé. Car dans les supermarchés du sport, l&rsquo;offre est très large, les indications nombreuses : grande randonnée, moyenne randonnée, poids, hauteur de la tige etc&#8230; Mais comment trouver la chaussure idéale du jacquet*?<br />
Les indications trouvées dans les posts des jacquets internautes sont encore plus subjectives que les indications commerciales. Cela va du godillot de marche à la sandale nu-pieds.<br />
Alors, Michelle et moi sommes allé tester les chaussures directement dans les magasins. Et là, on a essayé, des chaussures très fermes (pied de velours dans un corset de fer), des chaussures très lourdes (style scaphandrier), des chaussures très légères (style savates d&rsquo;hôtel) et enfin, nous avons trouvé des chaussures souples mais fermes, légères (1050 g) mais solides, confortables mais avec une bonne tenue (3/4 montantes), étanches mais respirantes. Nous sommes tombés d&rsquo;accord sur la même chaussure!<br />
Lowa tout terrain&nbsp; Bora GoreTex QC.<br />
* le jacquet = le pèlerin sur le chemin de Saint Jacques à Compostelle<br />
<strong>Les chaussettes :</strong><br />
Les recommandations des jacquets : trois paires de chaussettes.<br />
Nous avons opté pour trois types de chaussettes</p>
<p>1) une paire de X-socks&nbsp; trekking evolution&nbsp; : une chaussette double, solution ultime contre les ampoules&#8230;<br />
2) une paire de chaussettes X-socks Trekking Extrême Light très fine pour la randonnée, le trekking, le voyage en saison estivale ou demi-saison. Cette chaussette sèche très vite.<br />
3) une paire de chaussettes d&rsquo;une autre marque</p>
<p><strong>Les sacs à dos :</strong><br />
Nous avons opté pour une répartition des charges équitable quant on est en en couple : 3/4 l&rsquo;homme 1/4 la femme.<br />
Du coup, le choix du sac lourd devient très important. Après de longs comparatifs, nous avons opté pour un sac relativement léger (1560g), avec armature acier à ressorts (pour une bonne tenue dans le dos), avec dos doublé maille et système de ventilation, avec bretelles ergonomiques, sangle de poitrine et rappels de charge. et confortable ceinture abdominale. Osprey Kerstel 48 M/L<br />
Michelle a opté pour un sac Millet de 28 litres avec dos ventilé et de multiples poches.</p>
<p><strong>Les bâtons de marche :</strong><br />
Nous avons opté pour des bâtons trois brins, télescopiques à clips, légers, aux poignées et aux dragonnes ergonomiques.<br />
Pour pouvoir utiliser les bâtons sur l&rsquo;asphalte, nous pouvons chausser les pointes avec des embouts caoutchouc adaptés .<br />
modèle LEKI cressida speedlock&nbsp; pour madame<br />
modèle LEKI corklite speedlock&nbsp; pour monsieur<br />
<strong>Le GPS</strong> :<br />
Là, c&rsquo;est une envie personnelle, probablement inutile aux yeux de certains. Mais, pour l&rsquo;avoir testé en Suisse l&rsquo;an dernier, il y a de nombreux avantages : à tout moment on peut savoir où l&rsquo;on se trouve et vers où aller. En outre l&rsquo;heure d&rsquo;arrivée estimée est affichée et on peut donc opter pour un raccourcissement ou une prolongation de l&rsquo;itinéraire du jour en fonction de la situation et des capacités physiques restantes.<br />
Nous pensions utiliser notre GPS GARMIN 496*, mais pour limiter les appareils numériques et leurs chargeurs, nous avons abandonné l&rsquo;idée la veille du départ. Nous avons opté pour la fonction GPS Orangemaps du blackberry de Michelle. Par ailleurs, nous avons tracé et sauvegardé sur internet les quinze premières étapes sur le logiciel openrunner. En cas de doute, nous pourrons regarder le tracé sur la carte de très près sur internet toujours avec le blackberry de Michelle. Du coup, il nous faut une batterie de rechange, car la fonction GPS pompe de l&rsquo;énergie.<br />
* Le GPS Garmin 496 est limité à 14 traces de 999 points : on a donc le choix entre 14 étapes de 20km avec une précision de 20m (10% du chemin) ou 14 étapes de 200km avec une précision de 200m (tout le chemin). Et le chargement des traces nécessite un PC configuré avec l&rsquo;interface Garmin, chose impossible sur le chemin.</p>
<p><strong>Veille du départ : Lundi 26 mars 2012</strong></p>
<p>Les premiers renoncements nous font abandonner l&rsquo;idée d&#8217;emporter le GPS. Trop lourd et encombrant. Nous activons en catastrophe la fonction GPS du téléphone portable de Michelle; Sur internet, nous apprenons que cette fonction est très gourmande en énergie.<br />
Alors vite, acheter une batterie de rechange&#8230; Hélas, aucune boutique SFR ou Orange n&rsquo;a de batterie en stock. Il ne nous reste que la solution de l&rsquo;acheter sur internet et de la faire livre en poste restante à Nasbinals.<br />
En préparant les affaires, nous avons le pressentiment que nous aurons trop de bagages au vu de ce qui s&rsquo;amoncelle sur le lit de la chambre d&rsquo;amis.<br />
Nous retardons le moment fatidique de la pesée des sacs&#8230; Mais à 21h, il faut bien s&rsquo;y résoudre et le verdict redouté tombe: 12,5 kg pour moi et 7 kg pour Michelle.<br />
Hier encore, mon copain Gilbert qui a déjà fait le chemin, me recommandait de ne pas dépasser 8kg! Pourtant nous n&rsquo;avons que trois tenues complètes. On ne sait trop que penser et on va se coucher.</p>

<p>Michel et Michelle vers Compostelle ! C&rsquo;est notre grand projet 2012 : nous avons décidé de partir pour Compostelle. Pourquoi? Parce que ce sera une belle aventure, avec des étonnements chaque jour, des situations inattendues. La vie, quoi. Ensuite, il n&rsquo;y a pas beaucoup de périodes dans la vie, où l&rsquo;on peut librement disposer de [&hellip;]</p>
