{"id":1476,"date":"2012-12-10T15:35:46","date_gmt":"2012-12-10T14:35:46","guid":{"rendered":"http:\/\/flieg.fr\/?page_id=1476"},"modified":"2023-05-07T15:15:34","modified_gmt":"2023-05-07T14:15:34","slug":"thomas-flieg","status":"publish","type":"page","link":"https:\/\/www.flieg.fr\/?page_id=1476","title":{"rendered":"Thomas Flieg"},"content":{"rendered":"<p>Thomas Flieg est le deuxi\u00e8me des trois enfants de Michel Flieg et Michelle Wininger. Il d\u00e9bute son apprentissage musical par cinq ann\u00e9es d&rsquo;orgue \u00e9lectronique. En 1991, il d\u00e9croche un premier prix d&rsquo;orgue au concours international de musique instrumentale.<\/p>\r\n<p>Tr\u00e8s vite il se prend de passion pour la batterie.<br \/>En 1994, apr\u00e8s trois ann\u00e9es d&rsquo;\u00e9tudes, il est dipl\u00f4m\u00e9 H.S.M.A. (Hohner Sonor Music Academy).<br \/>Thomas est sorti de l&rsquo;\u00e9cole de Batterie \u00abSONOR\u00bb au niveau national en obtenant le 1er prix troph\u00e9e cat\u00e9gorie Excellence. il devient batteur ind\u00e9pendant et joue en concert dans de nombreuses formations.\u00a0Ici avec UNBURNT Missing Pieces<\/p>\r\n<p><iframe loading=\"lazy\" title=\"UNBURNT - &quot;Missing Pieces&quot; drums recording\" width=\"625\" height=\"352\" src=\"https:\/\/www.youtube.com\/embed\/22x3eQSsk6E?feature=oembed\" frameborder=\"0\" allow=\"accelerometer; autoplay; clipboard-write; encrypted-media; gyroscope; picture-in-picture; web-share\" referrerpolicy=\"strict-origin-when-cross-origin\" allowfullscreen><\/iframe><\/p>\r\n<p>et en version acoustique avec \u00ab\u00a0The maze\u00a0\u00bb<\/p>\r\n\r\n<figure class=\"wp-block-embed is-type-video is-provider-youtube wp-block-embed-youtube wp-embed-aspect-16-9 wp-has-aspect-ratio\"><\/figure>\r\n\r\n\r\n\r\n<p><iframe loading=\"lazy\" title=\"UNBURNT - &quot;The maze&quot; unplugged\" width=\"625\" height=\"352\" src=\"https:\/\/www.youtube.com\/embed\/WNTD5zmVoJU?feature=oembed\" frameborder=\"0\" allow=\"accelerometer; autoplay; clipboard-write; encrypted-media; gyroscope; picture-in-picture; web-share\" referrerpolicy=\"strict-origin-when-cross-origin\" allowfullscreen><\/iframe><\/p>\r\n<p>&nbsp;<\/p>\r\n","protected":false},"excerpt":{"rendered":"<p>Thomas Flieg est le deuxi\u00e8me des trois enfants de Michel Flieg et Michelle Wininger. Il d\u00e9bute son apprentissage musical par cinq ann\u00e9es d&rsquo;orgue \u00e9lectronique. En 1991, il d\u00e9croche un premier prix d&rsquo;orgue au concours international de musique instrumentale. Tr\u00e8s vite il se prend de passion pour la batterie.En 1994, apr\u00e8s trois ann\u00e9es d&rsquo;\u00e9tudes, il est [&hellip;]<\/p>\n","protected":false},"author":3,"featured_media":0,"parent":0,"menu_order":0,"comment_status":"open","ping_status":"open","template":"","meta":{"footnotes":""},"class_list":["post-1476","page","type-page","status-publish","hentry"],"_links":{"self":[{"href":"https:\/\/www.flieg.fr\/index.php?rest_route=\/wp\/v2\/pages\/1476","targetHints":{"allow":["GET"]}}],"collection":[{"href":"https:\/\/www.flieg.fr\/index.php?rest_route=\/wp\/v2\/pages"}],"about":[{"href":"https:\/\/www.flieg.fr\/index.php?rest_route=\/wp\/v2\/types\/page"}],"author":[{"embeddable":true,"href":"https:\/\/www.flieg.fr\/index.php?rest_route=\/wp\/v2\/users\/3"}],"replies":[{"embeddable":true,"href":"https:\/\/www.flieg.fr\/index.php?rest_route=%2Fwp%2Fv2%2Fcomments&post=1476"}],"version-history":[{"count":15,"href":"https:\/\/www.flieg.fr\/index.php?rest_route=\/wp\/v2\/pages\/1476\/revisions"}],"predecessor-version":[{"id":2748,"href":"https:\/\/www.flieg.fr\/index.php?rest_route=\/wp\/v2\/pages\/1476\/revisions\/2748"}],"wp:attachment":[{"href":"https:\/\/www.flieg.fr\/index.php?rest_route=%2Fwp%2Fv2%2Fmedia&parent=1476"}],"curies":[{"name":"wp","href":"https:\/\/api.w.org\/{rel}","templated":true}]}}

<p>Thomas Flieg est le deuxième des trois enfants de Michel Flieg et Michelle Wininger. Il débute son apprentissage musical par cinq années d&rsquo;orgue électronique. En 1991, il décroche un premier prix d&rsquo;orgue au concours international de musique instrumentale.</p>
<p>Très vite il se prend de passion pour la batterie.<br />En 1994, après trois années d&rsquo;études, il est diplômé H.S.M.A. (Hohner Sonor Music Academy).<br />Thomas est sorti de l&rsquo;école de Batterie «SONOR» au niveau national en obtenant le 1er prix trophée catégorie Excellence. il devient batteur indépendant et joue en concert dans de nombreuses formations. Ici avec UNBURNT Missing Pieces</p>
<p><iframe loading="lazy" title="UNBURNT - &quot;Missing Pieces&quot; drums recording" width="625" height="352" src="https://www.youtube.com/embed/22x3eQSsk6E?feature=oembed" frameborder="0" allow="accelerometer; autoplay; clipboard-write; encrypted-media; gyroscope; picture-in-picture; web-share" referrerpolicy="strict-origin-when-cross-origin" allowfullscreen></iframe></p>
<p>et en version acoustique avec « The maze »</p>

<figure class="wp-block-embed is-type-video is-provider-youtube wp-block-embed-youtube wp-embed-aspect-16-9 wp-has-aspect-ratio"></figure>



<p><iframe loading="lazy" title="UNBURNT - &quot;The maze&quot; unplugged" width="625" height="352" src="https://www.youtube.com/embed/WNTD5zmVoJU?feature=oembed" frameborder="0" allow="accelerometer; autoplay; clipboard-write; encrypted-media; gyroscope; picture-in-picture; web-share" referrerpolicy="strict-origin-when-cross-origin" allowfullscreen></iframe></p>
<p>&nbsp;</p>

<p>Thomas Flieg est le deuxième des trois enfants de Michel Flieg et Michelle Wininger. Il débute son apprentissage musical par cinq années d&rsquo;orgue électronique. En 1991, il décroche un premier prix d&rsquo;orgue au concours international de musique instrumentale. Très vite il se prend de passion pour la batterie.En 1994, après trois années d&rsquo;études, il est [&hellip;]</p>
