{"id":1474,"date":"2012-12-10T15:50:28","date_gmt":"2012-12-10T14:50:28","guid":{"rendered":"http:\/\/flieg.fr\/?page_id=1474"},"modified":"2023-03-31T11:58:39","modified_gmt":"2023-03-31T10:58:39","slug":"david-flieg","status":"publish","type":"page","link":"https:\/\/www.flieg.fr\/?page_id=1474","title":{"rendered":"David Flieg"},"content":{"rendered":"\n<p>David Flieg est l&rsquo;a\u00een\u00e9 des trois enfants de Michel Flieg et Michelle Wininger. Il d\u00e9bute son apprentissage d&rsquo;instruments \u00e0 cordes par le violon.<\/p>\n\n\n<div class=\"wp-block-image\">\n<figure class=\"alignleft size-large\"><img loading=\"lazy\" decoding=\"async\" width=\"1024\" height=\"683\" src=\"https:\/\/www.flieg.fr\/wordpress\/wp-content\/uploads\/2023\/03\/DSC_9601-1024x683.jpg\" alt=\"\" class=\"wp-image-2667\" title=\"2012 David Flieg\" srcset=\"https:\/\/www.flieg.fr\/wordpress\/wp-content\/uploads\/2023\/03\/DSC_9601-1024x683.jpg 1024w, https:\/\/www.flieg.fr\/wordpress\/wp-content\/uploads\/2023\/03\/DSC_9601-300x200.jpg 300w, https:\/\/www.flieg.fr\/wordpress\/wp-content\/uploads\/2023\/03\/DSC_9601-768x512.jpg 768w, https:\/\/www.flieg.fr\/wordpress\/wp-content\/uploads\/2023\/03\/DSC_9601-1536x1024.jpg 1536w, https:\/\/www.flieg.fr\/wordpress\/wp-content\/uploads\/2023\/03\/DSC_9601-2048x1365.jpg 2048w, https:\/\/www.flieg.fr\/wordpress\/wp-content\/uploads\/2023\/03\/DSC_9601-624x416.jpg 624w\" sizes=\"auto, (max-width: 1024px) 100vw, 1024px\" \/><figcaption class=\"wp-element-caption\">Photo prise le 20 mai 2022 lors d&rsquo;un concert de Mundoswing \u00e0 Breitenbach<\/figcaption><\/figure>\n<\/div>\n\n\n<p>Aujourd&rsquo;hui c&rsquo;est \u00e0 la guitare qu&rsquo;on le retrouve dans les concerts de jazz manouche de <a href=\"http:\/\/www.mundoswing.com\">Mundoswing<\/a>.<\/p>\n","protected":false},"excerpt":{"rendered":"<p>David Flieg est l&rsquo;a\u00een\u00e9 des trois enfants de Michel Flieg et Michelle Wininger. Il d\u00e9bute son apprentissage d&rsquo;instruments \u00e0 cordes par le violon. Aujourd&rsquo;hui c&rsquo;est \u00e0 la guitare qu&rsquo;on le retrouve dans les concerts de jazz manouche de Mundoswing.<\/p>\n","protected":false},"author":3,"featured_media":0,"parent":0,"menu_order":0,"comment_status":"open","ping_status":"open","template":"","meta":{"footnotes":""},"class_list":["post-1474","page","type-page","status-publish","hentry"],"_links":{"self":[{"href":"https:\/\/www.flieg.fr\/index.php?rest_route=\/wp\/v2\/pages\/1474","targetHints":{"allow":["GET"]}}],"collection":[{"href":"https:\/\/www.flieg.fr\/index.php?rest_route=\/wp\/v2\/pages"}],"about":[{"href":"https:\/\/www.flieg.fr\/index.php?rest_route=\/wp\/v2\/types\/page"}],"author":[{"embeddable":true,"href":"https:\/\/www.flieg.fr\/index.php?rest_route=\/wp\/v2\/users\/3"}],"replies":[{"embeddable":true,"href":"https:\/\/www.flieg.fr\/index.php?rest_route=%2Fwp%2Fv2%2Fcomments&post=1474"}],"version-history":[{"count":5,"href":"https:\/\/www.flieg.fr\/index.php?rest_route=\/wp\/v2\/pages\/1474\/revisions"}],"predecessor-version":[{"id":2669,"href":"https:\/\/www.flieg.fr\/index.php?rest_route=\/wp\/v2\/pages\/1474\/revisions\/2669"}],"wp:attachment":[{"href":"https:\/\/www.flieg.fr\/index.php?rest_route=%2Fwp%2Fv2%2Fmedia&parent=1474"}],"curies":[{"name":"wp","href":"https:\/\/api.w.org\/{rel}","templated":true}]}}

<p>David Flieg est l&rsquo;aîné des trois enfants de Michel Flieg et Michelle Wininger. Il débute son apprentissage d&rsquo;instruments à cordes par le violon.</p>


<div class="wp-block-image">
<figure class="alignleft size-large"><img loading="lazy" decoding="async" width="1024" height="683" src="https://www.flieg.fr/wordpress/wp-content/uploads/2023/03/DSC_9601-1024x683.jpg" alt="" class="wp-image-2667" title="2012 David Flieg" srcset="https://www.flieg.fr/wordpress/wp-content/uploads/2023/03/DSC_9601-1024x683.jpg 1024w, https://www.flieg.fr/wordpress/wp-content/uploads/2023/03/DSC_9601-300x200.jpg 300w, https://www.flieg.fr/wordpress/wp-content/uploads/2023/03/DSC_9601-768x512.jpg 768w, https://www.flieg.fr/wordpress/wp-content/uploads/2023/03/DSC_9601-1536x1024.jpg 1536w, https://www.flieg.fr/wordpress/wp-content/uploads/2023/03/DSC_9601-2048x1365.jpg 2048w, https://www.flieg.fr/wordpress/wp-content/uploads/2023/03/DSC_9601-624x416.jpg 624w" sizes="auto, (max-width: 1024px) 100vw, 1024px" /><figcaption class="wp-element-caption">Photo prise le 20 mai 2022 lors d&rsquo;un concert de Mundoswing à Breitenbach</figcaption></figure>
</div>


<p>Aujourd&rsquo;hui c&rsquo;est à la guitare qu&rsquo;on le retrouve dans les concerts de jazz manouche de <a href="http://www.mundoswing.com">Mundoswing</a>.</p>

<p>David Flieg est l&rsquo;aîné des trois enfants de Michel Flieg et Michelle Wininger. Il débute son apprentissage d&rsquo;instruments à cordes par le violon. Aujourd&rsquo;hui c&rsquo;est à la guitare qu&rsquo;on le retrouve dans les concerts de jazz manouche de Mundoswing.</p>
