{"id":1446,"date":"2012-12-10T16:01:14","date_gmt":"2012-12-10T15:01:14","guid":{"rendered":"http:\/\/flieg.fr\/?page_id=1446"},"modified":"2023-03-22T17:54:54","modified_gmt":"2023-03-22T16:54:54","slug":"les-cinq-generations-flieg-et-les-disciplines-musicales-pratiquees","status":"publish","type":"page","link":"https:\/\/www.flieg.fr\/?page_id=1446","title":{"rendered":"Les cinq g\u00e9n\u00e9rations Flieg et les disciplines musicales pratiqu\u00e9es"},"content":{"rendered":"<p>Depuis plus de 150 ans, 5 g\u00e9n\u00e9rations Flieg ont v\u00e9cu avec la musique.<br \/>\nLeurs pratiques musicales ont \u00e9t\u00e9 recens\u00e9es.<br \/>\nPour en savoir plus sur l&rsquo;un d&rsquo;entre eux, cliquez sur sa photo.<br \/>\n\n<table id=\"tablepress-2\" class=\"tablepress tablepress-id-2\">\n<tbody class=\"row-striping row-hover\">\n<tr class=\"row-1\">\n\t<td class=\"column-1\"><a href=\"?page_id=1490\"><img loading=\"lazy\" decoding=\"async\" src=\"https:\/\/www.flieg.fr\/wordpress\/wp-content\/uploads\/2023\/03\/20230321_171647-petit-2.jpg\" alt=\"\" width=\"150\" height=\"150\" class=\"alignnone size-full wp-image-2523\" \/><\/a><br>Jean-Baptiste Flieg 1858-1933<\/td><td class=\"column-2\"><\/td><td class=\"column-3\"><\/td><td class=\"column-4\"><\/td><td class=\"column-5\"><\/td>\n<\/tr>\n<tr class=\"row-2\">\n\t<td class=\"column-1\"><a href=\"?page_id=2539\"><img loading=\"lazy\" decoding=\"async\" src=\"https:\/\/www.flieg.fr\/wordpress\/wp-content\/uploads\/2023\/03\/hansflieg1914-Copie.jpg\" alt=\"\" width=\"150\" height=\"150\" class=\"alignnone size-full wp-image-2525\" \/><\/a><br>Hans Flieg 1884-1946<\/td><td class=\"column-2\"><\/td><td class=\"column-3\"><\/td><td class=\"column-4\"><\/td><td class=\"column-5\"><\/td>\n<\/tr>\n<tr class=\"row-3\">\n\t<td class=\"column-1\"><a href=\"?page_id=2535\"><img loading=\"lazy\" decoding=\"async\" src=\"https:\/\/www.flieg.fr\/wordpress\/wp-content\/uploads\/2023\/03\/1950_Flieg-Bernard_moyen-150x150.jpg\" alt=\"\" width=\"150\" height=\"150\" class=\"alignnone size-thumbnail wp-image-2575\" \/><\/a><br>Bernard Flieg 1908-1951<\/td><td class=\"column-2\"><a href=\"?page_id=2643\"><img loading=\"lazy\" decoding=\"async\" src=\"https:\/\/www.flieg.fr\/wordpress\/wp-content\/uploads\/2023\/03\/1925-Flieg-Rene-1.jpg\" alt=\"\" width=\"150\" height=\"150\" class=\"alignnone size-full wp-image-2642\" \/><\/a><br>Ren\u00e9 Flieg 1907-1984<\/td><td class=\"column-3\"><\/td><td class=\"column-4\"><\/td><td class=\"column-5\"><\/td>\n<\/tr>\n<tr class=\"row-4\">\n\t<td class=\"column-1\"><a href=\"?page_id=2631\"><img loading=\"lazy\" decoding=\"async\" src=\"https:\/\/www.flieg.fr\/wordpress\/wp-content\/uploads\/2023\/03\/2023-Flieg-Michel.jpg\" alt=\"\" width=\"150\" height=\"150\" class=\"alignnone size-full wp-image-2637\" \/><\/a><br>Michel Flieg 1950 - <\/td><td class=\"column-2\"><a href=\"?page_id=2527\"><img loading=\"lazy\" decoding=\"async\" src=\"https:\/\/www.flieg.fr\/wordpress\/wp-content\/uploads\/2023\/03\/2010-Roger-Flieg-Copie.jpg\" alt=\"\" width=\"150\" height=\"150\" class=\"alignnone size-full wp-image-2557\" \/><\/a><br>Roger Flieg 1935-2021<\/td><td class=\"column-3\"><\/td><td class=\"column-4\"><\/td><td class=\"column-5\"><\/td>\n<\/tr>\n<tr class=\"row-5\">\n\t<td class=\"column-1\"><a href=\"?page_id=1474\"><img loading=\"lazy\" decoding=\"async\" src=\"https:\/\/www.flieg.fr\/wordpress\/wp-content\/uploads\/2023\/03\/DSC_9555-150x150.jpg\" alt=\"\" width=\"150\" height=\"150\" class=\"alignnone size-thumbnail wp-image-2665\" \/><\/a><br>David Flieg<\/td><td class=\"column-2\"><a href=\"?page_id=1476\"><img loading=\"lazy\" decoding=\"async\" src=\"https:\/\/www.flieg.fr\/wordpress\/wp-content\/uploads\/2023\/03\/thomas-flieg-150x150.jpg\" alt=\"\" width=\"150\" height=\"150\" class=\"alignnone size-thumbnail wp-image-2673\" \/><\/a><br>Thomas Flieg<\/td><td class=\"column-3\"><\/td><td class=\"column-4\"><\/td><td class=\"column-5\"><\/td>\n<\/tr>\n<tr class=\"row-6\">\n\t<td class=\"column-1\"><\/td><td class=\"column-2\"><\/td><td class=\"column-3\"><\/td><td class=\"column-4\"><\/td><td class=\"column-5\"><\/td>\n<\/tr>\n<\/tbody>\n<\/table>\n<!-- #tablepress-2 from cache --><\/p>\n","protected":false},"excerpt":{"rendered":"<p>Depuis plus de 150 ans, 5 g\u00e9n\u00e9rations Flieg ont v\u00e9cu avec la musique. Leurs pratiques musicales ont \u00e9t\u00e9 recens\u00e9es. Pour en savoir plus sur l&rsquo;un d&rsquo;entre eux, cliquez sur sa photo.<\/p>\n","protected":false},"author":3,"featured_media":0,"parent":0,"menu_order":0,"comment_status":"open","ping_status":"open","template":"page-templates\/full-width.php","meta":{"footnotes":""},"class_list":["post-1446","page","type-page","status-publish","hentry"],"_links":{"self":[{"href":"https:\/\/www.flieg.fr\/index.php?rest_route=\/wp\/v2\/pages\/1446","targetHints":{"allow":["GET"]}}],"collection":[{"href":"https:\/\/www.flieg.fr\/index.php?rest_route=\/wp\/v2\/pages"}],"about":[{"href":"https:\/\/www.flieg.fr\/index.php?rest_route=\/wp\/v2\/types\/page"}],"author":[{"embeddable":true,"href":"https:\/\/www.flieg.fr\/index.php?rest_route=\/wp\/v2\/users\/3"}],"replies":[{"embeddable":true,"href":"https:\/\/www.flieg.fr\/index.php?rest_route=%2Fwp%2Fv2%2Fcomments&post=1446"}],"version-history":[{"count":9,"href":"https:\/\/www.flieg.fr\/index.php?rest_route=\/wp\/v2\/pages\/1446\/revisions"}],"predecessor-version":[{"id":2507,"href":"https:\/\/www.flieg.fr\/index.php?rest_route=\/wp\/v2\/pages\/1446\/revisions\/2507"}],"wp:attachment":[{"href":"https:\/\/www.flieg.fr\/index.php?rest_route=%2Fwp%2Fv2%2Fmedia&parent=1446"}],"curies":[{"name":"wp","href":"https:\/\/api.w.org\/{rel}","templated":true}]}}

Les cinq générations Flieg et les disciplines musicales pratiquées

<p>Depuis plus de 150 ans, 5 générations Flieg ont vécu avec la musique.<br />
Leurs pratiques musicales ont été recensées.<br />
Pour en savoir plus sur l&rsquo;un d&rsquo;entre eux, cliquez sur sa photo.<br />

<table id="tablepress-2" class="tablepress tablepress-id-2">
<tbody class="row-striping row-hover">
<tr class="row-1">
	<td class="column-1"><a href="?page_id=1490"><img loading="lazy" decoding="async" src="https://www.flieg.fr/wordpress/wp-content/uploads/2023/03/20230321_171647-petit-2.jpg" alt="" width="150" height="150" class="alignnone size-full wp-image-2523" /></a><br>Jean-Baptiste Flieg 1858-1933</td><td class="column-2"></td><td class="column-3"></td><td class="column-4"></td><td class="column-5"></td>
</tr>
<tr class="row-2">
	<td class="column-1"><a href="?page_id=2539"><img loading="lazy" decoding="async" src="https://www.flieg.fr/wordpress/wp-content/uploads/2023/03/hansflieg1914-Copie.jpg" alt="" width="150" height="150" class="alignnone size-full wp-image-2525" /></a><br>Hans Flieg 1884-1946</td><td class="column-2"></td><td class="column-3"></td><td class="column-4"></td><td class="column-5"></td>
</tr>
<tr class="row-3">
	<td class="column-1"><a href="?page_id=2535"><img loading="lazy" decoding="async" src="https://www.flieg.fr/wordpress/wp-content/uploads/2023/03/1950_Flieg-Bernard_moyen-150x150.jpg" alt="" width="150" height="150" class="alignnone size-thumbnail wp-image-2575" /></a><br>Bernard Flieg 1908-1951</td><td class="column-2"><a href="?page_id=2643"><img loading="lazy" decoding="async" src="https://www.flieg.fr/wordpress/wp-content/uploads/2023/03/1925-Flieg-Rene-1.jpg" alt="" width="150" height="150" class="alignnone size-full wp-image-2642" /></a><br>René Flieg 1907-1984</td><td class="column-3"></td><td class="column-4"></td><td class="column-5"></td>
</tr>
<tr class="row-4">
	<td class="column-1"><a href="?page_id=2631"><img loading="lazy" decoding="async" src="https://www.flieg.fr/wordpress/wp-content/uploads/2023/03/2023-Flieg-Michel.jpg" alt="" width="150" height="150" class="alignnone size-full wp-image-2637" /></a><br>Michel Flieg 1950 - </td><td class="column-2"><a href="?page_id=2527"><img loading="lazy" decoding="async" src="https://www.flieg.fr/wordpress/wp-content/uploads/2023/03/2010-Roger-Flieg-Copie.jpg" alt="" width="150" height="150" class="alignnone size-full wp-image-2557" /></a><br>Roger Flieg 1935-2021</td><td class="column-3"></td><td class="column-4"></td><td class="column-5"></td>
</tr>
<tr class="row-5">
	<td class="column-1"><a href="?page_id=1474"><img loading="lazy" decoding="async" src="https://www.flieg.fr/wordpress/wp-content/uploads/2023/03/DSC_9555-150x150.jpg" alt="" width="150" height="150" class="alignnone size-thumbnail wp-image-2665" /></a><br>David Flieg</td><td class="column-2"><a href="?page_id=1476"><img loading="lazy" decoding="async" src="https://www.flieg.fr/wordpress/wp-content/uploads/2023/03/thomas-flieg-150x150.jpg" alt="" width="150" height="150" class="alignnone size-thumbnail wp-image-2673" /></a><br>Thomas Flieg</td><td class="column-3"></td><td class="column-4"></td><td class="column-5"></td>
</tr>
<tr class="row-6">
	<td class="column-1"></td><td class="column-2"></td><td class="column-3"></td><td class="column-4"></td><td class="column-5"></td>
</tr>
</tbody>
</table>
<!-- #tablepress-2 from cache --></p>

<p>Depuis plus de 150 ans, 5 générations Flieg ont vécu avec la musique. Leurs pratiques musicales ont été recensées. Pour en savoir plus sur l&rsquo;un d&rsquo;entre eux, cliquez sur sa photo.</p>
