{"id":1416,"date":"2012-11-12T11:38:20","date_gmt":"2012-11-12T10:38:20","guid":{"rendered":"http:\/\/flieg.fr\/?page_id=1416"},"modified":"2023-03-21T11:28:48","modified_gmt":"2023-03-21T10:28:48","slug":"etape-77-de-monte-do-gozo-a-saint-jacques-de-compostelle-5-km-samedi-16-juin-2","status":"publish","type":"page","link":"https:\/\/www.flieg.fr\/?page_id=1416","title":{"rendered":"jour 80 &#8211; \u00e9tape 76 : de Rua \u00e0 Monte Do Gozo : 16,9 km Vendredi 15 Juin"},"content":{"rendered":"<p>La m\u00e9t\u00e9o annon\u00e7ait un temps gris. C&rsquo;est un beau soleil qui nous accueille pour notre avant-derni\u00e8re \u00e9tape. Un groupe de jeunes \u00e9tudiants espagnols arrive derri\u00e8re nous. L&rsquo;un d&rsquo;entre eux tient un iphone qui d\u00e9bite un tube avec un son hyper satur\u00e9. Et ils chantent tous en choeur. Faire le chemin, ici, rapporte des points au bac. C&rsquo;est comme chez nous la piscine.<\/p>\n<p><a href=\"http:\/\/flieg.fr\/wordpress\/wp-content\/uploads\/2012\/06\/P6151493.jpg\"><img loading=\"lazy\" decoding=\"async\" title=\"OLYMPUS DIGITAL CAMERA\" src=\"http:\/\/flieg.fr\/wordpress\/wp-content\/uploads\/2012\/06\/P6151493-300x225.jpg\" alt=\"\" width=\"300\" height=\"225\"><\/a><a href=\"http:\/\/flieg.fr\/wordpress\/wp-content\/uploads\/2012\/06\/P6151495.jpg\"><img loading=\"lazy\" decoding=\"async\" title=\"OLYMPUS DIGITAL CAMERA\" src=\"http:\/\/flieg.fr\/wordpress\/wp-content\/uploads\/2012\/06\/P6151495-300x225.jpg\" alt=\"\" width=\"300\" height=\"225\"><\/a><\/p>\n<p>Certains font s\u00e9cher leur linge tout en marchant. Et voil\u00e0 que nous rencontrons \u00e0 nouveau Fran\u00e7ois et son \u00e2ne B\u00e9ru. Nous faisons un bout de chemin avec eux. B\u00e9ru n&rsquo;aime pas marcher sur l&rsquo;asphalte surtout quand il y a de la pente. Avec ses sabots ferr\u00e9s, il glisse et il en a peur. Fran\u00e7ois nous raconte comment B\u00e9ru lui a fait honte \u00e0 Arzua. Il ressemblait \u00e0 un \u00e2ne battu, tant il marchait \u00e0 petits pas sur le trottoir dall\u00e9 de granit en regardant par terre.<\/p>\n<p><a href=\"http:\/\/flieg.fr\/wordpress\/wp-content\/uploads\/2012\/06\/P6151488.jpg\"><img loading=\"lazy\" decoding=\"async\" title=\"OLYMPUS DIGITAL CAMERA\" src=\"http:\/\/flieg.fr\/wordpress\/wp-content\/uploads\/2012\/06\/P6151488-300x225.jpg\" alt=\"\" width=\"300\" height=\"225\"><\/a><\/p>\n<p>Mais la m\u00e9t\u00e9o se rattrape. Un crachin insistant nous oblige \u00e0 ressortir nos capes d\u00e9j\u00e0 rang\u00e9es. La nature, elle, en profite pour s&#8217;embellir.<\/p>\n<p><a href=\"http:\/\/flieg.fr\/wordpress\/wp-content\/uploads\/2012\/06\/P6141481.jpg\"><img loading=\"lazy\" decoding=\"async\" title=\"OLYMPUS DIGITAL CAMERA\" src=\"http:\/\/flieg.fr\/wordpress\/wp-content\/uploads\/2012\/06\/P6141481-300x225.jpg\" alt=\"\" width=\"300\" height=\"225\"><\/a><\/p>\n<p>Nous arrivons \u00e0 l&rsquo;\u00e9glise Santa Lucia de Sanpaio. Elle n&rsquo;a qu&rsquo;une cloche et le sceau le plus minuscule de toute la Galice.<\/p>\n<p><a href=\"http:\/\/flieg.fr\/wordpress\/wp-content\/uploads\/2012\/06\/P6151498.jpg\"><img loading=\"lazy\" decoding=\"async\" title=\"OLYMPUS DIGITAL CAMERA\" src=\"http:\/\/flieg.fr\/wordpress\/wp-content\/uploads\/2012\/06\/P6151498-300x225.jpg\" alt=\"\" width=\"300\" height=\"225\"><\/a><\/p>\n<p>Peu apr\u00e8s, nous traversons le village de Lavacolla, o\u00f9 il \u00e9tait de tradition pour les p\u00e8lerins de se laver de pied en cap afin d&rsquo;\u00eatre dignes d&rsquo;entrer dans la cit\u00e9 de Saint Jacques . Puis, nous entamons la mont\u00e9e de 4km vers le Monte do Gozo (Montjoie en fran\u00e7ais) ; il est appel\u00e9 ainsi, parce que depuis son sommet on a vue sur Saint Jacques de Compostelle. C&rsquo;est l\u00e0 que nous avons pr\u00e9vu de passer la nuit, \u00e0 5km \u00e0 peine de Saint Jacques (il vaut mieux y arriver de tr\u00e8s bonne heure). Mais la m\u00e9t\u00e9o se renforce, c&rsquo;est \u00e0 dire que les \u00e9l\u00e9ments se d\u00e9cha\u00eenent. Nous avons failli \u00e0 la tradition \u00e0 Lavacolla et les forces naturelles se chargent de nous y obliger. Nous entrons dans une v\u00e9ritable tourmente. Pluie et vent m\u00eal\u00e9s finissent par se rendre progressivement ma\u00eetres de nos pantalons, slips et chaussures. Ca fait flitch, flotch entre les orteils quand on marche. Les lunettes, il vaut mieux regarder par dessus qu&rsquo;au travers. On n&rsquo;y voit plus \u00e0 100m. Nous arrivons au sommet du Monte do Gozo. La chapelle (pour le deuxi\u00e8me sceau du jour) est ferm\u00e9e et la vue sur Santiago est tomb\u00e9e \u00e0 l&rsquo;eau. Ce soir ou demain peut-\u00eatre. Mais gr\u00e2ce au ciel notre h\u00f4tel est l\u00e0 dans un immense complexe de 2000 places et l&rsquo;h\u00f4tesse, en voyant la flaque qui s&rsquo;agrandit \u00e0 nos pieds, file \u00e0 son ordinateur et nous dit qu&rsquo;elle nous commande l&rsquo;allumage du chauffage dans notre chambre. C&rsquo;est la premi\u00e8re fois que nous avons du chauffage en Espagne ! De 15h \u00e0 19h les vannes c\u00e9lestes sont ouvertes en grand, et nos affaires s\u00e8chent tant bien que mal. A 19h, je tente une sortie vers la chapelle situ\u00e9e \u00e0 500m et &#8230; elle est ouverte. Je recueille ainsi l&rsquo;avant-dernier sceau requis sur nos cr\u00e9anciales sur l&rsquo;avant-derni\u00e8re place disponible.<\/p>\n<p>&nbsp;<\/p>\n","protected":false},"excerpt":{"rendered":"<p>La m\u00e9t\u00e9o annon\u00e7ait un temps gris. C&rsquo;est un beau soleil qui nous accueille pour notre avant-derni\u00e8re \u00e9tape. Un groupe de jeunes \u00e9tudiants espagnols arrive derri\u00e8re nous. L&rsquo;un d&rsquo;entre eux tient un iphone qui d\u00e9bite un tube avec un son hyper satur\u00e9. Et ils chantent tous en choeur. Faire le chemin, ici, rapporte des points au [&hellip;]<\/p>\n","protected":false},"author":3,"featured_media":0,"parent":0,"menu_order":0,"comment_status":"open","ping_status":"open","template":"","meta":{"footnotes":""},"class_list":["post-1416","page","type-page","status-publish","hentry"],"_links":{"self":[{"href":"https:\/\/www.flieg.fr\/index.php?rest_route=\/wp\/v2\/pages\/1416","targetHints":{"allow":["GET"]}}],"collection":[{"href":"https:\/\/www.flieg.fr\/index.php?rest_route=\/wp\/v2\/pages"}],"about":[{"href":"https:\/\/www.flieg.fr\/index.php?rest_route=\/wp\/v2\/types\/page"}],"author":[{"embeddable":true,"href":"https:\/\/www.flieg.fr\/index.php?rest_route=\/wp\/v2\/users\/3"}],"replies":[{"embeddable":true,"href":"https:\/\/www.flieg.fr\/index.php?rest_route=%2Fwp%2Fv2%2Fcomments&post=1416"}],"version-history":[{"count":9,"href":"https:\/\/www.flieg.fr\/index.php?rest_route=\/wp\/v2\/pages\/1416\/revisions"}],"predecessor-version":[{"id":1895,"href":"https:\/\/www.flieg.fr\/index.php?rest_route=\/wp\/v2\/pages\/1416\/revisions\/1895"}],"wp:attachment":[{"href":"https:\/\/www.flieg.fr\/index.php?rest_route=%2Fwp%2Fv2%2Fmedia&parent=1416"}],"curies":[{"name":"wp","href":"https:\/\/api.w.org\/{rel}","templated":true}]}}

jour 80 &#8211; étape 76 : de Rua à Monte Do Gozo : 16,9 km Vendredi 15 Juin

<p>La météo annonçait un temps gris. C&rsquo;est un beau soleil qui nous accueille pour notre avant-dernière étape. Un groupe de jeunes étudiants espagnols arrive derrière nous. L&rsquo;un d&rsquo;entre eux tient un iphone qui débite un tube avec un son hyper saturé. Et ils chantent tous en choeur. Faire le chemin, ici, rapporte des points au bac. C&rsquo;est comme chez nous la piscine.</p>
<p><a href="http://flieg.fr/wordpress/wp-content/uploads/2012/06/P6151493.jpg"><img loading="lazy" decoding="async" title="OLYMPUS DIGITAL CAMERA" src="http://flieg.fr/wordpress/wp-content/uploads/2012/06/P6151493-300x225.jpg" alt="" width="300" height="225"></a><a href="http://flieg.fr/wordpress/wp-content/uploads/2012/06/P6151495.jpg"><img loading="lazy" decoding="async" title="OLYMPUS DIGITAL CAMERA" src="http://flieg.fr/wordpress/wp-content/uploads/2012/06/P6151495-300x225.jpg" alt="" width="300" height="225"></a></p>
<p>Certains font sécher leur linge tout en marchant. Et voilà que nous rencontrons à nouveau François et son âne Béru. Nous faisons un bout de chemin avec eux. Béru n&rsquo;aime pas marcher sur l&rsquo;asphalte surtout quand il y a de la pente. Avec ses sabots ferrés, il glisse et il en a peur. François nous raconte comment Béru lui a fait honte à Arzua. Il ressemblait à un âne battu, tant il marchait à petits pas sur le trottoir dallé de granit en regardant par terre.</p>
<p><a href="http://flieg.fr/wordpress/wp-content/uploads/2012/06/P6151488.jpg"><img loading="lazy" decoding="async" title="OLYMPUS DIGITAL CAMERA" src="http://flieg.fr/wordpress/wp-content/uploads/2012/06/P6151488-300x225.jpg" alt="" width="300" height="225"></a></p>
<p>Mais la météo se rattrape. Un crachin insistant nous oblige à ressortir nos capes déjà rangées. La nature, elle, en profite pour s&#8217;embellir.</p>
<p><a href="http://flieg.fr/wordpress/wp-content/uploads/2012/06/P6141481.jpg"><img loading="lazy" decoding="async" title="OLYMPUS DIGITAL CAMERA" src="http://flieg.fr/wordpress/wp-content/uploads/2012/06/P6141481-300x225.jpg" alt="" width="300" height="225"></a></p>
<p>Nous arrivons à l&rsquo;église Santa Lucia de Sanpaio. Elle n&rsquo;a qu&rsquo;une cloche et le sceau le plus minuscule de toute la Galice.</p>
<p><a href="http://flieg.fr/wordpress/wp-content/uploads/2012/06/P6151498.jpg"><img loading="lazy" decoding="async" title="OLYMPUS DIGITAL CAMERA" src="http://flieg.fr/wordpress/wp-content/uploads/2012/06/P6151498-300x225.jpg" alt="" width="300" height="225"></a></p>
<p>Peu après, nous traversons le village de Lavacolla, où il était de tradition pour les pèlerins de se laver de pied en cap afin d&rsquo;être dignes d&rsquo;entrer dans la cité de Saint Jacques . Puis, nous entamons la montée de 4km vers le Monte do Gozo (Montjoie en français) ; il est appelé ainsi, parce que depuis son sommet on a vue sur Saint Jacques de Compostelle. C&rsquo;est là que nous avons prévu de passer la nuit, à 5km à peine de Saint Jacques (il vaut mieux y arriver de très bonne heure). Mais la météo se renforce, c&rsquo;est à dire que les éléments se déchaînent. Nous avons failli à la tradition à Lavacolla et les forces naturelles se chargent de nous y obliger. Nous entrons dans une véritable tourmente. Pluie et vent mêlés finissent par se rendre progressivement maîtres de nos pantalons, slips et chaussures. Ca fait flitch, flotch entre les orteils quand on marche. Les lunettes, il vaut mieux regarder par dessus qu&rsquo;au travers. On n&rsquo;y voit plus à 100m. Nous arrivons au sommet du Monte do Gozo. La chapelle (pour le deuxième sceau du jour) est fermée et la vue sur Santiago est tombée à l&rsquo;eau. Ce soir ou demain peut-être. Mais grâce au ciel notre hôtel est là dans un immense complexe de 2000 places et l&rsquo;hôtesse, en voyant la flaque qui s&rsquo;agrandit à nos pieds, file à son ordinateur et nous dit qu&rsquo;elle nous commande l&rsquo;allumage du chauffage dans notre chambre. C&rsquo;est la première fois que nous avons du chauffage en Espagne ! De 15h à 19h les vannes célestes sont ouvertes en grand, et nos affaires sèchent tant bien que mal. A 19h, je tente une sortie vers la chapelle située à 500m et &#8230; elle est ouverte. Je recueille ainsi l&rsquo;avant-dernier sceau requis sur nos créanciales sur l&rsquo;avant-dernière place disponible.</p>
<p>&nbsp;</p>

<p>La météo annonçait un temps gris. C&rsquo;est un beau soleil qui nous accueille pour notre avant-dernière étape. Un groupe de jeunes étudiants espagnols arrive derrière nous. L&rsquo;un d&rsquo;entre eux tient un iphone qui débite un tube avec un son hyper saturé. Et ils chantent tous en choeur. Faire le chemin, ici, rapporte des points au [&hellip;]</p>
