{"id":1361,"date":"2012-11-10T18:47:33","date_gmt":"2012-11-10T17:47:33","guid":{"rendered":"http:\/\/flieg.fr\/?page_id=1361"},"modified":"2023-05-08T08:12:01","modified_gmt":"2023-05-08T07:12:01","slug":"genealogie-des-familles-flieg-et-wininger-dalsace-2","status":"publish","type":"page","link":"https:\/\/www.flieg.fr\/?page_id=1361","title":{"rendered":"Histoires des familles Flieg et Wininger d&rsquo;Alsace"},"content":{"rendered":"<p><\/p>\r\n<p>Les familles Flieg et Wininger sont pr\u00e9sentes en Alsace depuis les XVI\u00e8me et XVII\u00e8me si\u00e8cles. Pour en savoir davantage sur leurs origines :<\/p>\r\n<p>\r\n\r\n<\/p>\r\n<div class=\"wp-block-columns is-layout-flex wp-container-core-columns-is-layout-9d6595d7 wp-block-columns-is-layout-flex\">\r\n<div class=\"wp-block-column is-layout-flow wp-block-column-is-layout-flow\">\r\n<figure class=\"wp-block-image size-full\"><a href=\"?page_id=1408\"><img loading=\"lazy\" decoding=\"async\" width=\"15\" height=\"15\" class=\"wp-image-1470\" src=\"https:\/\/www.flieg.fr\/wordpress\/wp-content\/uploads\/2012\/11\/bullet7.gif\" alt=\"\" \/><\/a><\/figure>\r\n<\/div>\r\n\r\n\r\n\r\n<div class=\"wp-block-column is-layout-flow wp-block-column-is-layout-flow\">\r\n<p>D\u00e9couvrez quelques histoires de nos a\u00efeux : Jean Flieg (1590-1670) Stettmeister et contr\u00f4leur du sel \u00e0 Benfeld<\/p>\r\n<\/div>\r\n\r\n\r\n\r\n<div class=\"wp-block-column is-layout-flow wp-block-column-is-layout-flow\">\r\n<figure class=\"wp-block-image size-full is-resized\"><a href=\"?page_id=1408\"><img loading=\"lazy\" decoding=\"async\" class=\"alignnone wp-image-2779 size-full\" src=\"https:\/\/www.flieg.fr\/wordpress\/wp-content\/uploads\/2023\/05\/salz.jpg\" alt=\"\" width=\"787\" height=\"341\" srcset=\"https:\/\/www.flieg.fr\/wordpress\/wp-content\/uploads\/2023\/05\/salz.jpg 787w, https:\/\/www.flieg.fr\/wordpress\/wp-content\/uploads\/2023\/05\/salz-300x130.jpg 300w, https:\/\/www.flieg.fr\/wordpress\/wp-content\/uploads\/2023\/05\/salz-768x333.jpg 768w, https:\/\/www.flieg.fr\/wordpress\/wp-content\/uploads\/2023\/05\/salz-624x270.jpg 624w\" sizes=\"auto, (max-width: 787px) 100vw, 787px\" \/><\/a><\/figure>\r\n<\/div>\r\n<\/div>\r\n<p>\r\n\r\n<\/p>\r\n<div class=\"wp-block-columns is-layout-flex wp-container-core-columns-is-layout-9d6595d7 wp-block-columns-is-layout-flex\">\r\n<div class=\"wp-block-column is-layout-flow wp-block-column-is-layout-flow\">\r\n<figure class=\"wp-block-image size-full\"><a href=\"?page_id=1389\"><img loading=\"lazy\" decoding=\"async\" width=\"15\" height=\"15\" class=\"wp-image-1471\" src=\"https:\/\/www.flieg.fr\/wordpress\/wp-content\/uploads\/2012\/11\/bullet10.gif\" alt=\"\" \/><\/a><\/figure>\r\n<\/div>\r\n\r\n\r\n\r\n<div class=\"wp-block-column is-layout-flow wp-block-column-is-layout-flow\">\r\n<p>D\u00e9couvrez l&rsquo;histoire de Jean Winiker (1656-1689) venu de Triengen en Suisse pour s&rsquo;installer \u00e0 Mertzen dans le Sundgau<\/p>\r\n<\/div>\r\n\r\n\r\n\r\n<div class=\"wp-block-column is-layout-flow wp-block-column-is-layout-flow\">\r\n<figure class=\"wp-block-image size-full is-resized\"><a href=\"?page_id=1389\"><img loading=\"lazy\" decoding=\"async\" class=\"wp-image-1364\" src=\"https:\/\/www.flieg.fr\/wordpress\/wp-content\/uploads\/2012\/11\/auswand1.jpg\" alt=\"\" width=\"340\" height=\"171\" \/><\/a><\/figure>\r\n<\/div>\r\n<\/div>\r\n<p>\r\n\r\n<\/p>\r\n<div class=\"wp-block-columns is-layout-flex wp-container-core-columns-is-layout-9d6595d7 wp-block-columns-is-layout-flex\">\r\n<div class=\"wp-block-column is-layout-flow wp-block-column-is-layout-flow\">\r\n<figure class=\"wp-block-image size-full\"><a href=\"https:\/\/gw.geneanet.org\/mflieg_w?lang=fr&amp;p=d.&amp;n=flieg&amp;oc=0\"><img loading=\"lazy\" decoding=\"async\" class=\"alignnone wp-image-1472\" src=\"https:\/\/www.flieg.fr\/wordpress\/wp-content\/uploads\/2012\/11\/bullet16.gif\" alt=\"\" width=\"15\" height=\"15\" \/><\/a><\/figure>\r\n<\/div>\r\n\r\n\r\n\r\n<div class=\"wp-block-column is-layout-flow wp-block-column-is-layout-flow\">\r\n<p>Naviguez dans l&rsquo;<a href=\"https:\/\/gw.geneanet.org\/mflieg_w?lang=fr&amp;p=d.&amp;n=flieg&amp;oc=0\">arbre g\u00e9n\u00e9alogique des Flieg et Wininger d&rsquo;Alsace<\/a> (avant 1923, car les donn\u00e9es contemporaines ne figurent pas dans cette publication, pour respecter la sph\u00e8re priv\u00e9e des personnes.)<\/p>\r\n<\/div>\r\n\r\n\r\n\r\n<div class=\"wp-block-column is-layout-flow wp-block-column-is-layout-flow\">\r\n<figure class=\"wp-block-image size-full is-resized\"><a href=\"https:\/\/gw.geneanet.org\/mflieg_w?lang=fr&amp;p=d.&amp;n=flieg&amp;oc=0\"><img loading=\"lazy\" decoding=\"async\" class=\"alignnone wp-image-1486\" src=\"https:\/\/www.flieg.fr\/wordpress\/wp-content\/uploads\/2012\/11\/2012-arbre-Copie.jpg\" alt=\"\" width=\"340\" height=\"171\" \/><\/a><\/figure>\r\n<\/div>\r\n<\/div>\r\n<p><\/p>","protected":false},"excerpt":{"rendered":"<p>Les familles Flieg et Wininger sont pr\u00e9sentes en Alsace depuis les XVI\u00e8me et XVII\u00e8me si\u00e8cles. Pour en savoir davantage sur leurs origines : D\u00e9couvrez quelques histoires de nos a\u00efeux : Jean Flieg (1590-1670) Stettmeister et contr\u00f4leur du sel \u00e0 Benfeld D\u00e9couvrez l&rsquo;histoire de Jean Winiker (1656-1689) venu de Triengen en Suisse pour s&rsquo;installer \u00e0 Mertzen [&hellip;]<\/p>\n","protected":false},"author":3,"featured_media":0,"parent":0,"menu_order":0,"comment_status":"open","ping_status":"open","template":"page-templates\/full-width.php","meta":{"footnotes":""},"class_list":["post-1361","page","type-page","status-publish","hentry"],"_links":{"self":[{"href":"https:\/\/www.flieg.fr\/index.php?rest_route=\/wp\/v2\/pages\/1361","targetHints":{"allow":["GET"]}}],"collection":[{"href":"https:\/\/www.flieg.fr\/index.php?rest_route=\/wp\/v2\/pages"}],"about":[{"href":"https:\/\/www.flieg.fr\/index.php?rest_route=\/wp\/v2\/types\/page"}],"author":[{"embeddable":true,"href":"https:\/\/www.flieg.fr\/index.php?rest_route=\/wp\/v2\/users\/3"}],"replies":[{"embeddable":true,"href":"https:\/\/www.flieg.fr\/index.php?rest_route=%2Fwp%2Fv2%2Fcomments&post=1361"}],"version-history":[{"count":29,"href":"https:\/\/www.flieg.fr\/index.php?rest_route=\/wp\/v2\/pages\/1361\/revisions"}],"predecessor-version":[{"id":2787,"href":"https:\/\/www.flieg.fr\/index.php?rest_route=\/wp\/v2\/pages\/1361\/revisions\/2787"}],"wp:attachment":[{"href":"https:\/\/www.flieg.fr\/index.php?rest_route=%2Fwp%2Fv2%2Fmedia&parent=1361"}],"curies":[{"name":"wp","href":"https:\/\/api.w.org\/{rel}","templated":true}]}}

<p></p>
<p>Les familles Flieg et Wininger sont présentes en Alsace depuis les XVIème et XVIIème siècles. Pour en savoir davantage sur leurs origines :</p>
<p>

</p>
<div class="wp-block-columns is-layout-flex wp-container-core-columns-is-layout-9d6595d7 wp-block-columns-is-layout-flex">
<div class="wp-block-column is-layout-flow wp-block-column-is-layout-flow">
<figure class="wp-block-image size-full"><a href="?page_id=1408"><img loading="lazy" decoding="async" width="15" height="15" class="wp-image-1470" src="https://www.flieg.fr/wordpress/wp-content/uploads/2012/11/bullet7.gif" alt="" /></a></figure>
</div>



<div class="wp-block-column is-layout-flow wp-block-column-is-layout-flow">
<p>Découvrez quelques histoires de nos aïeux : Jean Flieg (1590-1670) Stettmeister et contrôleur du sel à Benfeld</p>
</div>



<div class="wp-block-column is-layout-flow wp-block-column-is-layout-flow">
<figure class="wp-block-image size-full is-resized"><a href="?page_id=1408"><img loading="lazy" decoding="async" class="alignnone wp-image-2779 size-full" src="https://www.flieg.fr/wordpress/wp-content/uploads/2023/05/salz.jpg" alt="" width="787" height="341" srcset="https://www.flieg.fr/wordpress/wp-content/uploads/2023/05/salz.jpg 787w, https://www.flieg.fr/wordpress/wp-content/uploads/2023/05/salz-300x130.jpg 300w, https://www.flieg.fr/wordpress/wp-content/uploads/2023/05/salz-768x333.jpg 768w, https://www.flieg.fr/wordpress/wp-content/uploads/2023/05/salz-624x270.jpg 624w" sizes="auto, (max-width: 787px) 100vw, 787px" /></a></figure>
</div>
</div>
<p>

</p>
<div class="wp-block-columns is-layout-flex wp-container-core-columns-is-layout-9d6595d7 wp-block-columns-is-layout-flex">
<div class="wp-block-column is-layout-flow wp-block-column-is-layout-flow">
<figure class="wp-block-image size-full"><a href="?page_id=1389"><img loading="lazy" decoding="async" width="15" height="15" class="wp-image-1471" src="https://www.flieg.fr/wordpress/wp-content/uploads/2012/11/bullet10.gif" alt="" /></a></figure>
</div>



<div class="wp-block-column is-layout-flow wp-block-column-is-layout-flow">
<p>Découvrez l&rsquo;histoire de Jean Winiker (1656-1689) venu de Triengen en Suisse pour s&rsquo;installer à Mertzen dans le Sundgau</p>
</div>



<div class="wp-block-column is-layout-flow wp-block-column-is-layout-flow">
<figure class="wp-block-image size-full is-resized"><a href="?page_id=1389"><img loading="lazy" decoding="async" class="wp-image-1364" src="https://www.flieg.fr/wordpress/wp-content/uploads/2012/11/auswand1.jpg" alt="" width="340" height="171" /></a></figure>
</div>
</div>
<p>

</p>
<div class="wp-block-columns is-layout-flex wp-container-core-columns-is-layout-9d6595d7 wp-block-columns-is-layout-flex">
<div class="wp-block-column is-layout-flow wp-block-column-is-layout-flow">
<figure class="wp-block-image size-full"><a href="https://gw.geneanet.org/mflieg_w?lang=fr&amp;p=d.&amp;n=flieg&amp;oc=0"><img loading="lazy" decoding="async" class="alignnone wp-image-1472" src="https://www.flieg.fr/wordpress/wp-content/uploads/2012/11/bullet16.gif" alt="" width="15" height="15" /></a></figure>
</div>



<div class="wp-block-column is-layout-flow wp-block-column-is-layout-flow">
<p>Naviguez dans l&rsquo;<a href="https://gw.geneanet.org/mflieg_w?lang=fr&amp;p=d.&amp;n=flieg&amp;oc=0">arbre généalogique des Flieg et Wininger d&rsquo;Alsace</a> (avant 1923, car les données contemporaines ne figurent pas dans cette publication, pour respecter la sphère privée des personnes.)</p>
</div>



<div class="wp-block-column is-layout-flow wp-block-column-is-layout-flow">
<figure class="wp-block-image size-full is-resized"><a href="https://gw.geneanet.org/mflieg_w?lang=fr&amp;p=d.&amp;n=flieg&amp;oc=0"><img loading="lazy" decoding="async" class="alignnone wp-image-1486" src="https://www.flieg.fr/wordpress/wp-content/uploads/2012/11/2012-arbre-Copie.jpg" alt="" width="340" height="171" /></a></figure>
</div>
</div>
<p></p>

<p>Les familles Flieg et Wininger sont présentes en Alsace depuis les XVIème et XVIIème siècles. Pour en savoir davantage sur leurs origines : Découvrez quelques histoires de nos aïeux : Jean Flieg (1590-1670) Stettmeister et contrôleur du sel à Benfeld Découvrez l&rsquo;histoire de Jean Winiker (1656-1689) venu de Triengen en Suisse pour s&rsquo;installer à Mertzen [&hellip;]</p>
