{"id":1295,"date":"2012-06-14T18:35:16","date_gmt":"2012-06-14T17:35:16","guid":{"rendered":"http:\/\/flieg.fr\/?page_id=1295"},"modified":"2023-03-21T11:27:43","modified_gmt":"2023-03-21T10:27:43","slug":"jour-79-etape-75-de-a-portela-a-rua-225-km-jeudi-14-juin","status":"publish","type":"page","link":"https:\/\/www.flieg.fr\/?page_id=1295","title":{"rendered":"jour 79 \u00e9tape 75 : de A Portela \u00e0 Rua : 22,5 (+3) km Jeudi 14 Juin"},"content":{"rendered":"<p>Jeudi 14 Juin 2012<br \/>\nUne pens\u00e9e pour Alain, notre fr\u00e8re, qui s&rsquo;en alla sur un autre chemin d&rsquo;\u00e9toiles il y a 3 ans.<\/p>\n<p><a href=\"http:\/\/flieg.fr\/wordpress\/wp-content\/uploads\/2012\/06\/P6141471.jpg\"><img loading=\"lazy\" decoding=\"async\" class=\"alignnone size-medium wp-image-1297\" title=\"OLYMPUS DIGITAL CAMERA\" src=\"http:\/\/flieg.fr\/wordpress\/wp-content\/uploads\/2012\/06\/P6141471-300x225.jpg\" alt=\"\" width=\"300\" height=\"225\" srcset=\"https:\/\/www.flieg.fr\/wordpress\/wp-content\/uploads\/2012\/06\/P6141471-300x225.jpg 300w, https:\/\/www.flieg.fr\/wordpress\/wp-content\/uploads\/2012\/06\/P6141471-1024x768.jpg 1024w, https:\/\/www.flieg.fr\/wordpress\/wp-content\/uploads\/2012\/06\/P6141471-624x468.jpg 624w, https:\/\/www.flieg.fr\/wordpress\/wp-content\/uploads\/2012\/06\/P6141471.jpg 2048w\" sizes=\"auto, (max-width: 300px) 100vw, 300px\" \/><\/a><\/p>\n<p>Le temps sera maussade toute la journ\u00e9e. Voici comment nous voyons Arzua de la colline d&rsquo;en face.<\/p>\n<p><a href=\"http:\/\/flieg.fr\/wordpress\/wp-content\/uploads\/2012\/06\/P6141469.jpg\"><img loading=\"lazy\" decoding=\"async\" class=\"alignnone size-medium wp-image-1298\" title=\"OLYMPUS DIGITAL CAMERA\" src=\"http:\/\/flieg.fr\/wordpress\/wp-content\/uploads\/2012\/06\/P6141469-300x225.jpg\" alt=\"\" width=\"300\" height=\"225\" srcset=\"https:\/\/www.flieg.fr\/wordpress\/wp-content\/uploads\/2012\/06\/P6141469-300x225.jpg 300w, https:\/\/www.flieg.fr\/wordpress\/wp-content\/uploads\/2012\/06\/P6141469-1024x768.jpg 1024w, https:\/\/www.flieg.fr\/wordpress\/wp-content\/uploads\/2012\/06\/P6141469-624x468.jpg 624w, https:\/\/www.flieg.fr\/wordpress\/wp-content\/uploads\/2012\/06\/P6141469.jpg 2048w\" sizes=\"auto, (max-width: 300px) 100vw, 300px\" \/><\/a><\/p>\n<p>Nous obtenons notre premier tampon \u00e0 l&rsquo;\u00e9glise d&rsquo;Arzua.<br \/>\nLe chemin serpente dans la for\u00eat. Ch\u00eanes, sapins, ch\u00e2taigniers et eucalyptus se succ\u00e8dent, nous procurant le couvert pendant les averses.<\/p>\n<p><a href=\"http:\/\/flieg.fr\/wordpress\/wp-content\/uploads\/2012\/06\/P6141478.jpg\"><img loading=\"lazy\" decoding=\"async\" class=\"alignnone size-medium wp-image-1299\" title=\"OLYMPUS DIGITAL CAMERA\" src=\"http:\/\/flieg.fr\/wordpress\/wp-content\/uploads\/2012\/06\/P6141478-300x225.jpg\" alt=\"\" width=\"300\" height=\"225\" srcset=\"https:\/\/www.flieg.fr\/wordpress\/wp-content\/uploads\/2012\/06\/P6141478-300x225.jpg 300w, https:\/\/www.flieg.fr\/wordpress\/wp-content\/uploads\/2012\/06\/P6141478-1024x768.jpg 1024w, https:\/\/www.flieg.fr\/wordpress\/wp-content\/uploads\/2012\/06\/P6141478-624x468.jpg 624w, https:\/\/www.flieg.fr\/wordpress\/wp-content\/uploads\/2012\/06\/P6141478.jpg 2048w\" sizes=\"auto, (max-width: 300px) 100vw, 300px\" \/><\/a><\/p>\n<p>On se rapproche de plus en plus du but et on a l&rsquo;impression que les gens se sont enferm\u00e9s dans leur bulle ; on n&rsquo;a pratiquement pas \u00e9chang\u00e9 de paroles avec qui que ce soit.<br \/>\nNous passons les 1500 km depuis le Puy en Velay en haut du mont Santa Irene. Nous esp\u00e9rons trouver le deuxi\u00e8me sceau \u00e0 la chapelle Santa Irene, situ\u00e9e en contrebas, et immortaliser par une photo le passage des 1500 km. H\u00e9las, la chapelle est close et nous oublions de faire la photo des 1500 km.<\/p>\n<p><a href=\"http:\/\/flieg.fr\/wordpress\/wp-content\/uploads\/2012\/06\/P6141482.jpg\"><img loading=\"lazy\" decoding=\"async\" class=\"alignnone size-medium wp-image-1301\" title=\"OLYMPUS DIGITAL CAMERA\" src=\"http:\/\/flieg.fr\/wordpress\/wp-content\/uploads\/2012\/06\/P6141482-300x225.jpg\" alt=\"\" width=\"300\" height=\"225\" srcset=\"https:\/\/www.flieg.fr\/wordpress\/wp-content\/uploads\/2012\/06\/P6141482-300x225.jpg 300w, https:\/\/www.flieg.fr\/wordpress\/wp-content\/uploads\/2012\/06\/P6141482-1024x768.jpg 1024w, https:\/\/www.flieg.fr\/wordpress\/wp-content\/uploads\/2012\/06\/P6141482-624x468.jpg 624w, https:\/\/www.flieg.fr\/wordpress\/wp-content\/uploads\/2012\/06\/P6141482.jpg 2048w\" sizes=\"auto, (max-width: 300px) 100vw, 300px\" \/><\/a><\/p>\n<p>Du coup nous devons d\u00e9passer notre h\u00f4tel d&rsquo;un bon kilom\u00e8tre et demi pour trouver une autre \u00e9glise ouverte \u00e0 Arcas. C&rsquo;est l&rsquo;\u00e9glise de la coquille comme on le voit. Il est 16 h et nous sommes les premiers p\u00e8lerins de la journ\u00e9e \u00e0 nous inscrire sur le registre tenu par une jeune b\u00e9n\u00e9vole ; quel courage d&rsquo;attendre ainsi des heures un \u00e9ventuel passage de p\u00e8lerin !<\/p>\n<p><a href=\"http:\/\/flieg.fr\/wordpress\/wp-content\/uploads\/2012\/06\/P6141483.jpg\"><img loading=\"lazy\" decoding=\"async\" class=\"alignnone size-medium wp-image-1302\" title=\"OLYMPUS DIGITAL CAMERA\" src=\"http:\/\/flieg.fr\/wordpress\/wp-content\/uploads\/2012\/06\/P6141483-300x225.jpg\" alt=\"\" width=\"300\" height=\"225\" srcset=\"https:\/\/www.flieg.fr\/wordpress\/wp-content\/uploads\/2012\/06\/P6141483-300x225.jpg 300w, https:\/\/www.flieg.fr\/wordpress\/wp-content\/uploads\/2012\/06\/P6141483-1024x768.jpg 1024w, https:\/\/www.flieg.fr\/wordpress\/wp-content\/uploads\/2012\/06\/P6141483-624x468.jpg 624w, https:\/\/www.flieg.fr\/wordpress\/wp-content\/uploads\/2012\/06\/P6141483.jpg 2048w\" sizes=\"auto, (max-width: 300px) 100vw, 300px\" \/><\/a><\/p>\n","protected":false},"excerpt":{"rendered":"<p>Jeudi 14 Juin 2012 Une pens\u00e9e pour Alain, notre fr\u00e8re, qui s&rsquo;en alla sur un autre chemin d&rsquo;\u00e9toiles il y a 3 ans. Le temps sera maussade toute la journ\u00e9e. Voici comment nous voyons Arzua de la colline d&rsquo;en face. Nous obtenons notre premier tampon \u00e0 l&rsquo;\u00e9glise d&rsquo;Arzua. Le chemin serpente dans la for\u00eat. Ch\u00eanes, [&hellip;]<\/p>\n","protected":false},"author":3,"featured_media":0,"parent":0,"menu_order":0,"comment_status":"open","ping_status":"open","template":"","meta":{"footnotes":""},"class_list":["post-1295","page","type-page","status-publish","hentry"],"_links":{"self":[{"href":"https:\/\/www.flieg.fr\/index.php?rest_route=\/wp\/v2\/pages\/1295","targetHints":{"allow":["GET"]}}],"collection":[{"href":"https:\/\/www.flieg.fr\/index.php?rest_route=\/wp\/v2\/pages"}],"about":[{"href":"https:\/\/www.flieg.fr\/index.php?rest_route=\/wp\/v2\/types\/page"}],"author":[{"embeddable":true,"href":"https:\/\/www.flieg.fr\/index.php?rest_route=\/wp\/v2\/users\/3"}],"replies":[{"embeddable":true,"href":"https:\/\/www.flieg.fr\/index.php?rest_route=%2Fwp%2Fv2%2Fcomments&post=1295"}],"version-history":[{"count":5,"href":"https:\/\/www.flieg.fr\/index.php?rest_route=\/wp\/v2\/pages\/1295\/revisions"}],"predecessor-version":[{"id":2471,"href":"https:\/\/www.flieg.fr\/index.php?rest_route=\/wp\/v2\/pages\/1295\/revisions\/2471"}],"wp:attachment":[{"href":"https:\/\/www.flieg.fr\/index.php?rest_route=%2Fwp%2Fv2%2Fmedia&parent=1295"}],"curies":[{"name":"wp","href":"https:\/\/api.w.org\/{rel}","templated":true}]}}

jour 79 étape 75 : de A Portela à Rua : 22,5 (+3) km Jeudi 14 Juin

<p>Jeudi 14 Juin 2012<br />
Une pensée pour Alain, notre frère, qui s&rsquo;en alla sur un autre chemin d&rsquo;étoiles il y a 3 ans.</p>
<p><a href="http://flieg.fr/wordpress/wp-content/uploads/2012/06/P6141471.jpg"><img loading="lazy" decoding="async" class="alignnone size-medium wp-image-1297" title="OLYMPUS DIGITAL CAMERA" src="http://flieg.fr/wordpress/wp-content/uploads/2012/06/P6141471-300x225.jpg" alt="" width="300" height="225" srcset="https://www.flieg.fr/wordpress/wp-content/uploads/2012/06/P6141471-300x225.jpg 300w, https://www.flieg.fr/wordpress/wp-content/uploads/2012/06/P6141471-1024x768.jpg 1024w, https://www.flieg.fr/wordpress/wp-content/uploads/2012/06/P6141471-624x468.jpg 624w, https://www.flieg.fr/wordpress/wp-content/uploads/2012/06/P6141471.jpg 2048w" sizes="auto, (max-width: 300px) 100vw, 300px" /></a></p>
<p>Le temps sera maussade toute la journée. Voici comment nous voyons Arzua de la colline d&rsquo;en face.</p>
<p><a href="http://flieg.fr/wordpress/wp-content/uploads/2012/06/P6141469.jpg"><img loading="lazy" decoding="async" class="alignnone size-medium wp-image-1298" title="OLYMPUS DIGITAL CAMERA" src="http://flieg.fr/wordpress/wp-content/uploads/2012/06/P6141469-300x225.jpg" alt="" width="300" height="225" srcset="https://www.flieg.fr/wordpress/wp-content/uploads/2012/06/P6141469-300x225.jpg 300w, https://www.flieg.fr/wordpress/wp-content/uploads/2012/06/P6141469-1024x768.jpg 1024w, https://www.flieg.fr/wordpress/wp-content/uploads/2012/06/P6141469-624x468.jpg 624w, https://www.flieg.fr/wordpress/wp-content/uploads/2012/06/P6141469.jpg 2048w" sizes="auto, (max-width: 300px) 100vw, 300px" /></a></p>
<p>Nous obtenons notre premier tampon à l&rsquo;église d&rsquo;Arzua.<br />
Le chemin serpente dans la forêt. Chênes, sapins, châtaigniers et eucalyptus se succèdent, nous procurant le couvert pendant les averses.</p>
<p><a href="http://flieg.fr/wordpress/wp-content/uploads/2012/06/P6141478.jpg"><img loading="lazy" decoding="async" class="alignnone size-medium wp-image-1299" title="OLYMPUS DIGITAL CAMERA" src="http://flieg.fr/wordpress/wp-content/uploads/2012/06/P6141478-300x225.jpg" alt="" width="300" height="225" srcset="https://www.flieg.fr/wordpress/wp-content/uploads/2012/06/P6141478-300x225.jpg 300w, https://www.flieg.fr/wordpress/wp-content/uploads/2012/06/P6141478-1024x768.jpg 1024w, https://www.flieg.fr/wordpress/wp-content/uploads/2012/06/P6141478-624x468.jpg 624w, https://www.flieg.fr/wordpress/wp-content/uploads/2012/06/P6141478.jpg 2048w" sizes="auto, (max-width: 300px) 100vw, 300px" /></a></p>
<p>On se rapproche de plus en plus du but et on a l&rsquo;impression que les gens se sont enfermés dans leur bulle ; on n&rsquo;a pratiquement pas échangé de paroles avec qui que ce soit.<br />
Nous passons les 1500 km depuis le Puy en Velay en haut du mont Santa Irene. Nous espérons trouver le deuxième sceau à la chapelle Santa Irene, située en contrebas, et immortaliser par une photo le passage des 1500 km. Hélas, la chapelle est close et nous oublions de faire la photo des 1500 km.</p>
<p><a href="http://flieg.fr/wordpress/wp-content/uploads/2012/06/P6141482.jpg"><img loading="lazy" decoding="async" class="alignnone size-medium wp-image-1301" title="OLYMPUS DIGITAL CAMERA" src="http://flieg.fr/wordpress/wp-content/uploads/2012/06/P6141482-300x225.jpg" alt="" width="300" height="225" srcset="https://www.flieg.fr/wordpress/wp-content/uploads/2012/06/P6141482-300x225.jpg 300w, https://www.flieg.fr/wordpress/wp-content/uploads/2012/06/P6141482-1024x768.jpg 1024w, https://www.flieg.fr/wordpress/wp-content/uploads/2012/06/P6141482-624x468.jpg 624w, https://www.flieg.fr/wordpress/wp-content/uploads/2012/06/P6141482.jpg 2048w" sizes="auto, (max-width: 300px) 100vw, 300px" /></a></p>
<p>Du coup nous devons dépasser notre hôtel d&rsquo;un bon kilomètre et demi pour trouver une autre église ouverte à Arcas. C&rsquo;est l&rsquo;église de la coquille comme on le voit. Il est 16 h et nous sommes les premiers pèlerins de la journée à nous inscrire sur le registre tenu par une jeune bénévole ; quel courage d&rsquo;attendre ainsi des heures un éventuel passage de pèlerin !</p>
<p><a href="http://flieg.fr/wordpress/wp-content/uploads/2012/06/P6141483.jpg"><img loading="lazy" decoding="async" class="alignnone size-medium wp-image-1302" title="OLYMPUS DIGITAL CAMERA" src="http://flieg.fr/wordpress/wp-content/uploads/2012/06/P6141483-300x225.jpg" alt="" width="300" height="225" srcset="https://www.flieg.fr/wordpress/wp-content/uploads/2012/06/P6141483-300x225.jpg 300w, https://www.flieg.fr/wordpress/wp-content/uploads/2012/06/P6141483-1024x768.jpg 1024w, https://www.flieg.fr/wordpress/wp-content/uploads/2012/06/P6141483-624x468.jpg 624w, https://www.flieg.fr/wordpress/wp-content/uploads/2012/06/P6141483.jpg 2048w" sizes="auto, (max-width: 300px) 100vw, 300px" /></a></p>

<p>Jeudi 14 Juin 2012 Une pensée pour Alain, notre frère, qui s&rsquo;en alla sur un autre chemin d&rsquo;étoiles il y a 3 ans. Le temps sera maussade toute la journée. Voici comment nous voyons Arzua de la colline d&rsquo;en face. Nous obtenons notre premier tampon à l&rsquo;église d&rsquo;Arzua. Le chemin serpente dans la forêt. Chênes, [&hellip;]</p>
