{"id":1282,"date":"2012-06-14T18:17:17","date_gmt":"2012-06-14T17:17:17","guid":{"rendered":"http:\/\/flieg.fr\/?page_id=1282"},"modified":"2023-03-21T11:26:57","modified_gmt":"2023-03-21T10:26:57","slug":"jour-78-etape-74-de-a-mercredi-13-juin","status":"publish","type":"page","link":"https:\/\/www.flieg.fr\/?page_id=1282","title":{"rendered":"jour 78 \u00e9tape 74 : de Palas de Rei \u00e0 A Portela : 25,5 km Mercredi 13 Juin"},"content":{"rendered":"<p>Mercredi 13 Juin 2012<\/p>\n<p>Hier soir, nous nous sommes couch\u00e9s avec le soleil et ce matin il \u00e9tait radieux comme nous.<\/p>\n<p><a href=\"http:\/\/flieg.fr\/wordpress\/wp-content\/uploads\/2012\/06\/P6121438.jpg\"><img loading=\"lazy\" decoding=\"async\" class=\"alignnone size-medium wp-image-1284\" title=\"OLYMPUS DIGITAL CAMERA\" src=\"http:\/\/flieg.fr\/wordpress\/wp-content\/uploads\/2012\/06\/P6121438-300x225.jpg\" alt=\"\" width=\"300\" height=\"225\" srcset=\"https:\/\/www.flieg.fr\/wordpress\/wp-content\/uploads\/2012\/06\/P6121438-300x225.jpg 300w, https:\/\/www.flieg.fr\/wordpress\/wp-content\/uploads\/2012\/06\/P6121438-1024x768.jpg 1024w, https:\/\/www.flieg.fr\/wordpress\/wp-content\/uploads\/2012\/06\/P6121438-624x468.jpg 624w, https:\/\/www.flieg.fr\/wordpress\/wp-content\/uploads\/2012\/06\/P6121438.jpg 2048w\" sizes=\"auto, (max-width: 300px) 100vw, 300px\" \/><\/a><br \/>\nUn petit rouge gorge nous a mis sur le chemin.<\/p>\n<p><a href=\"http:\/\/flieg.fr\/wordpress\/wp-content\/uploads\/2012\/06\/P6131447.jpg\"><img loading=\"lazy\" decoding=\"async\" class=\"alignnone size-medium wp-image-1285\" title=\"OLYMPUS DIGITAL CAMERA\" src=\"http:\/\/flieg.fr\/wordpress\/wp-content\/uploads\/2012\/06\/P6131447-225x300.jpg\" alt=\"\" width=\"225\" height=\"300\" srcset=\"https:\/\/www.flieg.fr\/wordpress\/wp-content\/uploads\/2012\/06\/P6131447-225x300.jpg 225w, https:\/\/www.flieg.fr\/wordpress\/wp-content\/uploads\/2012\/06\/P6131447-768x1024.jpg 768w, https:\/\/www.flieg.fr\/wordpress\/wp-content\/uploads\/2012\/06\/P6131447-624x832.jpg 624w, https:\/\/www.flieg.fr\/wordpress\/wp-content\/uploads\/2012\/06\/P6131447.jpg 1536w\" sizes=\"auto, (max-width: 225px) 100vw, 225px\" \/><\/a><a href=\"http:\/\/flieg.fr\/wordpress\/wp-content\/uploads\/2012\/06\/P6131448.jpg\"><img loading=\"lazy\" decoding=\"async\" class=\"alignnone size-medium wp-image-1287\" title=\"OLYMPUS DIGITAL CAMERA\" src=\"http:\/\/flieg.fr\/wordpress\/wp-content\/uploads\/2012\/06\/P6131448-300x225.jpg\" alt=\"\" width=\"300\" height=\"225\" srcset=\"https:\/\/www.flieg.fr\/wordpress\/wp-content\/uploads\/2012\/06\/P6131448-300x225.jpg 300w, https:\/\/www.flieg.fr\/wordpress\/wp-content\/uploads\/2012\/06\/P6131448-1024x768.jpg 1024w, https:\/\/www.flieg.fr\/wordpress\/wp-content\/uploads\/2012\/06\/P6131448-624x468.jpg 624w, https:\/\/www.flieg.fr\/wordpress\/wp-content\/uploads\/2012\/06\/P6131448.jpg 2048w\" sizes=\"auto, (max-width: 300px) 100vw, 300px\" \/><\/a><\/p>\n<p>Nous avons l&rsquo;impression d&rsquo;\u00eatre sur des montagnes russes (pour changer des tours Eiffel) ; \u00e7a monte et \u00e7a descend sans cesse.<br \/>\nLa for\u00eat et ses ruisseaux nous ont apport\u00e9 ombre et fra\u00eecheur tout au long de la journ\u00e9e, mais nos chaussettes ont du mal \u00e0 s\u00e9cher !<\/p>\n<p><a href=\"http:\/\/flieg.fr\/wordpress\/wp-content\/uploads\/2012\/06\/P6131443.jpg\"><img loading=\"lazy\" decoding=\"async\" class=\"alignnone size-medium wp-image-1290\" title=\"OLYMPUS DIGITAL CAMERA\" src=\"http:\/\/flieg.fr\/wordpress\/wp-content\/uploads\/2012\/06\/P6131443-300x225.jpg\" alt=\"\" width=\"300\" height=\"225\" srcset=\"https:\/\/www.flieg.fr\/wordpress\/wp-content\/uploads\/2012\/06\/P6131443-300x225.jpg 300w, https:\/\/www.flieg.fr\/wordpress\/wp-content\/uploads\/2012\/06\/P6131443-1024x768.jpg 1024w, https:\/\/www.flieg.fr\/wordpress\/wp-content\/uploads\/2012\/06\/P6131443-624x468.jpg 624w, https:\/\/www.flieg.fr\/wordpress\/wp-content\/uploads\/2012\/06\/P6131443.jpg 2048w\" sizes=\"auto, (max-width: 300px) 100vw, 300px\" \/><\/a><\/p>\n<p><a href=\"http:\/\/flieg.fr\/wordpress\/wp-content\/uploads\/2012\/06\/P6131451.jpg\"><img loading=\"lazy\" decoding=\"async\" class=\"alignnone size-medium wp-image-1289\" title=\"OLYMPUS DIGITAL CAMERA\" src=\"http:\/\/flieg.fr\/wordpress\/wp-content\/uploads\/2012\/06\/P6131451-225x300.jpg\" alt=\"\" width=\"225\" height=\"300\" srcset=\"https:\/\/www.flieg.fr\/wordpress\/wp-content\/uploads\/2012\/06\/P6131451-225x300.jpg 225w, https:\/\/www.flieg.fr\/wordpress\/wp-content\/uploads\/2012\/06\/P6131451-768x1024.jpg 768w, https:\/\/www.flieg.fr\/wordpress\/wp-content\/uploads\/2012\/06\/P6131451-624x832.jpg 624w, https:\/\/www.flieg.fr\/wordpress\/wp-content\/uploads\/2012\/06\/P6131451.jpg 1536w\" sizes=\"auto, (max-width: 225px) 100vw, 225px\" \/><\/a><br \/>\nA midi trente, nous avions d\u00e9j\u00e0 obtenu nos deux tampons du jour.<br \/>\nLa ville de Melide, s&rsquo;est taill\u00e9e une renomm\u00e9e gastronomique avec ses plats de poulpe. Et justement nous sommes arriv\u00e9s \u00e0 Melide \u00e0 la mi-journ\u00e9e. Chez Ezequiel, les poulpes cuisaient dans deux grandes marmites en d\u00e9gageant un fumet app\u00e9tissant. Et le festin fut \u00e0 la hauteur des esp\u00e9rances.<\/p>\n<p><a href=\"http:\/\/flieg.fr\/wordpress\/wp-content\/uploads\/2012\/06\/P6131463.jpg\"><img loading=\"lazy\" decoding=\"async\" class=\"alignnone size-medium wp-image-1291\" title=\"OLYMPUS DIGITAL CAMERA\" src=\"http:\/\/flieg.fr\/wordpress\/wp-content\/uploads\/2012\/06\/P6131463-300x225.jpg\" alt=\"\" width=\"300\" height=\"225\" srcset=\"https:\/\/www.flieg.fr\/wordpress\/wp-content\/uploads\/2012\/06\/P6131463-300x225.jpg 300w, https:\/\/www.flieg.fr\/wordpress\/wp-content\/uploads\/2012\/06\/P6131463-1024x768.jpg 1024w, https:\/\/www.flieg.fr\/wordpress\/wp-content\/uploads\/2012\/06\/P6131463-624x468.jpg 624w, https:\/\/www.flieg.fr\/wordpress\/wp-content\/uploads\/2012\/06\/P6131463.jpg 2048w\" sizes=\"auto, (max-width: 300px) 100vw, 300px\" \/><\/a><a href=\"http:\/\/flieg.fr\/wordpress\/wp-content\/uploads\/2012\/06\/P6131464.jpg\"><img loading=\"lazy\" decoding=\"async\" class=\"alignnone size-medium wp-image-1292\" title=\"OLYMPUS DIGITAL CAMERA\" src=\"http:\/\/flieg.fr\/wordpress\/wp-content\/uploads\/2012\/06\/P6131464-225x300.jpg\" alt=\"\" width=\"225\" height=\"300\" srcset=\"https:\/\/www.flieg.fr\/wordpress\/wp-content\/uploads\/2012\/06\/P6131464-225x300.jpg 225w, https:\/\/www.flieg.fr\/wordpress\/wp-content\/uploads\/2012\/06\/P6131464-768x1024.jpg 768w, https:\/\/www.flieg.fr\/wordpress\/wp-content\/uploads\/2012\/06\/P6131464-624x832.jpg 624w, https:\/\/www.flieg.fr\/wordpress\/wp-content\/uploads\/2012\/06\/P6131464.jpg 1536w\" sizes=\"auto, (max-width: 225px) 100vw, 225px\" \/><\/a><br \/>\nToujours des ponts romains et des croix anciennes.<\/p>\n<p><a href=\"http:\/\/flieg.fr\/wordpress\/wp-content\/uploads\/2012\/06\/P6121425.jpg\"><img loading=\"lazy\" decoding=\"async\" class=\"alignnone size-medium wp-image-1293\" title=\"OLYMPUS DIGITAL CAMERA\" src=\"http:\/\/flieg.fr\/wordpress\/wp-content\/uploads\/2012\/06\/P6121425-300x225.jpg\" alt=\"\" width=\"300\" height=\"225\" srcset=\"https:\/\/www.flieg.fr\/wordpress\/wp-content\/uploads\/2012\/06\/P6121425-300x225.jpg 300w, https:\/\/www.flieg.fr\/wordpress\/wp-content\/uploads\/2012\/06\/P6121425-1024x768.jpg 1024w, https:\/\/www.flieg.fr\/wordpress\/wp-content\/uploads\/2012\/06\/P6121425-624x468.jpg 624w, https:\/\/www.flieg.fr\/wordpress\/wp-content\/uploads\/2012\/06\/P6121425.jpg 2048w\" sizes=\"auto, (max-width: 300px) 100vw, 300px\" \/><\/a><br \/>\nEt enfin, l&rsquo;arriv\u00e9e \u00e0 la casa rural. Les 30km d&rsquo;hier nous ont un peu fatigu\u00e9s.<\/p>\n","protected":false},"excerpt":{"rendered":"<p>Mercredi 13 Juin 2012 Hier soir, nous nous sommes couch\u00e9s avec le soleil et ce matin il \u00e9tait radieux comme nous. Un petit rouge gorge nous a mis sur le chemin. Nous avons l&rsquo;impression d&rsquo;\u00eatre sur des montagnes russes (pour changer des tours Eiffel) ; \u00e7a monte et \u00e7a descend sans cesse. La for\u00eat et [&hellip;]<\/p>\n","protected":false},"author":3,"featured_media":0,"parent":0,"menu_order":0,"comment_status":"open","ping_status":"open","template":"","meta":{"footnotes":""},"class_list":["post-1282","page","type-page","status-publish","hentry"],"_links":{"self":[{"href":"https:\/\/www.flieg.fr\/index.php?rest_route=\/wp\/v2\/pages\/1282","targetHints":{"allow":["GET"]}}],"collection":[{"href":"https:\/\/www.flieg.fr\/index.php?rest_route=\/wp\/v2\/pages"}],"about":[{"href":"https:\/\/www.flieg.fr\/index.php?rest_route=\/wp\/v2\/types\/page"}],"author":[{"embeddable":true,"href":"https:\/\/www.flieg.fr\/index.php?rest_route=\/wp\/v2\/users\/3"}],"replies":[{"embeddable":true,"href":"https:\/\/www.flieg.fr\/index.php?rest_route=%2Fwp%2Fv2%2Fcomments&post=1282"}],"version-history":[{"count":5,"href":"https:\/\/www.flieg.fr\/index.php?rest_route=\/wp\/v2\/pages\/1282\/revisions"}],"predecessor-version":[{"id":2470,"href":"https:\/\/www.flieg.fr\/index.php?rest_route=\/wp\/v2\/pages\/1282\/revisions\/2470"}],"wp:attachment":[{"href":"https:\/\/www.flieg.fr\/index.php?rest_route=%2Fwp%2Fv2%2Fmedia&parent=1282"}],"curies":[{"name":"wp","href":"https:\/\/api.w.org\/{rel}","templated":true}]}}

jour 78 étape 74 : de Palas de Rei à A Portela : 25,5 km Mercredi 13 Juin

<p>Mercredi 13 Juin 2012</p>
<p>Hier soir, nous nous sommes couchés avec le soleil et ce matin il était radieux comme nous.</p>
<p><a href="http://flieg.fr/wordpress/wp-content/uploads/2012/06/P6121438.jpg"><img loading="lazy" decoding="async" class="alignnone size-medium wp-image-1284" title="OLYMPUS DIGITAL CAMERA" src="http://flieg.fr/wordpress/wp-content/uploads/2012/06/P6121438-300x225.jpg" alt="" width="300" height="225" srcset="https://www.flieg.fr/wordpress/wp-content/uploads/2012/06/P6121438-300x225.jpg 300w, https://www.flieg.fr/wordpress/wp-content/uploads/2012/06/P6121438-1024x768.jpg 1024w, https://www.flieg.fr/wordpress/wp-content/uploads/2012/06/P6121438-624x468.jpg 624w, https://www.flieg.fr/wordpress/wp-content/uploads/2012/06/P6121438.jpg 2048w" sizes="auto, (max-width: 300px) 100vw, 300px" /></a><br />
Un petit rouge gorge nous a mis sur le chemin.</p>
<p><a href="http://flieg.fr/wordpress/wp-content/uploads/2012/06/P6131447.jpg"><img loading="lazy" decoding="async" class="alignnone size-medium wp-image-1285" title="OLYMPUS DIGITAL CAMERA" src="http://flieg.fr/wordpress/wp-content/uploads/2012/06/P6131447-225x300.jpg" alt="" width="225" height="300" srcset="https://www.flieg.fr/wordpress/wp-content/uploads/2012/06/P6131447-225x300.jpg 225w, https://www.flieg.fr/wordpress/wp-content/uploads/2012/06/P6131447-768x1024.jpg 768w, https://www.flieg.fr/wordpress/wp-content/uploads/2012/06/P6131447-624x832.jpg 624w, https://www.flieg.fr/wordpress/wp-content/uploads/2012/06/P6131447.jpg 1536w" sizes="auto, (max-width: 225px) 100vw, 225px" /></a><a href="http://flieg.fr/wordpress/wp-content/uploads/2012/06/P6131448.jpg"><img loading="lazy" decoding="async" class="alignnone size-medium wp-image-1287" title="OLYMPUS DIGITAL CAMERA" src="http://flieg.fr/wordpress/wp-content/uploads/2012/06/P6131448-300x225.jpg" alt="" width="300" height="225" srcset="https://www.flieg.fr/wordpress/wp-content/uploads/2012/06/P6131448-300x225.jpg 300w, https://www.flieg.fr/wordpress/wp-content/uploads/2012/06/P6131448-1024x768.jpg 1024w, https://www.flieg.fr/wordpress/wp-content/uploads/2012/06/P6131448-624x468.jpg 624w, https://www.flieg.fr/wordpress/wp-content/uploads/2012/06/P6131448.jpg 2048w" sizes="auto, (max-width: 300px) 100vw, 300px" /></a></p>
<p>Nous avons l&rsquo;impression d&rsquo;être sur des montagnes russes (pour changer des tours Eiffel) ; ça monte et ça descend sans cesse.<br />
La forêt et ses ruisseaux nous ont apporté ombre et fraîcheur tout au long de la journée, mais nos chaussettes ont du mal à sécher !</p>
<p><a href="http://flieg.fr/wordpress/wp-content/uploads/2012/06/P6131443.jpg"><img loading="lazy" decoding="async" class="alignnone size-medium wp-image-1290" title="OLYMPUS DIGITAL CAMERA" src="http://flieg.fr/wordpress/wp-content/uploads/2012/06/P6131443-300x225.jpg" alt="" width="300" height="225" srcset="https://www.flieg.fr/wordpress/wp-content/uploads/2012/06/P6131443-300x225.jpg 300w, https://www.flieg.fr/wordpress/wp-content/uploads/2012/06/P6131443-1024x768.jpg 1024w, https://www.flieg.fr/wordpress/wp-content/uploads/2012/06/P6131443-624x468.jpg 624w, https://www.flieg.fr/wordpress/wp-content/uploads/2012/06/P6131443.jpg 2048w" sizes="auto, (max-width: 300px) 100vw, 300px" /></a></p>
<p><a href="http://flieg.fr/wordpress/wp-content/uploads/2012/06/P6131451.jpg"><img loading="lazy" decoding="async" class="alignnone size-medium wp-image-1289" title="OLYMPUS DIGITAL CAMERA" src="http://flieg.fr/wordpress/wp-content/uploads/2012/06/P6131451-225x300.jpg" alt="" width="225" height="300" srcset="https://www.flieg.fr/wordpress/wp-content/uploads/2012/06/P6131451-225x300.jpg 225w, https://www.flieg.fr/wordpress/wp-content/uploads/2012/06/P6131451-768x1024.jpg 768w, https://www.flieg.fr/wordpress/wp-content/uploads/2012/06/P6131451-624x832.jpg 624w, https://www.flieg.fr/wordpress/wp-content/uploads/2012/06/P6131451.jpg 1536w" sizes="auto, (max-width: 225px) 100vw, 225px" /></a><br />
A midi trente, nous avions déjà obtenu nos deux tampons du jour.<br />
La ville de Melide, s&rsquo;est taillée une renommée gastronomique avec ses plats de poulpe. Et justement nous sommes arrivés à Melide à la mi-journée. Chez Ezequiel, les poulpes cuisaient dans deux grandes marmites en dégageant un fumet appétissant. Et le festin fut à la hauteur des espérances.</p>
<p><a href="http://flieg.fr/wordpress/wp-content/uploads/2012/06/P6131463.jpg"><img loading="lazy" decoding="async" class="alignnone size-medium wp-image-1291" title="OLYMPUS DIGITAL CAMERA" src="http://flieg.fr/wordpress/wp-content/uploads/2012/06/P6131463-300x225.jpg" alt="" width="300" height="225" srcset="https://www.flieg.fr/wordpress/wp-content/uploads/2012/06/P6131463-300x225.jpg 300w, https://www.flieg.fr/wordpress/wp-content/uploads/2012/06/P6131463-1024x768.jpg 1024w, https://www.flieg.fr/wordpress/wp-content/uploads/2012/06/P6131463-624x468.jpg 624w, https://www.flieg.fr/wordpress/wp-content/uploads/2012/06/P6131463.jpg 2048w" sizes="auto, (max-width: 300px) 100vw, 300px" /></a><a href="http://flieg.fr/wordpress/wp-content/uploads/2012/06/P6131464.jpg"><img loading="lazy" decoding="async" class="alignnone size-medium wp-image-1292" title="OLYMPUS DIGITAL CAMERA" src="http://flieg.fr/wordpress/wp-content/uploads/2012/06/P6131464-225x300.jpg" alt="" width="225" height="300" srcset="https://www.flieg.fr/wordpress/wp-content/uploads/2012/06/P6131464-225x300.jpg 225w, https://www.flieg.fr/wordpress/wp-content/uploads/2012/06/P6131464-768x1024.jpg 768w, https://www.flieg.fr/wordpress/wp-content/uploads/2012/06/P6131464-624x832.jpg 624w, https://www.flieg.fr/wordpress/wp-content/uploads/2012/06/P6131464.jpg 1536w" sizes="auto, (max-width: 225px) 100vw, 225px" /></a><br />
Toujours des ponts romains et des croix anciennes.</p>
<p><a href="http://flieg.fr/wordpress/wp-content/uploads/2012/06/P6121425.jpg"><img loading="lazy" decoding="async" class="alignnone size-medium wp-image-1293" title="OLYMPUS DIGITAL CAMERA" src="http://flieg.fr/wordpress/wp-content/uploads/2012/06/P6121425-300x225.jpg" alt="" width="300" height="225" srcset="https://www.flieg.fr/wordpress/wp-content/uploads/2012/06/P6121425-300x225.jpg 300w, https://www.flieg.fr/wordpress/wp-content/uploads/2012/06/P6121425-1024x768.jpg 1024w, https://www.flieg.fr/wordpress/wp-content/uploads/2012/06/P6121425-624x468.jpg 624w, https://www.flieg.fr/wordpress/wp-content/uploads/2012/06/P6121425.jpg 2048w" sizes="auto, (max-width: 300px) 100vw, 300px" /></a><br />
Et enfin, l&rsquo;arrivée à la casa rural. Les 30km d&rsquo;hier nous ont un peu fatigués.</p>

<p>Mercredi 13 Juin 2012 Hier soir, nous nous sommes couchés avec le soleil et ce matin il était radieux comme nous. Un petit rouge gorge nous a mis sur le chemin. Nous avons l&rsquo;impression d&rsquo;être sur des montagnes russes (pour changer des tours Eiffel) ; ça monte et ça descend sans cesse. La forêt et [&hellip;]</p>
