{"id":1271,"date":"2012-06-12T20:08:25","date_gmt":"2012-06-12T19:08:25","guid":{"rendered":"http:\/\/flieg.fr\/?page_id=1271"},"modified":"2023-03-21T11:26:36","modified_gmt":"2023-03-21T10:26:36","slug":"jour-77-etape-73-de-portomarin-a-palas-de-rei-299-km-mardi-12-juin","status":"publish","type":"page","link":"https:\/\/www.flieg.fr\/?page_id=1271","title":{"rendered":"jour 77 \u00e9tape 73 : de Portomarin \u00e0 Palas de Rei 29,9 km Mardi 12 Juin"},"content":{"rendered":"<p>Mardi 12 Juin 2012<\/p>\n<p>Aujourd&rsquo;hui, une \u00e9tape longue avec une tour Eiffel \u00e0 monter et une autre \u00e0 descendre.<br \/>\nUne \u00e9tape morne avec quelques beaux instants : cette belle for\u00eat de vieux ch\u00eanes aux troncs enserr\u00e9s par le lierre ; une for\u00eat d&rsquo;eucalyptus.<\/p>\n<p><a href=\"http:\/\/flieg.fr\/wordpress\/wp-content\/uploads\/2012\/06\/P6121422.jpg\"><img loading=\"lazy\" decoding=\"async\" class=\"alignnone size-medium wp-image-1273\" title=\"OLYMPUS DIGITAL CAMERA\" src=\"http:\/\/flieg.fr\/wordpress\/wp-content\/uploads\/2012\/06\/P6121422-300x225.jpg\" alt=\"\" width=\"300\" height=\"225\" srcset=\"https:\/\/www.flieg.fr\/wordpress\/wp-content\/uploads\/2012\/06\/P6121422-300x225.jpg 300w, https:\/\/www.flieg.fr\/wordpress\/wp-content\/uploads\/2012\/06\/P6121422-1024x768.jpg 1024w, https:\/\/www.flieg.fr\/wordpress\/wp-content\/uploads\/2012\/06\/P6121422-624x468.jpg 624w, https:\/\/www.flieg.fr\/wordpress\/wp-content\/uploads\/2012\/06\/P6121422.jpg 2048w\" sizes=\"auto, (max-width: 300px) 100vw, 300px\" \/><\/a><a href=\"http:\/\/flieg.fr\/wordpress\/wp-content\/uploads\/2012\/06\/P6121427.jpg\"><img loading=\"lazy\" decoding=\"async\" class=\"alignnone size-medium wp-image-1274\" title=\"OLYMPUS DIGITAL CAMERA\" src=\"http:\/\/flieg.fr\/wordpress\/wp-content\/uploads\/2012\/06\/P6121427-300x225.jpg\" alt=\"\" width=\"300\" height=\"225\" srcset=\"https:\/\/www.flieg.fr\/wordpress\/wp-content\/uploads\/2012\/06\/P6121427-300x225.jpg 300w, https:\/\/www.flieg.fr\/wordpress\/wp-content\/uploads\/2012\/06\/P6121427-1024x768.jpg 1024w, https:\/\/www.flieg.fr\/wordpress\/wp-content\/uploads\/2012\/06\/P6121427-624x468.jpg 624w, https:\/\/www.flieg.fr\/wordpress\/wp-content\/uploads\/2012\/06\/P6121427.jpg 2048w\" sizes=\"auto, (max-width: 300px) 100vw, 300px\" \/><\/a><br \/>\nPeu de villages. Juste quelques chapelles ferm\u00e9es.<br \/>\nLe temps est assez pluvieux et la temp\u00e9rature ne d\u00e9passe pas les 18 degr\u00e9s : polaire et blouson sont de rigueur.<br \/>\nCe qu&rsquo;on remarque aujourd&rsquo;hui, c&rsquo;est la diff\u00e9rence entre les p\u00e8lerins de la onzi\u00e8me heure et les anciens. Les premiers ne vous disent pas bonjour (ola),&nbsp; ne vous souhaitent pas bonne route (buen camino). Ils ont des chaussures&nbsp; neuves et courent comme s&rsquo;ils avaient un m\u00e9tro \u00e0 prendre. \u00c7a nous fait sourire.<br \/>\n0n tire m\u00eame une photo digitalis\u00e9e du sourire de Michelle.<\/p>\n<p><a href=\"http:\/\/flieg.fr\/wordpress\/wp-content\/uploads\/2012\/06\/P6111411.jpg\"><img loading=\"lazy\" decoding=\"async\" class=\"alignnone size-medium wp-image-1275\" title=\"OLYMPUS DIGITAL CAMERA\" src=\"http:\/\/flieg.fr\/wordpress\/wp-content\/uploads\/2012\/06\/P6111411-225x300.jpg\" alt=\"\" width=\"225\" height=\"300\" srcset=\"https:\/\/www.flieg.fr\/wordpress\/wp-content\/uploads\/2012\/06\/P6111411-225x300.jpg 225w, https:\/\/www.flieg.fr\/wordpress\/wp-content\/uploads\/2012\/06\/P6111411-768x1024.jpg 768w, https:\/\/www.flieg.fr\/wordpress\/wp-content\/uploads\/2012\/06\/P6111411-624x832.jpg 624w, https:\/\/www.flieg.fr\/wordpress\/wp-content\/uploads\/2012\/06\/P6111411.jpg 1536w\" sizes=\"auto, (max-width: 225px) 100vw, 225px\" \/><\/a><\/p>\n<p>Au bout de 17 km, toujours pas d&rsquo;\u00e9glise ouverte et donc pas de tampon. On nous a signal\u00e9 une \u00e9glise romane, belle \u00e0 visiter, ouverte \u00e0 2,2 km en dehors du chemin. L&rsquo;\u00e9tape passerait de 25,5 km \u00e0 29,9 km.<br \/>\nPlus rien ne nous fait peur ! Nous d\u00e9cidons d&rsquo;y aller. Nous arrivons \u00e0 15:10 et elle est ferm\u00e9e ! Elle est annonc\u00e9e visitable \u00e0 15:30. On est tous seuls. Alors nous d\u00e9cidons d&rsquo;attendre 20mn&#8230; Et soudain, derri\u00e8re le muret, un bruit de moteur, une voiture qui s&rsquo;arr\u00eate&#8230; C&rsquo;est pour nous ! Nous avons droit \u00e0 une visite guid\u00e9e et \u00e0 notre tampon.<\/p>\n<p><a href=\"http:\/\/flieg.fr\/wordpress\/wp-content\/uploads\/2012\/06\/P6121428.jpg\"><img loading=\"lazy\" decoding=\"async\" class=\"alignnone size-medium wp-image-1277\" title=\"OLYMPUS DIGITAL CAMERA\" src=\"http:\/\/flieg.fr\/wordpress\/wp-content\/uploads\/2012\/06\/P6121428-300x225.jpg\" alt=\"\" width=\"300\" height=\"225\" srcset=\"https:\/\/www.flieg.fr\/wordpress\/wp-content\/uploads\/2012\/06\/P6121428-300x225.jpg 300w, https:\/\/www.flieg.fr\/wordpress\/wp-content\/uploads\/2012\/06\/P6121428-1024x768.jpg 1024w, https:\/\/www.flieg.fr\/wordpress\/wp-content\/uploads\/2012\/06\/P6121428-624x468.jpg 624w, https:\/\/www.flieg.fr\/wordpress\/wp-content\/uploads\/2012\/06\/P6121428.jpg 2048w\" sizes=\"auto, (max-width: 300px) 100vw, 300px\" \/><\/a><\/p>\n<p>&nbsp;Dans le choeur, nous trouvons une \u00e9tonnante annonciation de l&rsquo;ange Gabriel \u00e0 Marie d\u00e9j\u00e0 enceinte, ce&nbsp;qui est pour le moins inhabituel.&nbsp;<\/p>\n<p><a href=\"http:\/\/flieg.fr\/wordpress\/wp-content\/uploads\/2012\/06\/P6121430.jpg\"><img loading=\"lazy\" decoding=\"async\" class=\"alignnone size-medium wp-image-1278\" title=\"OLYMPUS DIGITAL CAMERA\" src=\"http:\/\/flieg.fr\/wordpress\/wp-content\/uploads\/2012\/06\/P6121430-225x300.jpg\" alt=\"\" width=\"225\" height=\"300\" srcset=\"https:\/\/www.flieg.fr\/wordpress\/wp-content\/uploads\/2012\/06\/P6121430-225x300.jpg 225w, https:\/\/www.flieg.fr\/wordpress\/wp-content\/uploads\/2012\/06\/P6121430-768x1024.jpg 768w, https:\/\/www.flieg.fr\/wordpress\/wp-content\/uploads\/2012\/06\/P6121430-624x832.jpg 624w, https:\/\/www.flieg.fr\/wordpress\/wp-content\/uploads\/2012\/06\/P6121430.jpg 1536w\" sizes=\"auto, (max-width: 225px) 100vw, 225px\" \/><\/a><a href=\"http:\/\/flieg.fr\/wordpress\/wp-content\/uploads\/2012\/06\/P6121432.jpg\"><img loading=\"lazy\" decoding=\"async\" class=\"alignnone size-medium wp-image-1279\" title=\"OLYMPUS DIGITAL CAMERA\" src=\"http:\/\/flieg.fr\/wordpress\/wp-content\/uploads\/2012\/06\/P6121432-225x300.jpg\" alt=\"\" width=\"225\" height=\"300\" srcset=\"https:\/\/www.flieg.fr\/wordpress\/wp-content\/uploads\/2012\/06\/P6121432-225x300.jpg 225w, https:\/\/www.flieg.fr\/wordpress\/wp-content\/uploads\/2012\/06\/P6121432-768x1024.jpg 768w, https:\/\/www.flieg.fr\/wordpress\/wp-content\/uploads\/2012\/06\/P6121432-624x832.jpg 624w, https:\/\/www.flieg.fr\/wordpress\/wp-content\/uploads\/2012\/06\/P6121432.jpg 1536w\" sizes=\"auto, (max-width: 225px) 100vw, 225px\" \/><\/a><\/p>\n<p>&nbsp;<\/p>\n","protected":false},"excerpt":{"rendered":"<p>Mardi 12 Juin 2012 Aujourd&rsquo;hui, une \u00e9tape longue avec une tour Eiffel \u00e0 monter et une autre \u00e0 descendre. Une \u00e9tape morne avec quelques beaux instants : cette belle for\u00eat de vieux ch\u00eanes aux troncs enserr\u00e9s par le lierre ; une for\u00eat d&rsquo;eucalyptus. Peu de villages. Juste quelques chapelles ferm\u00e9es. Le temps est assez pluvieux [&hellip;]<\/p>\n","protected":false},"author":3,"featured_media":0,"parent":0,"menu_order":0,"comment_status":"open","ping_status":"open","template":"","meta":{"footnotes":""},"class_list":["post-1271","page","type-page","status-publish","hentry"],"_links":{"self":[{"href":"https:\/\/www.flieg.fr\/index.php?rest_route=\/wp\/v2\/pages\/1271","targetHints":{"allow":["GET"]}}],"collection":[{"href":"https:\/\/www.flieg.fr\/index.php?rest_route=\/wp\/v2\/pages"}],"about":[{"href":"https:\/\/www.flieg.fr\/index.php?rest_route=\/wp\/v2\/types\/page"}],"author":[{"embeddable":true,"href":"https:\/\/www.flieg.fr\/index.php?rest_route=\/wp\/v2\/users\/3"}],"replies":[{"embeddable":true,"href":"https:\/\/www.flieg.fr\/index.php?rest_route=%2Fwp%2Fv2%2Fcomments&post=1271"}],"version-history":[{"count":5,"href":"https:\/\/www.flieg.fr\/index.php?rest_route=\/wp\/v2\/pages\/1271\/revisions"}],"predecessor-version":[{"id":2469,"href":"https:\/\/www.flieg.fr\/index.php?rest_route=\/wp\/v2\/pages\/1271\/revisions\/2469"}],"wp:attachment":[{"href":"https:\/\/www.flieg.fr\/index.php?rest_route=%2Fwp%2Fv2%2Fmedia&parent=1271"}],"curies":[{"name":"wp","href":"https:\/\/api.w.org\/{rel}","templated":true}]}}

jour 77 étape 73 : de Portomarin à Palas de Rei 29,9 km Mardi 12 Juin

<p>Mardi 12 Juin 2012</p>
<p>Aujourd&rsquo;hui, une étape longue avec une tour Eiffel à monter et une autre à descendre.<br />
Une étape morne avec quelques beaux instants : cette belle forêt de vieux chênes aux troncs enserrés par le lierre ; une forêt d&rsquo;eucalyptus.</p>
<p><a href="http://flieg.fr/wordpress/wp-content/uploads/2012/06/P6121422.jpg"><img loading="lazy" decoding="async" class="alignnone size-medium wp-image-1273" title="OLYMPUS DIGITAL CAMERA" src="http://flieg.fr/wordpress/wp-content/uploads/2012/06/P6121422-300x225.jpg" alt="" width="300" height="225" srcset="https://www.flieg.fr/wordpress/wp-content/uploads/2012/06/P6121422-300x225.jpg 300w, https://www.flieg.fr/wordpress/wp-content/uploads/2012/06/P6121422-1024x768.jpg 1024w, https://www.flieg.fr/wordpress/wp-content/uploads/2012/06/P6121422-624x468.jpg 624w, https://www.flieg.fr/wordpress/wp-content/uploads/2012/06/P6121422.jpg 2048w" sizes="auto, (max-width: 300px) 100vw, 300px" /></a><a href="http://flieg.fr/wordpress/wp-content/uploads/2012/06/P6121427.jpg"><img loading="lazy" decoding="async" class="alignnone size-medium wp-image-1274" title="OLYMPUS DIGITAL CAMERA" src="http://flieg.fr/wordpress/wp-content/uploads/2012/06/P6121427-300x225.jpg" alt="" width="300" height="225" srcset="https://www.flieg.fr/wordpress/wp-content/uploads/2012/06/P6121427-300x225.jpg 300w, https://www.flieg.fr/wordpress/wp-content/uploads/2012/06/P6121427-1024x768.jpg 1024w, https://www.flieg.fr/wordpress/wp-content/uploads/2012/06/P6121427-624x468.jpg 624w, https://www.flieg.fr/wordpress/wp-content/uploads/2012/06/P6121427.jpg 2048w" sizes="auto, (max-width: 300px) 100vw, 300px" /></a><br />
Peu de villages. Juste quelques chapelles fermées.<br />
Le temps est assez pluvieux et la température ne dépasse pas les 18 degrés : polaire et blouson sont de rigueur.<br />
Ce qu&rsquo;on remarque aujourd&rsquo;hui, c&rsquo;est la différence entre les pèlerins de la onzième heure et les anciens. Les premiers ne vous disent pas bonjour (ola),&nbsp; ne vous souhaitent pas bonne route (buen camino). Ils ont des chaussures&nbsp; neuves et courent comme s&rsquo;ils avaient un métro à prendre. Ça nous fait sourire.<br />
0n tire même une photo digitalisée du sourire de Michelle.</p>
<p><a href="http://flieg.fr/wordpress/wp-content/uploads/2012/06/P6111411.jpg"><img loading="lazy" decoding="async" class="alignnone size-medium wp-image-1275" title="OLYMPUS DIGITAL CAMERA" src="http://flieg.fr/wordpress/wp-content/uploads/2012/06/P6111411-225x300.jpg" alt="" width="225" height="300" srcset="https://www.flieg.fr/wordpress/wp-content/uploads/2012/06/P6111411-225x300.jpg 225w, https://www.flieg.fr/wordpress/wp-content/uploads/2012/06/P6111411-768x1024.jpg 768w, https://www.flieg.fr/wordpress/wp-content/uploads/2012/06/P6111411-624x832.jpg 624w, https://www.flieg.fr/wordpress/wp-content/uploads/2012/06/P6111411.jpg 1536w" sizes="auto, (max-width: 225px) 100vw, 225px" /></a></p>
<p>Au bout de 17 km, toujours pas d&rsquo;église ouverte et donc pas de tampon. On nous a signalé une église romane, belle à visiter, ouverte à 2,2 km en dehors du chemin. L&rsquo;étape passerait de 25,5 km à 29,9 km.<br />
Plus rien ne nous fait peur ! Nous décidons d&rsquo;y aller. Nous arrivons à 15:10 et elle est fermée ! Elle est annoncée visitable à 15:30. On est tous seuls. Alors nous décidons d&rsquo;attendre 20mn&#8230; Et soudain, derrière le muret, un bruit de moteur, une voiture qui s&rsquo;arrête&#8230; C&rsquo;est pour nous ! Nous avons droit à une visite guidée et à notre tampon.</p>
<p><a href="http://flieg.fr/wordpress/wp-content/uploads/2012/06/P6121428.jpg"><img loading="lazy" decoding="async" class="alignnone size-medium wp-image-1277" title="OLYMPUS DIGITAL CAMERA" src="http://flieg.fr/wordpress/wp-content/uploads/2012/06/P6121428-300x225.jpg" alt="" width="300" height="225" srcset="https://www.flieg.fr/wordpress/wp-content/uploads/2012/06/P6121428-300x225.jpg 300w, https://www.flieg.fr/wordpress/wp-content/uploads/2012/06/P6121428-1024x768.jpg 1024w, https://www.flieg.fr/wordpress/wp-content/uploads/2012/06/P6121428-624x468.jpg 624w, https://www.flieg.fr/wordpress/wp-content/uploads/2012/06/P6121428.jpg 2048w" sizes="auto, (max-width: 300px) 100vw, 300px" /></a></p>
<p>&nbsp;Dans le choeur, nous trouvons une étonnante annonciation de l&rsquo;ange Gabriel à Marie déjà enceinte, ce&nbsp;qui est pour le moins inhabituel.&nbsp;</p>
<p><a href="http://flieg.fr/wordpress/wp-content/uploads/2012/06/P6121430.jpg"><img loading="lazy" decoding="async" class="alignnone size-medium wp-image-1278" title="OLYMPUS DIGITAL CAMERA" src="http://flieg.fr/wordpress/wp-content/uploads/2012/06/P6121430-225x300.jpg" alt="" width="225" height="300" srcset="https://www.flieg.fr/wordpress/wp-content/uploads/2012/06/P6121430-225x300.jpg 225w, https://www.flieg.fr/wordpress/wp-content/uploads/2012/06/P6121430-768x1024.jpg 768w, https://www.flieg.fr/wordpress/wp-content/uploads/2012/06/P6121430-624x832.jpg 624w, https://www.flieg.fr/wordpress/wp-content/uploads/2012/06/P6121430.jpg 1536w" sizes="auto, (max-width: 225px) 100vw, 225px" /></a><a href="http://flieg.fr/wordpress/wp-content/uploads/2012/06/P6121432.jpg"><img loading="lazy" decoding="async" class="alignnone size-medium wp-image-1279" title="OLYMPUS DIGITAL CAMERA" src="http://flieg.fr/wordpress/wp-content/uploads/2012/06/P6121432-225x300.jpg" alt="" width="225" height="300" srcset="https://www.flieg.fr/wordpress/wp-content/uploads/2012/06/P6121432-225x300.jpg 225w, https://www.flieg.fr/wordpress/wp-content/uploads/2012/06/P6121432-768x1024.jpg 768w, https://www.flieg.fr/wordpress/wp-content/uploads/2012/06/P6121432-624x832.jpg 624w, https://www.flieg.fr/wordpress/wp-content/uploads/2012/06/P6121432.jpg 1536w" sizes="auto, (max-width: 225px) 100vw, 225px" /></a></p>
<p>&nbsp;</p>

<p>Mardi 12 Juin 2012 Aujourd&rsquo;hui, une étape longue avec une tour Eiffel à monter et une autre à descendre. Une étape morne avec quelques beaux instants : cette belle forêt de vieux chênes aux troncs enserrés par le lierre ; une forêt d&rsquo;eucalyptus. Peu de villages. Juste quelques chapelles fermées. Le temps est assez pluvieux [&hellip;]</p>
