{"id":1186,"date":"2012-06-09T19:03:34","date_gmt":"2012-06-09T18:03:34","guid":{"rendered":"http:\/\/flieg.fr\/?page_id=1186"},"modified":"2023-03-21T11:24:11","modified_gmt":"2023-03-21T10:24:11","slug":"jour-72-etape-68-de-fuentes-nuevas-a-259-km-jeudi-7-juin","status":"publish","type":"page","link":"https:\/\/www.flieg.fr\/?page_id=1186","title":{"rendered":"jour 72 \u00e9tape 68 : de Fuentes Nuevas \u00e0 Trabadelo : 25,7 km Jeudi 7 Juin"},"content":{"rendered":"<p>Jeudi 7 Juin 2012<br \/>\nLe ciel est lourd ce matin. Le petit ermitage, tout proche, baigne dans la lumi\u00e8re de l&rsquo;aube et se d\u00e9tache sur le fond vert des vignes et des vergers.<\/p>\n<p>&nbsp;<a href=\"http:\/\/flieg.fr\/wordpress\/wp-content\/uploads\/2012\/06\/P60712471.jpg\"><img loading=\"lazy\" decoding=\"async\" class=\"alignnone size-medium wp-image-1188\" title=\"OLYMPUS DIGITAL CAMERA\" src=\"http:\/\/flieg.fr\/wordpress\/wp-content\/uploads\/2012\/06\/P60712471-300x225.jpg\" alt=\"\" width=\"300\" height=\"225\" srcset=\"https:\/\/www.flieg.fr\/wordpress\/wp-content\/uploads\/2012\/06\/P60712471-300x225.jpg 300w, https:\/\/www.flieg.fr\/wordpress\/wp-content\/uploads\/2012\/06\/P60712471-1024x768.jpg 1024w, https:\/\/www.flieg.fr\/wordpress\/wp-content\/uploads\/2012\/06\/P60712471-624x468.jpg 624w, https:\/\/www.flieg.fr\/wordpress\/wp-content\/uploads\/2012\/06\/P60712471.jpg 2048w\" sizes=\"auto, (max-width: 300px) 100vw, 300px\" \/><\/a><\/p>\n<p>C&rsquo;est notre premier objectif du jour, car nous pensons y obtenir le tampon quotidien qui nous a fait d\u00e9faut depuis deux jours. H\u00e9las, porte close une fois de plus. Une \u00e9glise ou une chapelle ferm\u00e9e n&rsquo;est plus qu&rsquo;un local clos, l&rsquo;institution religieuse excluant et jetant \u00e0 la rue, dans un m\u00eame \u00e9lan, en un repli sur soi sid\u00e9rant, croyants et incroyants. C&rsquo;est comme si on fermait les \u00e9coles \u00e0 cl\u00e9. Comment pourrait-on instruire?<br \/>\nSur le fronton de la chapelle suivante, nous lisons \u00a0\u00bb Le Ma\u00eetre t&rsquo;appelle, il est ici\u00a0\u00bb: le Ma\u00eetre n&rsquo;avait sans doute pas pr\u00e9vu que le cur\u00e9 en d\u00e9ciderait autrement.<br \/>\nMais \u00e0 Cacabellos, heureuse surprise : la chapelle Saint Roch est ouverte et nous obtenons le premier tampon depuis 3 jours. Un p\u00e8lerin, tout heureux, interpr\u00e8te une cantil\u00e8ne \u00e0 la trompette.<br \/>\nA Villafranca de Bierzo, il y a trois \u00e9glises et un office de tourisme ferm\u00e9s.<br \/>\nNous passons devant l&rsquo;\u00e9glise de Santiago, qui comporte une porte ( ce qui va sans dire), une porte du Pardon, qui permet d&rsquo;obtenir une indulgence et une exemption du reste du voyage si un p\u00e8lerin est dans l&rsquo;incapacit\u00e9 de poursuivre. Comme l&rsquo;\u00e9glise est ferm\u00e9e et la porte aussi, nous sommes bien oblig\u00e9s de poursuivre.<\/p>\n<p><a href=\"http:\/\/flieg.fr\/wordpress\/wp-content\/uploads\/2012\/06\/P6071256.jpg\"><img loading=\"lazy\" decoding=\"async\" class=\"alignnone size-medium wp-image-1191\" title=\"OLYMPUS DIGITAL CAMERA\" src=\"http:\/\/flieg.fr\/wordpress\/wp-content\/uploads\/2012\/06\/P6071256-300x225.jpg\" alt=\"\" width=\"300\" height=\"225\" srcset=\"https:\/\/www.flieg.fr\/wordpress\/wp-content\/uploads\/2012\/06\/P6071256-300x225.jpg 300w, https:\/\/www.flieg.fr\/wordpress\/wp-content\/uploads\/2012\/06\/P6071256-1024x768.jpg 1024w, https:\/\/www.flieg.fr\/wordpress\/wp-content\/uploads\/2012\/06\/P6071256-624x468.jpg 624w, https:\/\/www.flieg.fr\/wordpress\/wp-content\/uploads\/2012\/06\/P6071256.jpg 2048w\" sizes=\"auto, (max-width: 300px) 100vw, 300px\" \/><\/a><br \/>\nNous poursuivons encore de 8 km et nous commen\u00e7ons \u00e0 nous faufiler entre les reliefs pour entamer notre mont\u00e9e vers le dernier col du chemin.<\/p>\n<p><a href=\"http:\/\/flieg.fr\/wordpress\/wp-content\/uploads\/2012\/06\/P6081268.jpg\"><img loading=\"lazy\" decoding=\"async\" class=\"alignnone size-medium wp-image-1190\" title=\"OLYMPUS DIGITAL CAMERA\" src=\"http:\/\/flieg.fr\/wordpress\/wp-content\/uploads\/2012\/06\/P6081268-300x225.jpg\" alt=\"\" width=\"300\" height=\"225\" srcset=\"https:\/\/www.flieg.fr\/wordpress\/wp-content\/uploads\/2012\/06\/P6081268-300x225.jpg 300w, https:\/\/www.flieg.fr\/wordpress\/wp-content\/uploads\/2012\/06\/P6081268-1024x768.jpg 1024w, https:\/\/www.flieg.fr\/wordpress\/wp-content\/uploads\/2012\/06\/P6081268-624x468.jpg 624w, https:\/\/www.flieg.fr\/wordpress\/wp-content\/uploads\/2012\/06\/P6081268.jpg 2048w\" sizes=\"auto, (max-width: 300px) 100vw, 300px\" \/><\/a><\/p>\n<p>Cinq voies se c\u00f4toient, se superposent, se croisant et se recroisant sans cesse : la rivi\u00e8re du Bierzo, le chemin pi\u00e9tonnier, le chemin \u00e0 v\u00e9lo, la Nationale 6, l&rsquo;autoroute.<\/p>\n<p><a href=\"http:\/\/flieg.fr\/wordpress\/wp-content\/uploads\/2012\/06\/P6071264.jpg\"><img loading=\"lazy\" decoding=\"async\" class=\"alignnone size-medium wp-image-1189\" title=\"OLYMPUS DIGITAL CAMERA\" src=\"http:\/\/flieg.fr\/wordpress\/wp-content\/uploads\/2012\/06\/P6071264-300x225.jpg\" alt=\"\" width=\"300\" height=\"225\" srcset=\"https:\/\/www.flieg.fr\/wordpress\/wp-content\/uploads\/2012\/06\/P6071264-300x225.jpg 300w, https:\/\/www.flieg.fr\/wordpress\/wp-content\/uploads\/2012\/06\/P6071264-1024x768.jpg 1024w, https:\/\/www.flieg.fr\/wordpress\/wp-content\/uploads\/2012\/06\/P6071264-624x468.jpg 624w, https:\/\/www.flieg.fr\/wordpress\/wp-content\/uploads\/2012\/06\/P6071264.jpg 2048w\" sizes=\"auto, (max-width: 300px) 100vw, 300px\" \/><\/a><br \/>\nAu passage d&rsquo;un petit village, nous voyons comment recycler superbement une machine \u00e0 laver.<\/p>\n<p><a href=\"http:\/\/flieg.fr\/wordpress\/wp-content\/uploads\/2012\/06\/P6081275.jpg\"><img loading=\"lazy\" decoding=\"async\" class=\"alignnone size-medium wp-image-1192\" title=\"OLYMPUS DIGITAL CAMERA\" src=\"http:\/\/flieg.fr\/wordpress\/wp-content\/uploads\/2012\/06\/P6081275-225x300.jpg\" alt=\"\" width=\"225\" height=\"300\" srcset=\"https:\/\/www.flieg.fr\/wordpress\/wp-content\/uploads\/2012\/06\/P6081275-225x300.jpg 225w, https:\/\/www.flieg.fr\/wordpress\/wp-content\/uploads\/2012\/06\/P6081275-768x1024.jpg 768w, https:\/\/www.flieg.fr\/wordpress\/wp-content\/uploads\/2012\/06\/P6081275-624x832.jpg 624w, https:\/\/www.flieg.fr\/wordpress\/wp-content\/uploads\/2012\/06\/P6081275.jpg 1536w\" sizes=\"auto, (max-width: 225px) 100vw, 225px\" \/><\/a><\/p>\n<p>Enfin, nous arrivons \u00e0 Trabadelo ou nous passons la nuit.<\/p>\n","protected":false},"excerpt":{"rendered":"<p>Jeudi 7 Juin 2012 Le ciel est lourd ce matin. Le petit ermitage, tout proche, baigne dans la lumi\u00e8re de l&rsquo;aube et se d\u00e9tache sur le fond vert des vignes et des vergers. &nbsp; C&rsquo;est notre premier objectif du jour, car nous pensons y obtenir le tampon quotidien qui nous a fait d\u00e9faut depuis deux [&hellip;]<\/p>\n","protected":false},"author":3,"featured_media":0,"parent":0,"menu_order":0,"comment_status":"open","ping_status":"open","template":"","meta":{"footnotes":""},"class_list":["post-1186","page","type-page","status-publish","hentry"],"_links":{"self":[{"href":"https:\/\/www.flieg.fr\/index.php?rest_route=\/wp\/v2\/pages\/1186","targetHints":{"allow":["GET"]}}],"collection":[{"href":"https:\/\/www.flieg.fr\/index.php?rest_route=\/wp\/v2\/pages"}],"about":[{"href":"https:\/\/www.flieg.fr\/index.php?rest_route=\/wp\/v2\/types\/page"}],"author":[{"embeddable":true,"href":"https:\/\/www.flieg.fr\/index.php?rest_route=\/wp\/v2\/users\/3"}],"replies":[{"embeddable":true,"href":"https:\/\/www.flieg.fr\/index.php?rest_route=%2Fwp%2Fv2%2Fcomments&post=1186"}],"version-history":[{"count":4,"href":"https:\/\/www.flieg.fr\/index.php?rest_route=\/wp\/v2\/pages\/1186\/revisions"}],"predecessor-version":[{"id":2464,"href":"https:\/\/www.flieg.fr\/index.php?rest_route=\/wp\/v2\/pages\/1186\/revisions\/2464"}],"wp:attachment":[{"href":"https:\/\/www.flieg.fr\/index.php?rest_route=%2Fwp%2Fv2%2Fmedia&parent=1186"}],"curies":[{"name":"wp","href":"https:\/\/api.w.org\/{rel}","templated":true}]}}

jour 72 étape 68 : de Fuentes Nuevas à Trabadelo : 25,7 km Jeudi 7 Juin

<p>Jeudi 7 Juin 2012<br />
Le ciel est lourd ce matin. Le petit ermitage, tout proche, baigne dans la lumière de l&rsquo;aube et se détache sur le fond vert des vignes et des vergers.</p>
<p>&nbsp;<a href="http://flieg.fr/wordpress/wp-content/uploads/2012/06/P60712471.jpg"><img loading="lazy" decoding="async" class="alignnone size-medium wp-image-1188" title="OLYMPUS DIGITAL CAMERA" src="http://flieg.fr/wordpress/wp-content/uploads/2012/06/P60712471-300x225.jpg" alt="" width="300" height="225" srcset="https://www.flieg.fr/wordpress/wp-content/uploads/2012/06/P60712471-300x225.jpg 300w, https://www.flieg.fr/wordpress/wp-content/uploads/2012/06/P60712471-1024x768.jpg 1024w, https://www.flieg.fr/wordpress/wp-content/uploads/2012/06/P60712471-624x468.jpg 624w, https://www.flieg.fr/wordpress/wp-content/uploads/2012/06/P60712471.jpg 2048w" sizes="auto, (max-width: 300px) 100vw, 300px" /></a></p>
<p>C&rsquo;est notre premier objectif du jour, car nous pensons y obtenir le tampon quotidien qui nous a fait défaut depuis deux jours. Hélas, porte close une fois de plus. Une église ou une chapelle fermée n&rsquo;est plus qu&rsquo;un local clos, l&rsquo;institution religieuse excluant et jetant à la rue, dans un même élan, en un repli sur soi sidérant, croyants et incroyants. C&rsquo;est comme si on fermait les écoles à clé. Comment pourrait-on instruire?<br />
Sur le fronton de la chapelle suivante, nous lisons  » Le Maître t&rsquo;appelle, il est ici »: le Maître n&rsquo;avait sans doute pas prévu que le curé en déciderait autrement.<br />
Mais à Cacabellos, heureuse surprise : la chapelle Saint Roch est ouverte et nous obtenons le premier tampon depuis 3 jours. Un pèlerin, tout heureux, interprète une cantilène à la trompette.<br />
A Villafranca de Bierzo, il y a trois églises et un office de tourisme fermés.<br />
Nous passons devant l&rsquo;église de Santiago, qui comporte une porte ( ce qui va sans dire), une porte du Pardon, qui permet d&rsquo;obtenir une indulgence et une exemption du reste du voyage si un pèlerin est dans l&rsquo;incapacité de poursuivre. Comme l&rsquo;église est fermée et la porte aussi, nous sommes bien obligés de poursuivre.</p>
<p><a href="http://flieg.fr/wordpress/wp-content/uploads/2012/06/P6071256.jpg"><img loading="lazy" decoding="async" class="alignnone size-medium wp-image-1191" title="OLYMPUS DIGITAL CAMERA" src="http://flieg.fr/wordpress/wp-content/uploads/2012/06/P6071256-300x225.jpg" alt="" width="300" height="225" srcset="https://www.flieg.fr/wordpress/wp-content/uploads/2012/06/P6071256-300x225.jpg 300w, https://www.flieg.fr/wordpress/wp-content/uploads/2012/06/P6071256-1024x768.jpg 1024w, https://www.flieg.fr/wordpress/wp-content/uploads/2012/06/P6071256-624x468.jpg 624w, https://www.flieg.fr/wordpress/wp-content/uploads/2012/06/P6071256.jpg 2048w" sizes="auto, (max-width: 300px) 100vw, 300px" /></a><br />
Nous poursuivons encore de 8 km et nous commençons à nous faufiler entre les reliefs pour entamer notre montée vers le dernier col du chemin.</p>
<p><a href="http://flieg.fr/wordpress/wp-content/uploads/2012/06/P6081268.jpg"><img loading="lazy" decoding="async" class="alignnone size-medium wp-image-1190" title="OLYMPUS DIGITAL CAMERA" src="http://flieg.fr/wordpress/wp-content/uploads/2012/06/P6081268-300x225.jpg" alt="" width="300" height="225" srcset="https://www.flieg.fr/wordpress/wp-content/uploads/2012/06/P6081268-300x225.jpg 300w, https://www.flieg.fr/wordpress/wp-content/uploads/2012/06/P6081268-1024x768.jpg 1024w, https://www.flieg.fr/wordpress/wp-content/uploads/2012/06/P6081268-624x468.jpg 624w, https://www.flieg.fr/wordpress/wp-content/uploads/2012/06/P6081268.jpg 2048w" sizes="auto, (max-width: 300px) 100vw, 300px" /></a></p>
<p>Cinq voies se côtoient, se superposent, se croisant et se recroisant sans cesse : la rivière du Bierzo, le chemin piétonnier, le chemin à vélo, la Nationale 6, l&rsquo;autoroute.</p>
<p><a href="http://flieg.fr/wordpress/wp-content/uploads/2012/06/P6071264.jpg"><img loading="lazy" decoding="async" class="alignnone size-medium wp-image-1189" title="OLYMPUS DIGITAL CAMERA" src="http://flieg.fr/wordpress/wp-content/uploads/2012/06/P6071264-300x225.jpg" alt="" width="300" height="225" srcset="https://www.flieg.fr/wordpress/wp-content/uploads/2012/06/P6071264-300x225.jpg 300w, https://www.flieg.fr/wordpress/wp-content/uploads/2012/06/P6071264-1024x768.jpg 1024w, https://www.flieg.fr/wordpress/wp-content/uploads/2012/06/P6071264-624x468.jpg 624w, https://www.flieg.fr/wordpress/wp-content/uploads/2012/06/P6071264.jpg 2048w" sizes="auto, (max-width: 300px) 100vw, 300px" /></a><br />
Au passage d&rsquo;un petit village, nous voyons comment recycler superbement une machine à laver.</p>
<p><a href="http://flieg.fr/wordpress/wp-content/uploads/2012/06/P6081275.jpg"><img loading="lazy" decoding="async" class="alignnone size-medium wp-image-1192" title="OLYMPUS DIGITAL CAMERA" src="http://flieg.fr/wordpress/wp-content/uploads/2012/06/P6081275-225x300.jpg" alt="" width="225" height="300" srcset="https://www.flieg.fr/wordpress/wp-content/uploads/2012/06/P6081275-225x300.jpg 225w, https://www.flieg.fr/wordpress/wp-content/uploads/2012/06/P6081275-768x1024.jpg 768w, https://www.flieg.fr/wordpress/wp-content/uploads/2012/06/P6081275-624x832.jpg 624w, https://www.flieg.fr/wordpress/wp-content/uploads/2012/06/P6081275.jpg 1536w" sizes="auto, (max-width: 225px) 100vw, 225px" /></a></p>
<p>Enfin, nous arrivons à Trabadelo ou nous passons la nuit.</p>

<p>Jeudi 7 Juin 2012 Le ciel est lourd ce matin. Le petit ermitage, tout proche, baigne dans la lumière de l&rsquo;aube et se détache sur le fond vert des vignes et des vergers. &nbsp; C&rsquo;est notre premier objectif du jour, car nous pensons y obtenir le tampon quotidien qui nous a fait défaut depuis deux [&hellip;]</p>
