{"id":1138,"date":"2012-06-04T19:33:14","date_gmt":"2012-06-04T18:33:14","guid":{"rendered":"http:\/\/flieg.fr\/?page_id=1138"},"modified":"2023-03-21T11:21:21","modified_gmt":"2023-03-21T10:21:21","slug":"jour-69-etape-65-dastorga-a-rabanal-del-camino-j215-km-lundi-4-juin","status":"publish","type":"page","link":"https:\/\/www.flieg.fr\/?page_id=1138","title":{"rendered":"jour 69 \u00e9tape 65 : d&rsquo;Astorga \u00e0 Rabanal del Camino : 21,5 km Lundi 4 Juin"},"content":{"rendered":"<p>Lundi 4 Juin 2012<\/p>\n<p>Michelle a b\u00e9n\u00e9fici\u00e9 il y a trois jours de morsures de sales petites bestioles et nous nous inqui\u00e9tons de l&rsquo;\u00e9volution des choses, surtout pour son pied gauche. Astorga est une grande ville qui offre les services d&rsquo;un grand centre de sant\u00e9. Nous sommes pris en charge instantan\u00e9ment et sommes re\u00e7us par un m\u00e9decin en moins de 10mn. Il modifie et compl\u00e8te le traitement m\u00e9dical que nous avions mis en oeuvre, nous rassure quant \u00e0 la gu\u00e9rison \u00e0 venir et \u00e0 la compatibilit\u00e9 avec la marche. Cette consultation rapide prise en charge par notre carte europ\u00e9enne de s\u00e9cu nous permet m\u00eame de visiter la cath\u00e9drale enfin ouverte et d&rsquo;obtenir le tampon du jour sur notre cr\u00e9anciale.<\/p>\n<p><a href=\"http:\/\/flieg.fr\/wordpress\/wp-content\/uploads\/2012\/06\/P6031162.jpg\"><img loading=\"lazy\" decoding=\"async\" class=\"alignnone size-medium wp-image-1140\" title=\"OLYMPUS DIGITAL CAMERA\" src=\"http:\/\/flieg.fr\/wordpress\/wp-content\/uploads\/2012\/06\/P6031162-300x225.jpg\" alt=\"\" width=\"300\" height=\"225\" srcset=\"https:\/\/www.flieg.fr\/wordpress\/wp-content\/uploads\/2012\/06\/P6031162-300x225.jpg 300w, https:\/\/www.flieg.fr\/wordpress\/wp-content\/uploads\/2012\/06\/P6031162-1024x768.jpg 1024w, https:\/\/www.flieg.fr\/wordpress\/wp-content\/uploads\/2012\/06\/P6031162-624x468.jpg 624w, https:\/\/www.flieg.fr\/wordpress\/wp-content\/uploads\/2012\/06\/P6031162.jpg 2048w\" sizes=\"auto, (max-width: 300px) 100vw, 300px\" \/><\/a><\/p>\n<p>Puis, nous prenons un taxi pour nous avancer de 10km et soulager le pied de Michelle. A partir d&rsquo;Astorga, finies les mornes plaines. Le chemin monte en pente douce. Nous avons un d\u00e9nivel\u00e9 positif de 300m \u00e0 faire aujourd&rsquo;hui pour nous hisser \u00e0 1160m.<\/p>\n<p>A partir de Santa Catalina de Somoza les cultures deviennent de plus en plus rares et nous trouvons, \u00e7a et l\u00e0, de beaux parterres de gen\u00eats et de lavande.<\/p>\n<p><a href=\"http:\/\/flieg.fr\/wordpress\/wp-content\/uploads\/2012\/06\/P6041169.jpg\"><img loading=\"lazy\" decoding=\"async\" class=\"alignnone size-medium wp-image-1142\" title=\"OLYMPUS DIGITAL CAMERA\" src=\"http:\/\/flieg.fr\/wordpress\/wp-content\/uploads\/2012\/06\/P6041169-300x225.jpg\" alt=\"\" width=\"300\" height=\"225\" srcset=\"https:\/\/www.flieg.fr\/wordpress\/wp-content\/uploads\/2012\/06\/P6041169-300x225.jpg 300w, https:\/\/www.flieg.fr\/wordpress\/wp-content\/uploads\/2012\/06\/P6041169-1024x768.jpg 1024w, https:\/\/www.flieg.fr\/wordpress\/wp-content\/uploads\/2012\/06\/P6041169-624x468.jpg 624w, https:\/\/www.flieg.fr\/wordpress\/wp-content\/uploads\/2012\/06\/P6041169.jpg 2048w\" sizes=\"auto, (max-width: 300px) 100vw, 300px\" \/><\/a><\/p>\n<p>A El Ganso nous trouvons une cigogne bien ancr\u00e9e \u00e0 l&rsquo;extr\u00eame gauche. Mais vue de l&rsquo;autre cot\u00e9, on s&rsquo;aper\u00e7oit qu&rsquo;elle semble mener une politique de droite. 0n n&rsquo;a rien invent\u00e9.<\/p>\n<p>&nbsp;<\/p>\n<p><a href=\"http:\/\/flieg.fr\/wordpress\/wp-content\/uploads\/2012\/06\/P6041172.jpg\"><img loading=\"lazy\" decoding=\"async\" class=\"alignnone size-medium wp-image-1143\" title=\"OLYMPUS DIGITAL CAMERA\" src=\"http:\/\/flieg.fr\/wordpress\/wp-content\/uploads\/2012\/06\/P6041172-300x225.jpg\" alt=\"\" width=\"300\" height=\"225\" srcset=\"https:\/\/www.flieg.fr\/wordpress\/wp-content\/uploads\/2012\/06\/P6041172-300x225.jpg 300w, https:\/\/www.flieg.fr\/wordpress\/wp-content\/uploads\/2012\/06\/P6041172-1024x768.jpg 1024w, https:\/\/www.flieg.fr\/wordpress\/wp-content\/uploads\/2012\/06\/P6041172-624x468.jpg 624w, https:\/\/www.flieg.fr\/wordpress\/wp-content\/uploads\/2012\/06\/P6041172.jpg 2048w\" sizes=\"auto, (max-width: 300px) 100vw, 300px\" \/><\/a><a href=\"http:\/\/flieg.fr\/wordpress\/wp-content\/uploads\/2012\/06\/P6041174.jpg\"><img loading=\"lazy\" decoding=\"async\" class=\"alignnone size-medium wp-image-1144\" title=\"OLYMPUS DIGITAL CAMERA\" src=\"http:\/\/flieg.fr\/wordpress\/wp-content\/uploads\/2012\/06\/P6041174-225x300.jpg\" alt=\"\" width=\"225\" height=\"300\" srcset=\"https:\/\/www.flieg.fr\/wordpress\/wp-content\/uploads\/2012\/06\/P6041174-225x300.jpg 225w, https:\/\/www.flieg.fr\/wordpress\/wp-content\/uploads\/2012\/06\/P6041174-768x1024.jpg 768w, https:\/\/www.flieg.fr\/wordpress\/wp-content\/uploads\/2012\/06\/P6041174-624x832.jpg 624w, https:\/\/www.flieg.fr\/wordpress\/wp-content\/uploads\/2012\/06\/P6041174.jpg 1536w\" sizes=\"auto, (max-width: 225px) 100vw, 225px\" \/><\/a><\/p>\n<p>La barri\u00e8re montagneuse se rapproche et nous laissons sur notre gauche les sommets encore un peu enneig\u00e9s.<\/p>\n<p><a href=\"http:\/\/flieg.fr\/wordpress\/wp-content\/uploads\/2012\/06\/P6041170.jpg\"><img loading=\"lazy\" decoding=\"async\" class=\"alignnone size-medium wp-image-1149\" title=\"OLYMPUS DIGITAL CAMERA\" src=\"http:\/\/flieg.fr\/wordpress\/wp-content\/uploads\/2012\/06\/P6041170-300x225.jpg\" alt=\"\" width=\"300\" height=\"225\" srcset=\"https:\/\/www.flieg.fr\/wordpress\/wp-content\/uploads\/2012\/06\/P6041170-300x225.jpg 300w, https:\/\/www.flieg.fr\/wordpress\/wp-content\/uploads\/2012\/06\/P6041170-1024x768.jpg 1024w, https:\/\/www.flieg.fr\/wordpress\/wp-content\/uploads\/2012\/06\/P6041170-624x468.jpg 624w, https:\/\/www.flieg.fr\/wordpress\/wp-content\/uploads\/2012\/06\/P6041170.jpg 2048w\" sizes=\"auto, (max-width: 300px) 100vw, 300px\" \/><\/a><\/p>\n<p>Il fait chaud depuis midi, mais 23 degr\u00e9s avec une bise l\u00e9g\u00e8re, c&rsquo;est tr\u00e8s supportable.<\/p>\n<p>Finalement nous apercevons au loin le charmant petit village \u00e9tape de Rabanal del Camino.<\/p>\n<p><a href=\"http:\/\/flieg.fr\/wordpress\/wp-content\/uploads\/2012\/06\/P6041175.jpg\"><img loading=\"lazy\" decoding=\"async\" class=\"alignnone size-medium wp-image-1145\" title=\"OLYMPUS DIGITAL CAMERA\" src=\"http:\/\/flieg.fr\/wordpress\/wp-content\/uploads\/2012\/06\/P6041175-300x225.jpg\" alt=\"\" width=\"300\" height=\"225\" srcset=\"https:\/\/www.flieg.fr\/wordpress\/wp-content\/uploads\/2012\/06\/P6041175-300x225.jpg 300w, https:\/\/www.flieg.fr\/wordpress\/wp-content\/uploads\/2012\/06\/P6041175-1024x768.jpg 1024w, https:\/\/www.flieg.fr\/wordpress\/wp-content\/uploads\/2012\/06\/P6041175-624x468.jpg 624w, https:\/\/www.flieg.fr\/wordpress\/wp-content\/uploads\/2012\/06\/P6041175.jpg 2048w\" sizes=\"auto, (max-width: 300px) 100vw, 300px\" \/><\/a><\/p>\n<p>&nbsp;Encore trois quarts d&rsquo;heure et nous y entrons par une belle route pav\u00e9e que remontent aussi des tandems.<\/p>\n<p><a href=\"http:\/\/flieg.fr\/wordpress\/wp-content\/uploads\/2012\/06\/P6041178.jpg\"><img loading=\"lazy\" decoding=\"async\" class=\"alignnone size-medium wp-image-1146\" title=\"OLYMPUS DIGITAL CAMERA\" src=\"http:\/\/flieg.fr\/wordpress\/wp-content\/uploads\/2012\/06\/P6041178-225x300.jpg\" alt=\"\" width=\"225\" height=\"300\" srcset=\"https:\/\/www.flieg.fr\/wordpress\/wp-content\/uploads\/2012\/06\/P6041178-225x300.jpg 225w, https:\/\/www.flieg.fr\/wordpress\/wp-content\/uploads\/2012\/06\/P6041178-768x1024.jpg 768w, https:\/\/www.flieg.fr\/wordpress\/wp-content\/uploads\/2012\/06\/P6041178-624x832.jpg 624w, https:\/\/www.flieg.fr\/wordpress\/wp-content\/uploads\/2012\/06\/P6041178.jpg 1536w\" sizes=\"auto, (max-width: 225px) 100vw, 225px\" \/><\/a><\/p>\n<p>La posada&nbsp;de Gaspar sera notre \u00e9tape du soir. La chambre est super et proprette, on va bien se reposer.<\/p>\n<p><a href=\"http:\/\/flieg.fr\/wordpress\/wp-content\/uploads\/2012\/06\/P6041181.jpg\"><img loading=\"lazy\" decoding=\"async\" class=\"alignnone size-medium wp-image-1147\" title=\"OLYMPUS DIGITAL CAMERA\" src=\"http:\/\/flieg.fr\/wordpress\/wp-content\/uploads\/2012\/06\/P6041181-225x300.jpg\" alt=\"\" width=\"225\" height=\"300\" srcset=\"https:\/\/www.flieg.fr\/wordpress\/wp-content\/uploads\/2012\/06\/P6041181-225x300.jpg 225w, https:\/\/www.flieg.fr\/wordpress\/wp-content\/uploads\/2012\/06\/P6041181-768x1024.jpg 768w, https:\/\/www.flieg.fr\/wordpress\/wp-content\/uploads\/2012\/06\/P6041181-624x832.jpg 624w, https:\/\/www.flieg.fr\/wordpress\/wp-content\/uploads\/2012\/06\/P6041181.jpg 1536w\" sizes=\"auto, (max-width: 225px) 100vw, 225px\" \/><\/a><a href=\"http:\/\/flieg.fr\/wordpress\/wp-content\/uploads\/2012\/06\/P6041180.jpg\"><img loading=\"lazy\" decoding=\"async\" class=\"alignnone size-medium wp-image-1148\" title=\"OLYMPUS DIGITAL CAMERA\" src=\"http:\/\/flieg.fr\/wordpress\/wp-content\/uploads\/2012\/06\/P6041180-225x300.jpg\" alt=\"\" width=\"225\" height=\"300\" srcset=\"https:\/\/www.flieg.fr\/wordpress\/wp-content\/uploads\/2012\/06\/P6041180-225x300.jpg 225w, https:\/\/www.flieg.fr\/wordpress\/wp-content\/uploads\/2012\/06\/P6041180-768x1024.jpg 768w, https:\/\/www.flieg.fr\/wordpress\/wp-content\/uploads\/2012\/06\/P6041180-624x832.jpg 624w, https:\/\/www.flieg.fr\/wordpress\/wp-content\/uploads\/2012\/06\/P6041180.jpg 1536w\" sizes=\"auto, (max-width: 225px) 100vw, 225px\" \/><\/a><\/p>\n","protected":false},"excerpt":{"rendered":"<p>Lundi 4 Juin 2012 Michelle a b\u00e9n\u00e9fici\u00e9 il y a trois jours de morsures de sales petites bestioles et nous nous inqui\u00e9tons de l&rsquo;\u00e9volution des choses, surtout pour son pied gauche. Astorga est une grande ville qui offre les services d&rsquo;un grand centre de sant\u00e9. Nous sommes pris en charge instantan\u00e9ment et sommes re\u00e7us par [&hellip;]<\/p>\n","protected":false},"author":3,"featured_media":0,"parent":0,"menu_order":0,"comment_status":"open","ping_status":"open","template":"","meta":{"footnotes":""},"class_list":["post-1138","page","type-page","status-publish","hentry"],"_links":{"self":[{"href":"https:\/\/www.flieg.fr\/index.php?rest_route=\/wp\/v2\/pages\/1138","targetHints":{"allow":["GET"]}}],"collection":[{"href":"https:\/\/www.flieg.fr\/index.php?rest_route=\/wp\/v2\/pages"}],"about":[{"href":"https:\/\/www.flieg.fr\/index.php?rest_route=\/wp\/v2\/types\/page"}],"author":[{"embeddable":true,"href":"https:\/\/www.flieg.fr\/index.php?rest_route=\/wp\/v2\/users\/3"}],"replies":[{"embeddable":true,"href":"https:\/\/www.flieg.fr\/index.php?rest_route=%2Fwp%2Fv2%2Fcomments&post=1138"}],"version-history":[{"count":4,"href":"https:\/\/www.flieg.fr\/index.php?rest_route=\/wp\/v2\/pages\/1138\/revisions"}],"predecessor-version":[{"id":2460,"href":"https:\/\/www.flieg.fr\/index.php?rest_route=\/wp\/v2\/pages\/1138\/revisions\/2460"}],"wp:attachment":[{"href":"https:\/\/www.flieg.fr\/index.php?rest_route=%2Fwp%2Fv2%2Fmedia&parent=1138"}],"curies":[{"name":"wp","href":"https:\/\/api.w.org\/{rel}","templated":true}]}}

jour 69 étape 65 : d&rsquo;Astorga à Rabanal del Camino : 21,5 km Lundi 4 Juin

<p>Lundi 4 Juin 2012</p>
<p>Michelle a bénéficié il y a trois jours de morsures de sales petites bestioles et nous nous inquiétons de l&rsquo;évolution des choses, surtout pour son pied gauche. Astorga est une grande ville qui offre les services d&rsquo;un grand centre de santé. Nous sommes pris en charge instantanément et sommes reçus par un médecin en moins de 10mn. Il modifie et complète le traitement médical que nous avions mis en oeuvre, nous rassure quant à la guérison à venir et à la compatibilité avec la marche. Cette consultation rapide prise en charge par notre carte européenne de sécu nous permet même de visiter la cathédrale enfin ouverte et d&rsquo;obtenir le tampon du jour sur notre créanciale.</p>
<p><a href="http://flieg.fr/wordpress/wp-content/uploads/2012/06/P6031162.jpg"><img loading="lazy" decoding="async" class="alignnone size-medium wp-image-1140" title="OLYMPUS DIGITAL CAMERA" src="http://flieg.fr/wordpress/wp-content/uploads/2012/06/P6031162-300x225.jpg" alt="" width="300" height="225" srcset="https://www.flieg.fr/wordpress/wp-content/uploads/2012/06/P6031162-300x225.jpg 300w, https://www.flieg.fr/wordpress/wp-content/uploads/2012/06/P6031162-1024x768.jpg 1024w, https://www.flieg.fr/wordpress/wp-content/uploads/2012/06/P6031162-624x468.jpg 624w, https://www.flieg.fr/wordpress/wp-content/uploads/2012/06/P6031162.jpg 2048w" sizes="auto, (max-width: 300px) 100vw, 300px" /></a></p>
<p>Puis, nous prenons un taxi pour nous avancer de 10km et soulager le pied de Michelle. A partir d&rsquo;Astorga, finies les mornes plaines. Le chemin monte en pente douce. Nous avons un dénivelé positif de 300m à faire aujourd&rsquo;hui pour nous hisser à 1160m.</p>
<p>A partir de Santa Catalina de Somoza les cultures deviennent de plus en plus rares et nous trouvons, ça et là, de beaux parterres de genêts et de lavande.</p>
<p><a href="http://flieg.fr/wordpress/wp-content/uploads/2012/06/P6041169.jpg"><img loading="lazy" decoding="async" class="alignnone size-medium wp-image-1142" title="OLYMPUS DIGITAL CAMERA" src="http://flieg.fr/wordpress/wp-content/uploads/2012/06/P6041169-300x225.jpg" alt="" width="300" height="225" srcset="https://www.flieg.fr/wordpress/wp-content/uploads/2012/06/P6041169-300x225.jpg 300w, https://www.flieg.fr/wordpress/wp-content/uploads/2012/06/P6041169-1024x768.jpg 1024w, https://www.flieg.fr/wordpress/wp-content/uploads/2012/06/P6041169-624x468.jpg 624w, https://www.flieg.fr/wordpress/wp-content/uploads/2012/06/P6041169.jpg 2048w" sizes="auto, (max-width: 300px) 100vw, 300px" /></a></p>
<p>A El Ganso nous trouvons une cigogne bien ancrée à l&rsquo;extrême gauche. Mais vue de l&rsquo;autre coté, on s&rsquo;aperçoit qu&rsquo;elle semble mener une politique de droite. 0n n&rsquo;a rien inventé.</p>
<p>&nbsp;</p>
<p><a href="http://flieg.fr/wordpress/wp-content/uploads/2012/06/P6041172.jpg"><img loading="lazy" decoding="async" class="alignnone size-medium wp-image-1143" title="OLYMPUS DIGITAL CAMERA" src="http://flieg.fr/wordpress/wp-content/uploads/2012/06/P6041172-300x225.jpg" alt="" width="300" height="225" srcset="https://www.flieg.fr/wordpress/wp-content/uploads/2012/06/P6041172-300x225.jpg 300w, https://www.flieg.fr/wordpress/wp-content/uploads/2012/06/P6041172-1024x768.jpg 1024w, https://www.flieg.fr/wordpress/wp-content/uploads/2012/06/P6041172-624x468.jpg 624w, https://www.flieg.fr/wordpress/wp-content/uploads/2012/06/P6041172.jpg 2048w" sizes="auto, (max-width: 300px) 100vw, 300px" /></a><a href="http://flieg.fr/wordpress/wp-content/uploads/2012/06/P6041174.jpg"><img loading="lazy" decoding="async" class="alignnone size-medium wp-image-1144" title="OLYMPUS DIGITAL CAMERA" src="http://flieg.fr/wordpress/wp-content/uploads/2012/06/P6041174-225x300.jpg" alt="" width="225" height="300" srcset="https://www.flieg.fr/wordpress/wp-content/uploads/2012/06/P6041174-225x300.jpg 225w, https://www.flieg.fr/wordpress/wp-content/uploads/2012/06/P6041174-768x1024.jpg 768w, https://www.flieg.fr/wordpress/wp-content/uploads/2012/06/P6041174-624x832.jpg 624w, https://www.flieg.fr/wordpress/wp-content/uploads/2012/06/P6041174.jpg 1536w" sizes="auto, (max-width: 225px) 100vw, 225px" /></a></p>
<p>La barrière montagneuse se rapproche et nous laissons sur notre gauche les sommets encore un peu enneigés.</p>
<p><a href="http://flieg.fr/wordpress/wp-content/uploads/2012/06/P6041170.jpg"><img loading="lazy" decoding="async" class="alignnone size-medium wp-image-1149" title="OLYMPUS DIGITAL CAMERA" src="http://flieg.fr/wordpress/wp-content/uploads/2012/06/P6041170-300x225.jpg" alt="" width="300" height="225" srcset="https://www.flieg.fr/wordpress/wp-content/uploads/2012/06/P6041170-300x225.jpg 300w, https://www.flieg.fr/wordpress/wp-content/uploads/2012/06/P6041170-1024x768.jpg 1024w, https://www.flieg.fr/wordpress/wp-content/uploads/2012/06/P6041170-624x468.jpg 624w, https://www.flieg.fr/wordpress/wp-content/uploads/2012/06/P6041170.jpg 2048w" sizes="auto, (max-width: 300px) 100vw, 300px" /></a></p>
<p>Il fait chaud depuis midi, mais 23 degrés avec une bise légère, c&rsquo;est très supportable.</p>
<p>Finalement nous apercevons au loin le charmant petit village étape de Rabanal del Camino.</p>
<p><a href="http://flieg.fr/wordpress/wp-content/uploads/2012/06/P6041175.jpg"><img loading="lazy" decoding="async" class="alignnone size-medium wp-image-1145" title="OLYMPUS DIGITAL CAMERA" src="http://flieg.fr/wordpress/wp-content/uploads/2012/06/P6041175-300x225.jpg" alt="" width="300" height="225" srcset="https://www.flieg.fr/wordpress/wp-content/uploads/2012/06/P6041175-300x225.jpg 300w, https://www.flieg.fr/wordpress/wp-content/uploads/2012/06/P6041175-1024x768.jpg 1024w, https://www.flieg.fr/wordpress/wp-content/uploads/2012/06/P6041175-624x468.jpg 624w, https://www.flieg.fr/wordpress/wp-content/uploads/2012/06/P6041175.jpg 2048w" sizes="auto, (max-width: 300px) 100vw, 300px" /></a></p>
<p>&nbsp;Encore trois quarts d&rsquo;heure et nous y entrons par une belle route pavée que remontent aussi des tandems.</p>
<p><a href="http://flieg.fr/wordpress/wp-content/uploads/2012/06/P6041178.jpg"><img loading="lazy" decoding="async" class="alignnone size-medium wp-image-1146" title="OLYMPUS DIGITAL CAMERA" src="http://flieg.fr/wordpress/wp-content/uploads/2012/06/P6041178-225x300.jpg" alt="" width="225" height="300" srcset="https://www.flieg.fr/wordpress/wp-content/uploads/2012/06/P6041178-225x300.jpg 225w, https://www.flieg.fr/wordpress/wp-content/uploads/2012/06/P6041178-768x1024.jpg 768w, https://www.flieg.fr/wordpress/wp-content/uploads/2012/06/P6041178-624x832.jpg 624w, https://www.flieg.fr/wordpress/wp-content/uploads/2012/06/P6041178.jpg 1536w" sizes="auto, (max-width: 225px) 100vw, 225px" /></a></p>
<p>La posada&nbsp;de Gaspar sera notre étape du soir. La chambre est super et proprette, on va bien se reposer.</p>
<p><a href="http://flieg.fr/wordpress/wp-content/uploads/2012/06/P6041181.jpg"><img loading="lazy" decoding="async" class="alignnone size-medium wp-image-1147" title="OLYMPUS DIGITAL CAMERA" src="http://flieg.fr/wordpress/wp-content/uploads/2012/06/P6041181-225x300.jpg" alt="" width="225" height="300" srcset="https://www.flieg.fr/wordpress/wp-content/uploads/2012/06/P6041181-225x300.jpg 225w, https://www.flieg.fr/wordpress/wp-content/uploads/2012/06/P6041181-768x1024.jpg 768w, https://www.flieg.fr/wordpress/wp-content/uploads/2012/06/P6041181-624x832.jpg 624w, https://www.flieg.fr/wordpress/wp-content/uploads/2012/06/P6041181.jpg 1536w" sizes="auto, (max-width: 225px) 100vw, 225px" /></a><a href="http://flieg.fr/wordpress/wp-content/uploads/2012/06/P6041180.jpg"><img loading="lazy" decoding="async" class="alignnone size-medium wp-image-1148" title="OLYMPUS DIGITAL CAMERA" src="http://flieg.fr/wordpress/wp-content/uploads/2012/06/P6041180-225x300.jpg" alt="" width="225" height="300" srcset="https://www.flieg.fr/wordpress/wp-content/uploads/2012/06/P6041180-225x300.jpg 225w, https://www.flieg.fr/wordpress/wp-content/uploads/2012/06/P6041180-768x1024.jpg 768w, https://www.flieg.fr/wordpress/wp-content/uploads/2012/06/P6041180-624x832.jpg 624w, https://www.flieg.fr/wordpress/wp-content/uploads/2012/06/P6041180.jpg 1536w" sizes="auto, (max-width: 225px) 100vw, 225px" /></a></p>

<p>Lundi 4 Juin 2012 Michelle a bénéficié il y a trois jours de morsures de sales petites bestioles et nous nous inquiétons de l&rsquo;évolution des choses, surtout pour son pied gauche. Astorga est une grande ville qui offre les services d&rsquo;un grand centre de santé. Nous sommes pris en charge instantanément et sommes reçus par [&hellip;]</p>
