{"id":1098,"date":"2012-06-03T17:33:36","date_gmt":"2012-06-03T16:33:36","guid":{"rendered":"http:\/\/flieg.fr\/?page_id=1098"},"modified":"2023-03-21T11:20:43","modified_gmt":"2023-03-21T10:20:43","slug":"jour-68-etape-64-de-hospital-del-orbigo-a-astorga-169-km-dimanche-3-juin","status":"publish","type":"page","link":"https:\/\/www.flieg.fr\/?page_id=1098","title":{"rendered":"jour 68 \u00e9tape 64 : de Hospital del Orbigo \u00e0 Astorga : 16,9 km Dimanche 3 juin"},"content":{"rendered":"<p>Dimanche 3 Juin 2012 : les photos depuis le jour 65 sont arriv\u00e9es<br \/>\nCe matin : super m\u00e9t\u00e9o : frais et soleil.<br \/>\nD\u00e8s la sortie de Hospital del Orbigo, la montagne s&rsquo;annonce au bout du chemin.<\/p>\n<p><a href=\"http:\/\/flieg.fr\/wordpress\/wp-content\/uploads\/2012\/06\/P6031133.jpg\"><img loading=\"lazy\" decoding=\"async\" class=\"alignnone size-medium wp-image-1102\" title=\"OLYMPUS DIGITAL CAMERA\" src=\"http:\/\/flieg.fr\/wordpress\/wp-content\/uploads\/2012\/06\/P6031133-300x225.jpg\" alt=\"\" width=\"300\" height=\"225\" srcset=\"https:\/\/www.flieg.fr\/wordpress\/wp-content\/uploads\/2012\/06\/P6031133-300x225.jpg 300w, https:\/\/www.flieg.fr\/wordpress\/wp-content\/uploads\/2012\/06\/P6031133-1024x768.jpg 1024w, https:\/\/www.flieg.fr\/wordpress\/wp-content\/uploads\/2012\/06\/P6031133-624x468.jpg 624w, https:\/\/www.flieg.fr\/wordpress\/wp-content\/uploads\/2012\/06\/P6031133.jpg 2048w\" sizes=\"auto, (max-width: 300px) 100vw, 300px\" \/><\/a><\/p>\n<p>On est content de voir enfin du relief. Nous photographions le dernier caniveau d&rsquo;irrigation de la province de Castille et Le\u00f3n et en m\u00eame temps, nous voyons appara\u00eetre de nouvelles cultures, comme le houblon.<\/p>\n<p><a href=\"http:\/\/flieg.fr\/wordpress\/wp-content\/uploads\/2012\/06\/P6031134.jpg\"><img loading=\"lazy\" decoding=\"async\" class=\"alignnone size-medium wp-image-1103\" title=\"OLYMPUS DIGITAL CAMERA\" src=\"http:\/\/flieg.fr\/wordpress\/wp-content\/uploads\/2012\/06\/P6031134-300x225.jpg\" alt=\"\" width=\"300\" height=\"225\" srcset=\"https:\/\/www.flieg.fr\/wordpress\/wp-content\/uploads\/2012\/06\/P6031134-300x225.jpg 300w, https:\/\/www.flieg.fr\/wordpress\/wp-content\/uploads\/2012\/06\/P6031134-1024x768.jpg 1024w, https:\/\/www.flieg.fr\/wordpress\/wp-content\/uploads\/2012\/06\/P6031134-624x468.jpg 624w, https:\/\/www.flieg.fr\/wordpress\/wp-content\/uploads\/2012\/06\/P6031134.jpg 2048w\" sizes=\"auto, (max-width: 300px) 100vw, 300px\" \/><\/a><\/p>\n<p>Un peu plus loin dans le village de Vilares del Orbigo, nous trouvons, de notre vivant, un monument \u00e0 notre honneur. Il est tout simplement d\u00e9di\u00e9 aux p\u00e8lerins de Saint Jacques de Compostelle. Nous en revendiquons un millim\u00e8tre cube pour nous deux!<\/p>\n<p><a href=\"http:\/\/flieg.fr\/wordpress\/wp-content\/uploads\/2012\/06\/P6031136.jpg\"><img loading=\"lazy\" decoding=\"async\" class=\"alignnone size-medium wp-image-1104\" title=\"OLYMPUS DIGITAL CAMERA\" src=\"http:\/\/flieg.fr\/wordpress\/wp-content\/uploads\/2012\/06\/P6031136-300x225.jpg\" alt=\"\" width=\"300\" height=\"225\" srcset=\"https:\/\/www.flieg.fr\/wordpress\/wp-content\/uploads\/2012\/06\/P6031136-300x225.jpg 300w, https:\/\/www.flieg.fr\/wordpress\/wp-content\/uploads\/2012\/06\/P6031136-1024x768.jpg 1024w, https:\/\/www.flieg.fr\/wordpress\/wp-content\/uploads\/2012\/06\/P6031136-624x468.jpg 624w, https:\/\/www.flieg.fr\/wordpress\/wp-content\/uploads\/2012\/06\/P6031136.jpg 2048w\" sizes=\"auto, (max-width: 300px) 100vw, 300px\" \/><\/a><br \/>\nLe chemin serpente maintenant par monts et par vaux. 0n voit des meules de paille sur une cr\u00eate et des \u00e9oliennes au loin.<\/p>\n<p><a href=\"http:\/\/flieg.fr\/wordpress\/wp-content\/uploads\/2012\/06\/P6031138.jpg\"><img loading=\"lazy\" decoding=\"async\" class=\"alignnone size-medium wp-image-1105\" title=\"OLYMPUS DIGITAL CAMERA\" src=\"http:\/\/flieg.fr\/wordpress\/wp-content\/uploads\/2012\/06\/P6031138-300x225.jpg\" alt=\"\" width=\"300\" height=\"225\" srcset=\"https:\/\/www.flieg.fr\/wordpress\/wp-content\/uploads\/2012\/06\/P6031138-300x225.jpg 300w, https:\/\/www.flieg.fr\/wordpress\/wp-content\/uploads\/2012\/06\/P6031138-1024x768.jpg 1024w, https:\/\/www.flieg.fr\/wordpress\/wp-content\/uploads\/2012\/06\/P6031138-624x468.jpg 624w, https:\/\/www.flieg.fr\/wordpress\/wp-content\/uploads\/2012\/06\/P6031138.jpg 2048w\" sizes=\"auto, (max-width: 300px) 100vw, 300px\" \/><\/a><a href=\"http:\/\/flieg.fr\/wordpress\/wp-content\/uploads\/2012\/06\/P6031139.jpg\"><img loading=\"lazy\" decoding=\"async\" class=\"alignnone size-medium wp-image-1107\" title=\"OLYMPUS DIGITAL CAMERA\" src=\"http:\/\/flieg.fr\/wordpress\/wp-content\/uploads\/2012\/06\/P6031139-300x225.jpg\" alt=\"\" width=\"300\" height=\"225\" srcset=\"https:\/\/www.flieg.fr\/wordpress\/wp-content\/uploads\/2012\/06\/P6031139-300x225.jpg 300w, https:\/\/www.flieg.fr\/wordpress\/wp-content\/uploads\/2012\/06\/P6031139-1024x768.jpg 1024w, https:\/\/www.flieg.fr\/wordpress\/wp-content\/uploads\/2012\/06\/P6031139-624x468.jpg 624w, https:\/\/www.flieg.fr\/wordpress\/wp-content\/uploads\/2012\/06\/P6031139.jpg 2048w\" sizes=\"auto, (max-width: 300px) 100vw, 300px\" \/><\/a><\/p>\n<p>Au fond du val suivant, nous d\u00e9couvrons Astorga encore \u00e0 plus de 5km. On distingue ais\u00e9ment sa cath\u00e9drale.<\/p>\n<p><a href=\"http:\/\/flieg.fr\/wordpress\/wp-content\/uploads\/2012\/06\/P6031144.jpg\"><img loading=\"lazy\" decoding=\"async\" class=\"alignnone size-medium wp-image-1108\" title=\"OLYMPUS DIGITAL CAMERA\" src=\"http:\/\/flieg.fr\/wordpress\/wp-content\/uploads\/2012\/06\/P6031144-300x225.jpg\" alt=\"\" width=\"300\" height=\"225\" srcset=\"https:\/\/www.flieg.fr\/wordpress\/wp-content\/uploads\/2012\/06\/P6031144-300x225.jpg 300w, https:\/\/www.flieg.fr\/wordpress\/wp-content\/uploads\/2012\/06\/P6031144-1024x768.jpg 1024w, https:\/\/www.flieg.fr\/wordpress\/wp-content\/uploads\/2012\/06\/P6031144-624x468.jpg 624w, https:\/\/www.flieg.fr\/wordpress\/wp-content\/uploads\/2012\/06\/P6031144.jpg 2048w\" sizes=\"auto, (max-width: 300px) 100vw, 300px\" \/><\/a><a href=\"http:\/\/flieg.fr\/wordpress\/wp-content\/uploads\/2012\/06\/P6031149.jpg\"><img loading=\"lazy\" decoding=\"async\" class=\"alignnone size-medium wp-image-1109\" title=\"OLYMPUS DIGITAL CAMERA\" src=\"http:\/\/flieg.fr\/wordpress\/wp-content\/uploads\/2012\/06\/P6031149-300x225.jpg\" alt=\"\" width=\"300\" height=\"225\" srcset=\"https:\/\/www.flieg.fr\/wordpress\/wp-content\/uploads\/2012\/06\/P6031149-300x225.jpg 300w, https:\/\/www.flieg.fr\/wordpress\/wp-content\/uploads\/2012\/06\/P6031149-1024x768.jpg 1024w, https:\/\/www.flieg.fr\/wordpress\/wp-content\/uploads\/2012\/06\/P6031149-624x468.jpg 624w, https:\/\/www.flieg.fr\/wordpress\/wp-content\/uploads\/2012\/06\/P6031149.jpg 2048w\" sizes=\"auto, (max-width: 300px) 100vw, 300px\" \/><\/a><\/p>\n<p>Nous descendons lentement. Pour la travers\u00e9e d&rsquo;une voie de chemin de fer, pourtant unique, il a \u00e9t\u00e9 pr\u00e9vu un p\u00e9dibicip\u00e8leriduc (n\u00e9ologisme de mon invention signifiant passage pour p\u00e8lerins \u00e0 v\u00e9lo ou \u00e0 pied).<\/p>\n<p><a href=\"http:\/\/flieg.fr\/wordpress\/wp-content\/uploads\/2012\/06\/P6031152.jpg\"><img loading=\"lazy\" decoding=\"async\" class=\"alignnone size-medium wp-image-1110\" title=\"OLYMPUS DIGITAL CAMERA\" src=\"http:\/\/flieg.fr\/wordpress\/wp-content\/uploads\/2012\/06\/P6031152-300x225.jpg\" alt=\"\" width=\"300\" height=\"225\" srcset=\"https:\/\/www.flieg.fr\/wordpress\/wp-content\/uploads\/2012\/06\/P6031152-300x225.jpg 300w, https:\/\/www.flieg.fr\/wordpress\/wp-content\/uploads\/2012\/06\/P6031152-1024x768.jpg 1024w, https:\/\/www.flieg.fr\/wordpress\/wp-content\/uploads\/2012\/06\/P6031152-624x468.jpg 624w, https:\/\/www.flieg.fr\/wordpress\/wp-content\/uploads\/2012\/06\/P6031152.jpg 2048w\" sizes=\"auto, (max-width: 300px) 100vw, 300px\" \/><\/a><\/p>\n<p>&nbsp;Nous grimpons sur la butte o\u00f9 se situe le centre ville et nous y trouvons notre h\u00f4tel Gaudi tout \u00e0 cot\u00e9 de la cath\u00e9drale. Et d\u00e9j\u00e0 Michelle re\u00e7oit des gentils appels pour la f\u00eate des m\u00e8res !<\/p>\n<p>Et voil\u00e0 les photos des principaux b\u00e2timents d&rsquo;Astorga ferm\u00e9s le Dimanche apr\u00e8s-midi.<\/p>\n<div id=\"attachment_1111\" style=\"width: 310px\" class=\"wp-caption alignnone\"><a href=\"http:\/\/flieg.fr\/wordpress\/wp-content\/uploads\/2012\/06\/P6031153.jpg\"><img loading=\"lazy\" decoding=\"async\" aria-describedby=\"caption-attachment-1111\" class=\"size-medium wp-image-1111\" title=\"OLYMPUS DIGITAL CAMERA\" src=\"http:\/\/flieg.fr\/wordpress\/wp-content\/uploads\/2012\/06\/P6031153-300x225.jpg\" alt=\"\" width=\"300\" height=\"225\" srcset=\"https:\/\/www.flieg.fr\/wordpress\/wp-content\/uploads\/2012\/06\/P6031153-300x225.jpg 300w, https:\/\/www.flieg.fr\/wordpress\/wp-content\/uploads\/2012\/06\/P6031153-1024x768.jpg 1024w, https:\/\/www.flieg.fr\/wordpress\/wp-content\/uploads\/2012\/06\/P6031153-624x468.jpg 624w, https:\/\/www.flieg.fr\/wordpress\/wp-content\/uploads\/2012\/06\/P6031153.jpg 2048w\" sizes=\"auto, (max-width: 300px) 100vw, 300px\" \/><\/a><p id=\"caption-attachment-1111\" class=\"wp-caption-text\">la Cath\u00e9drale d'Astorgale palais \u00e9piscopal con\u00c7u par Gaudi<\/p><\/div>\n","protected":false},"excerpt":{"rendered":"<p>Dimanche 3 Juin 2012 : les photos depuis le jour 65 sont arriv\u00e9es Ce matin : super m\u00e9t\u00e9o : frais et soleil. D\u00e8s la sortie de Hospital del Orbigo, la montagne s&rsquo;annonce au bout du chemin. On est content de voir enfin du relief. Nous photographions le dernier caniveau d&rsquo;irrigation de la province de Castille [&hellip;]<\/p>\n","protected":false},"author":3,"featured_media":0,"parent":0,"menu_order":0,"comment_status":"open","ping_status":"open","template":"","meta":{"footnotes":""},"class_list":["post-1098","page","type-page","status-publish","hentry"],"_links":{"self":[{"href":"https:\/\/www.flieg.fr\/index.php?rest_route=\/wp\/v2\/pages\/1098","targetHints":{"allow":["GET"]}}],"collection":[{"href":"https:\/\/www.flieg.fr\/index.php?rest_route=\/wp\/v2\/pages"}],"about":[{"href":"https:\/\/www.flieg.fr\/index.php?rest_route=\/wp\/v2\/types\/page"}],"author":[{"embeddable":true,"href":"https:\/\/www.flieg.fr\/index.php?rest_route=\/wp\/v2\/users\/3"}],"replies":[{"embeddable":true,"href":"https:\/\/www.flieg.fr\/index.php?rest_route=%2Fwp%2Fv2%2Fcomments&post=1098"}],"version-history":[{"count":7,"href":"https:\/\/www.flieg.fr\/index.php?rest_route=\/wp\/v2\/pages\/1098\/revisions"}],"predecessor-version":[{"id":2459,"href":"https:\/\/www.flieg.fr\/index.php?rest_route=\/wp\/v2\/pages\/1098\/revisions\/2459"}],"wp:attachment":[{"href":"https:\/\/www.flieg.fr\/index.php?rest_route=%2Fwp%2Fv2%2Fmedia&parent=1098"}],"curies":[{"name":"wp","href":"https:\/\/api.w.org\/{rel}","templated":true}]}}

jour 68 étape 64 : de Hospital del Orbigo à Astorga : 16,9 km Dimanche 3 juin

<p>Dimanche 3 Juin 2012 : les photos depuis le jour 65 sont arrivées<br />
Ce matin : super météo : frais et soleil.<br />
Dès la sortie de Hospital del Orbigo, la montagne s&rsquo;annonce au bout du chemin.</p>
<p><a href="http://flieg.fr/wordpress/wp-content/uploads/2012/06/P6031133.jpg"><img loading="lazy" decoding="async" class="alignnone size-medium wp-image-1102" title="OLYMPUS DIGITAL CAMERA" src="http://flieg.fr/wordpress/wp-content/uploads/2012/06/P6031133-300x225.jpg" alt="" width="300" height="225" srcset="https://www.flieg.fr/wordpress/wp-content/uploads/2012/06/P6031133-300x225.jpg 300w, https://www.flieg.fr/wordpress/wp-content/uploads/2012/06/P6031133-1024x768.jpg 1024w, https://www.flieg.fr/wordpress/wp-content/uploads/2012/06/P6031133-624x468.jpg 624w, https://www.flieg.fr/wordpress/wp-content/uploads/2012/06/P6031133.jpg 2048w" sizes="auto, (max-width: 300px) 100vw, 300px" /></a></p>
<p>On est content de voir enfin du relief. Nous photographions le dernier caniveau d&rsquo;irrigation de la province de Castille et León et en même temps, nous voyons apparaître de nouvelles cultures, comme le houblon.</p>
<p><a href="http://flieg.fr/wordpress/wp-content/uploads/2012/06/P6031134.jpg"><img loading="lazy" decoding="async" class="alignnone size-medium wp-image-1103" title="OLYMPUS DIGITAL CAMERA" src="http://flieg.fr/wordpress/wp-content/uploads/2012/06/P6031134-300x225.jpg" alt="" width="300" height="225" srcset="https://www.flieg.fr/wordpress/wp-content/uploads/2012/06/P6031134-300x225.jpg 300w, https://www.flieg.fr/wordpress/wp-content/uploads/2012/06/P6031134-1024x768.jpg 1024w, https://www.flieg.fr/wordpress/wp-content/uploads/2012/06/P6031134-624x468.jpg 624w, https://www.flieg.fr/wordpress/wp-content/uploads/2012/06/P6031134.jpg 2048w" sizes="auto, (max-width: 300px) 100vw, 300px" /></a></p>
<p>Un peu plus loin dans le village de Vilares del Orbigo, nous trouvons, de notre vivant, un monument à notre honneur. Il est tout simplement dédié aux pèlerins de Saint Jacques de Compostelle. Nous en revendiquons un millimètre cube pour nous deux!</p>
<p><a href="http://flieg.fr/wordpress/wp-content/uploads/2012/06/P6031136.jpg"><img loading="lazy" decoding="async" class="alignnone size-medium wp-image-1104" title="OLYMPUS DIGITAL CAMERA" src="http://flieg.fr/wordpress/wp-content/uploads/2012/06/P6031136-300x225.jpg" alt="" width="300" height="225" srcset="https://www.flieg.fr/wordpress/wp-content/uploads/2012/06/P6031136-300x225.jpg 300w, https://www.flieg.fr/wordpress/wp-content/uploads/2012/06/P6031136-1024x768.jpg 1024w, https://www.flieg.fr/wordpress/wp-content/uploads/2012/06/P6031136-624x468.jpg 624w, https://www.flieg.fr/wordpress/wp-content/uploads/2012/06/P6031136.jpg 2048w" sizes="auto, (max-width: 300px) 100vw, 300px" /></a><br />
Le chemin serpente maintenant par monts et par vaux. 0n voit des meules de paille sur une crête et des éoliennes au loin.</p>
<p><a href="http://flieg.fr/wordpress/wp-content/uploads/2012/06/P6031138.jpg"><img loading="lazy" decoding="async" class="alignnone size-medium wp-image-1105" title="OLYMPUS DIGITAL CAMERA" src="http://flieg.fr/wordpress/wp-content/uploads/2012/06/P6031138-300x225.jpg" alt="" width="300" height="225" srcset="https://www.flieg.fr/wordpress/wp-content/uploads/2012/06/P6031138-300x225.jpg 300w, https://www.flieg.fr/wordpress/wp-content/uploads/2012/06/P6031138-1024x768.jpg 1024w, https://www.flieg.fr/wordpress/wp-content/uploads/2012/06/P6031138-624x468.jpg 624w, https://www.flieg.fr/wordpress/wp-content/uploads/2012/06/P6031138.jpg 2048w" sizes="auto, (max-width: 300px) 100vw, 300px" /></a><a href="http://flieg.fr/wordpress/wp-content/uploads/2012/06/P6031139.jpg"><img loading="lazy" decoding="async" class="alignnone size-medium wp-image-1107" title="OLYMPUS DIGITAL CAMERA" src="http://flieg.fr/wordpress/wp-content/uploads/2012/06/P6031139-300x225.jpg" alt="" width="300" height="225" srcset="https://www.flieg.fr/wordpress/wp-content/uploads/2012/06/P6031139-300x225.jpg 300w, https://www.flieg.fr/wordpress/wp-content/uploads/2012/06/P6031139-1024x768.jpg 1024w, https://www.flieg.fr/wordpress/wp-content/uploads/2012/06/P6031139-624x468.jpg 624w, https://www.flieg.fr/wordpress/wp-content/uploads/2012/06/P6031139.jpg 2048w" sizes="auto, (max-width: 300px) 100vw, 300px" /></a></p>
<p>Au fond du val suivant, nous découvrons Astorga encore à plus de 5km. On distingue aisément sa cathédrale.</p>
<p><a href="http://flieg.fr/wordpress/wp-content/uploads/2012/06/P6031144.jpg"><img loading="lazy" decoding="async" class="alignnone size-medium wp-image-1108" title="OLYMPUS DIGITAL CAMERA" src="http://flieg.fr/wordpress/wp-content/uploads/2012/06/P6031144-300x225.jpg" alt="" width="300" height="225" srcset="https://www.flieg.fr/wordpress/wp-content/uploads/2012/06/P6031144-300x225.jpg 300w, https://www.flieg.fr/wordpress/wp-content/uploads/2012/06/P6031144-1024x768.jpg 1024w, https://www.flieg.fr/wordpress/wp-content/uploads/2012/06/P6031144-624x468.jpg 624w, https://www.flieg.fr/wordpress/wp-content/uploads/2012/06/P6031144.jpg 2048w" sizes="auto, (max-width: 300px) 100vw, 300px" /></a><a href="http://flieg.fr/wordpress/wp-content/uploads/2012/06/P6031149.jpg"><img loading="lazy" decoding="async" class="alignnone size-medium wp-image-1109" title="OLYMPUS DIGITAL CAMERA" src="http://flieg.fr/wordpress/wp-content/uploads/2012/06/P6031149-300x225.jpg" alt="" width="300" height="225" srcset="https://www.flieg.fr/wordpress/wp-content/uploads/2012/06/P6031149-300x225.jpg 300w, https://www.flieg.fr/wordpress/wp-content/uploads/2012/06/P6031149-1024x768.jpg 1024w, https://www.flieg.fr/wordpress/wp-content/uploads/2012/06/P6031149-624x468.jpg 624w, https://www.flieg.fr/wordpress/wp-content/uploads/2012/06/P6031149.jpg 2048w" sizes="auto, (max-width: 300px) 100vw, 300px" /></a></p>
<p>Nous descendons lentement. Pour la traversée d&rsquo;une voie de chemin de fer, pourtant unique, il a été prévu un pédibicipèleriduc (néologisme de mon invention signifiant passage pour pèlerins à vélo ou à pied).</p>
<p><a href="http://flieg.fr/wordpress/wp-content/uploads/2012/06/P6031152.jpg"><img loading="lazy" decoding="async" class="alignnone size-medium wp-image-1110" title="OLYMPUS DIGITAL CAMERA" src="http://flieg.fr/wordpress/wp-content/uploads/2012/06/P6031152-300x225.jpg" alt="" width="300" height="225" srcset="https://www.flieg.fr/wordpress/wp-content/uploads/2012/06/P6031152-300x225.jpg 300w, https://www.flieg.fr/wordpress/wp-content/uploads/2012/06/P6031152-1024x768.jpg 1024w, https://www.flieg.fr/wordpress/wp-content/uploads/2012/06/P6031152-624x468.jpg 624w, https://www.flieg.fr/wordpress/wp-content/uploads/2012/06/P6031152.jpg 2048w" sizes="auto, (max-width: 300px) 100vw, 300px" /></a></p>
<p>&nbsp;Nous grimpons sur la butte où se situe le centre ville et nous y trouvons notre hôtel Gaudi tout à coté de la cathédrale. Et déjà Michelle reçoit des gentils appels pour la fête des mères !</p>
<p>Et voilà les photos des principaux bâtiments d&rsquo;Astorga fermés le Dimanche après-midi.</p>
<div id="attachment_1111" style="width: 310px" class="wp-caption alignnone"><a href="http://flieg.fr/wordpress/wp-content/uploads/2012/06/P6031153.jpg"><img loading="lazy" decoding="async" aria-describedby="caption-attachment-1111" class="size-medium wp-image-1111" title="OLYMPUS DIGITAL CAMERA" src="http://flieg.fr/wordpress/wp-content/uploads/2012/06/P6031153-300x225.jpg" alt="" width="300" height="225" srcset="https://www.flieg.fr/wordpress/wp-content/uploads/2012/06/P6031153-300x225.jpg 300w, https://www.flieg.fr/wordpress/wp-content/uploads/2012/06/P6031153-1024x768.jpg 1024w, https://www.flieg.fr/wordpress/wp-content/uploads/2012/06/P6031153-624x468.jpg 624w, https://www.flieg.fr/wordpress/wp-content/uploads/2012/06/P6031153.jpg 2048w" sizes="auto, (max-width: 300px) 100vw, 300px" /></a><p id="caption-attachment-1111" class="wp-caption-text">la Cathédrale d'Astorgale palais épiscopal conÇu par Gaudi</p></div>

<p>Dimanche 3 Juin 2012 : les photos depuis le jour 65 sont arrivées Ce matin : super météo : frais et soleil. Dès la sortie de Hospital del Orbigo, la montagne s&rsquo;annonce au bout du chemin. On est content de voir enfin du relief. Nous photographions le dernier caniveau d&rsquo;irrigation de la province de Castille [&hellip;]</p>
