{"id":1093,"date":"2012-06-02T21:17:53","date_gmt":"2012-06-02T20:17:53","guid":{"rendered":"http:\/\/flieg.fr\/?page_id=1093"},"modified":"2023-03-21T11:20:16","modified_gmt":"2023-03-21T10:20:16","slug":"jour-67-etape-63-de-villar-de-mazarife-a-hospital-de-orbigo-135-km-samedi-2-juin-2012","status":"publish","type":"page","link":"https:\/\/www.flieg.fr\/?page_id=1093","title":{"rendered":"jour 67 \u00e9tape 63 : de Villar de Mazarife \u00e0 Hospital de Orbigo : 13,5 km samedi 2 juin 2012"},"content":{"rendered":"<p>samedi 2 juin<\/p>\n<p>Ce matin, Dieu merci, le ciel est gris. L&rsquo;orage de la nuit a fait baisser la temp\u00e9rature \u00e0 16 degr\u00e9s. Enfin, nous pouvons marcher normalement.<\/p>\n<p>Le paysage est toujours aussi tristounet. Des champs de ma\u00efs et des champs de cultures irrigu\u00e9es. Quelques cigognes y cherchent leur pitance.<\/p>\n<p><a href=\"http:\/\/flieg.fr\/wordpress\/wp-content\/uploads\/2012\/06\/P6021109.jpg\"><img loading=\"lazy\" decoding=\"async\" class=\"alignnone size-medium wp-image-1129\" title=\"OLYMPUS DIGITAL CAMERA\" src=\"http:\/\/flieg.fr\/wordpress\/wp-content\/uploads\/2012\/06\/P6021109-300x225.jpg\" alt=\"\" width=\"300\" height=\"225\" srcset=\"https:\/\/www.flieg.fr\/wordpress\/wp-content\/uploads\/2012\/06\/P6021109-300x225.jpg 300w, https:\/\/www.flieg.fr\/wordpress\/wp-content\/uploads\/2012\/06\/P6021109-1024x768.jpg 1024w, https:\/\/www.flieg.fr\/wordpress\/wp-content\/uploads\/2012\/06\/P6021109-624x468.jpg 624w, https:\/\/www.flieg.fr\/wordpress\/wp-content\/uploads\/2012\/06\/P6021109.jpg 2048w\" sizes=\"auto, (max-width: 300px) 100vw, 300px\" \/><\/a><a href=\"http:\/\/flieg.fr\/wordpress\/wp-content\/uploads\/2012\/06\/P6021111.jpg\"><img loading=\"lazy\" decoding=\"async\" class=\"alignnone size-medium wp-image-1130\" title=\"OLYMPUS DIGITAL CAMERA\" src=\"http:\/\/flieg.fr\/wordpress\/wp-content\/uploads\/2012\/06\/P6021111-300x225.jpg\" alt=\"\" width=\"300\" height=\"225\" srcset=\"https:\/\/www.flieg.fr\/wordpress\/wp-content\/uploads\/2012\/06\/P6021111-300x225.jpg 300w, https:\/\/www.flieg.fr\/wordpress\/wp-content\/uploads\/2012\/06\/P6021111-1024x768.jpg 1024w, https:\/\/www.flieg.fr\/wordpress\/wp-content\/uploads\/2012\/06\/P6021111-624x468.jpg 624w, https:\/\/www.flieg.fr\/wordpress\/wp-content\/uploads\/2012\/06\/P6021111.jpg 2048w\" sizes=\"auto, (max-width: 300px) 100vw, 300px\" \/><\/a><\/p>\n<p>Elles nichent partout : sur les \u00e9glises, sur les poteaux de transport d&rsquo;\u00e9lectricit\u00e9, sur les relais de Movistar et ceux de GSM.<\/p>\n<p>Mais d\u00e9j\u00e0, nous arrivons \u00e0 Hospital de Orbigo en pleine pr\u00e9paration des f\u00eates m\u00e9di\u00e9vales du week-end.<\/p>\n<p><a href=\"http:\/\/flieg.fr\/wordpress\/wp-content\/uploads\/2012\/06\/P6021113.jpg\"><img loading=\"lazy\" decoding=\"async\" class=\"alignnone size-medium wp-image-1134\" title=\"OLYMPUS DIGITAL CAMERA\" src=\"http:\/\/flieg.fr\/wordpress\/wp-content\/uploads\/2012\/06\/P6021113-300x225.jpg\" alt=\"\" width=\"300\" height=\"225\" srcset=\"https:\/\/www.flieg.fr\/wordpress\/wp-content\/uploads\/2012\/06\/P6021113-300x225.jpg 300w, https:\/\/www.flieg.fr\/wordpress\/wp-content\/uploads\/2012\/06\/P6021113-1024x768.jpg 1024w, https:\/\/www.flieg.fr\/wordpress\/wp-content\/uploads\/2012\/06\/P6021113-624x468.jpg 624w, https:\/\/www.flieg.fr\/wordpress\/wp-content\/uploads\/2012\/06\/P6021113.jpg 2048w\" sizes=\"auto, (max-width: 300px) 100vw, 300px\" \/><\/a><a href=\"http:\/\/flieg.fr\/wordpress\/wp-content\/uploads\/2012\/06\/P6021125.jpg\"><img loading=\"lazy\" decoding=\"async\" class=\"alignnone size-medium wp-image-1135\" title=\"OLYMPUS DIGITAL CAMERA\" src=\"http:\/\/flieg.fr\/wordpress\/wp-content\/uploads\/2012\/06\/P6021125-225x300.jpg\" alt=\"\" width=\"225\" height=\"300\" srcset=\"https:\/\/www.flieg.fr\/wordpress\/wp-content\/uploads\/2012\/06\/P6021125-225x300.jpg 225w, https:\/\/www.flieg.fr\/wordpress\/wp-content\/uploads\/2012\/06\/P6021125-768x1024.jpg 768w, https:\/\/www.flieg.fr\/wordpress\/wp-content\/uploads\/2012\/06\/P6021125-624x832.jpg 624w, https:\/\/www.flieg.fr\/wordpress\/wp-content\/uploads\/2012\/06\/P6021125.jpg 1536w\" sizes=\"auto, (max-width: 225px) 100vw, 225px\" \/><\/a><\/p>\n<p>Heureusement que nous avions r\u00e9serv\u00e9 il y a 8 jours. Tout est complet. Notre chambre donne directement sur le pont m\u00e9di\u00e9val et sur le son et lumi\u00e8re qui s&rsquo;y d\u00e9roulera cette nuit vers 1h du matin.<\/p>\n<p><a href=\"http:\/\/flieg.fr\/wordpress\/wp-content\/uploads\/2012\/06\/P6021129.jpg\"><img loading=\"lazy\" decoding=\"async\" class=\"alignnone size-medium wp-image-1132\" title=\"OLYMPUS DIGITAL CAMERA\" src=\"http:\/\/flieg.fr\/wordpress\/wp-content\/uploads\/2012\/06\/P6021129-300x225.jpg\" alt=\"\" width=\"300\" height=\"225\" srcset=\"https:\/\/www.flieg.fr\/wordpress\/wp-content\/uploads\/2012\/06\/P6021129-300x225.jpg 300w, https:\/\/www.flieg.fr\/wordpress\/wp-content\/uploads\/2012\/06\/P6021129-1024x768.jpg 1024w, https:\/\/www.flieg.fr\/wordpress\/wp-content\/uploads\/2012\/06\/P6021129-624x468.jpg 624w, https:\/\/www.flieg.fr\/wordpress\/wp-content\/uploads\/2012\/06\/P6021129.jpg 2048w\" sizes=\"auto, (max-width: 300px) 100vw, 300px\" \/><\/a><\/p>\n<p>La nuit sera donc bruyante et courte ; heureusement qu&rsquo;on a fait une bonne sieste ! Et puis demain, l&rsquo;\u00e9tape est courte, on fera une grasse matin\u00e9e. am<\/p>\n","protected":false},"excerpt":{"rendered":"<p>samedi 2 juin Ce matin, Dieu merci, le ciel est gris. L&rsquo;orage de la nuit a fait baisser la temp\u00e9rature \u00e0 16 degr\u00e9s. Enfin, nous pouvons marcher normalement. Le paysage est toujours aussi tristounet. Des champs de ma\u00efs et des champs de cultures irrigu\u00e9es. Quelques cigognes y cherchent leur pitance. Elles nichent partout : sur [&hellip;]<\/p>\n","protected":false},"author":3,"featured_media":0,"parent":0,"menu_order":0,"comment_status":"open","ping_status":"open","template":"","meta":{"footnotes":""},"class_list":["post-1093","page","type-page","status-publish","hentry"],"_links":{"self":[{"href":"https:\/\/www.flieg.fr\/index.php?rest_route=\/wp\/v2\/pages\/1093","targetHints":{"allow":["GET"]}}],"collection":[{"href":"https:\/\/www.flieg.fr\/index.php?rest_route=\/wp\/v2\/pages"}],"about":[{"href":"https:\/\/www.flieg.fr\/index.php?rest_route=\/wp\/v2\/types\/page"}],"author":[{"embeddable":true,"href":"https:\/\/www.flieg.fr\/index.php?rest_route=\/wp\/v2\/users\/3"}],"replies":[{"embeddable":true,"href":"https:\/\/www.flieg.fr\/index.php?rest_route=%2Fwp%2Fv2%2Fcomments&post=1093"}],"version-history":[{"count":5,"href":"https:\/\/www.flieg.fr\/index.php?rest_route=\/wp\/v2\/pages\/1093\/revisions"}],"predecessor-version":[{"id":2458,"href":"https:\/\/www.flieg.fr\/index.php?rest_route=\/wp\/v2\/pages\/1093\/revisions\/2458"}],"wp:attachment":[{"href":"https:\/\/www.flieg.fr\/index.php?rest_route=%2Fwp%2Fv2%2Fmedia&parent=1093"}],"curies":[{"name":"wp","href":"https:\/\/api.w.org\/{rel}","templated":true}]}}

jour 67 étape 63 : de Villar de Mazarife à Hospital de Orbigo : 13,5 km samedi 2 juin 2012

<p>samedi 2 juin</p>
<p>Ce matin, Dieu merci, le ciel est gris. L&rsquo;orage de la nuit a fait baisser la température à 16 degrés. Enfin, nous pouvons marcher normalement.</p>
<p>Le paysage est toujours aussi tristounet. Des champs de maïs et des champs de cultures irriguées. Quelques cigognes y cherchent leur pitance.</p>
<p><a href="http://flieg.fr/wordpress/wp-content/uploads/2012/06/P6021109.jpg"><img loading="lazy" decoding="async" class="alignnone size-medium wp-image-1129" title="OLYMPUS DIGITAL CAMERA" src="http://flieg.fr/wordpress/wp-content/uploads/2012/06/P6021109-300x225.jpg" alt="" width="300" height="225" srcset="https://www.flieg.fr/wordpress/wp-content/uploads/2012/06/P6021109-300x225.jpg 300w, https://www.flieg.fr/wordpress/wp-content/uploads/2012/06/P6021109-1024x768.jpg 1024w, https://www.flieg.fr/wordpress/wp-content/uploads/2012/06/P6021109-624x468.jpg 624w, https://www.flieg.fr/wordpress/wp-content/uploads/2012/06/P6021109.jpg 2048w" sizes="auto, (max-width: 300px) 100vw, 300px" /></a><a href="http://flieg.fr/wordpress/wp-content/uploads/2012/06/P6021111.jpg"><img loading="lazy" decoding="async" class="alignnone size-medium wp-image-1130" title="OLYMPUS DIGITAL CAMERA" src="http://flieg.fr/wordpress/wp-content/uploads/2012/06/P6021111-300x225.jpg" alt="" width="300" height="225" srcset="https://www.flieg.fr/wordpress/wp-content/uploads/2012/06/P6021111-300x225.jpg 300w, https://www.flieg.fr/wordpress/wp-content/uploads/2012/06/P6021111-1024x768.jpg 1024w, https://www.flieg.fr/wordpress/wp-content/uploads/2012/06/P6021111-624x468.jpg 624w, https://www.flieg.fr/wordpress/wp-content/uploads/2012/06/P6021111.jpg 2048w" sizes="auto, (max-width: 300px) 100vw, 300px" /></a></p>
<p>Elles nichent partout : sur les églises, sur les poteaux de transport d&rsquo;électricité, sur les relais de Movistar et ceux de GSM.</p>
<p>Mais déjà, nous arrivons à Hospital de Orbigo en pleine préparation des fêtes médiévales du week-end.</p>
<p><a href="http://flieg.fr/wordpress/wp-content/uploads/2012/06/P6021113.jpg"><img loading="lazy" decoding="async" class="alignnone size-medium wp-image-1134" title="OLYMPUS DIGITAL CAMERA" src="http://flieg.fr/wordpress/wp-content/uploads/2012/06/P6021113-300x225.jpg" alt="" width="300" height="225" srcset="https://www.flieg.fr/wordpress/wp-content/uploads/2012/06/P6021113-300x225.jpg 300w, https://www.flieg.fr/wordpress/wp-content/uploads/2012/06/P6021113-1024x768.jpg 1024w, https://www.flieg.fr/wordpress/wp-content/uploads/2012/06/P6021113-624x468.jpg 624w, https://www.flieg.fr/wordpress/wp-content/uploads/2012/06/P6021113.jpg 2048w" sizes="auto, (max-width: 300px) 100vw, 300px" /></a><a href="http://flieg.fr/wordpress/wp-content/uploads/2012/06/P6021125.jpg"><img loading="lazy" decoding="async" class="alignnone size-medium wp-image-1135" title="OLYMPUS DIGITAL CAMERA" src="http://flieg.fr/wordpress/wp-content/uploads/2012/06/P6021125-225x300.jpg" alt="" width="225" height="300" srcset="https://www.flieg.fr/wordpress/wp-content/uploads/2012/06/P6021125-225x300.jpg 225w, https://www.flieg.fr/wordpress/wp-content/uploads/2012/06/P6021125-768x1024.jpg 768w, https://www.flieg.fr/wordpress/wp-content/uploads/2012/06/P6021125-624x832.jpg 624w, https://www.flieg.fr/wordpress/wp-content/uploads/2012/06/P6021125.jpg 1536w" sizes="auto, (max-width: 225px) 100vw, 225px" /></a></p>
<p>Heureusement que nous avions réservé il y a 8 jours. Tout est complet. Notre chambre donne directement sur le pont médiéval et sur le son et lumière qui s&rsquo;y déroulera cette nuit vers 1h du matin.</p>
<p><a href="http://flieg.fr/wordpress/wp-content/uploads/2012/06/P6021129.jpg"><img loading="lazy" decoding="async" class="alignnone size-medium wp-image-1132" title="OLYMPUS DIGITAL CAMERA" src="http://flieg.fr/wordpress/wp-content/uploads/2012/06/P6021129-300x225.jpg" alt="" width="300" height="225" srcset="https://www.flieg.fr/wordpress/wp-content/uploads/2012/06/P6021129-300x225.jpg 300w, https://www.flieg.fr/wordpress/wp-content/uploads/2012/06/P6021129-1024x768.jpg 1024w, https://www.flieg.fr/wordpress/wp-content/uploads/2012/06/P6021129-624x468.jpg 624w, https://www.flieg.fr/wordpress/wp-content/uploads/2012/06/P6021129.jpg 2048w" sizes="auto, (max-width: 300px) 100vw, 300px" /></a></p>
<p>La nuit sera donc bruyante et courte ; heureusement qu&rsquo;on a fait une bonne sieste ! Et puis demain, l&rsquo;étape est courte, on fera une grasse matinée. am</p>

<p>samedi 2 juin Ce matin, Dieu merci, le ciel est gris. L&rsquo;orage de la nuit a fait baisser la température à 16 degrés. Enfin, nous pouvons marcher normalement. Le paysage est toujours aussi tristounet. Des champs de maïs et des champs de cultures irriguées. Quelques cigognes y cherchent leur pitance. Elles nichent partout : sur [&hellip;]</p>
