{"id":1082,"date":"2012-05-30T18:44:44","date_gmt":"2012-05-30T17:44:44","guid":{"rendered":"http:\/\/flieg.fr\/?page_id=1082"},"modified":"2023-03-21T11:18:57","modified_gmt":"2023-03-21T10:18:57","slug":"jour-64-etape-60-de-el-burgo-ranero-a-mansilla-de-las-mulas-198-km-mercredi-30-mai","status":"publish","type":"page","link":"https:\/\/www.flieg.fr\/?page_id=1082","title":{"rendered":"jour 64 \u00e9tape 60 : de El Burgo Ranero \u00e0 Mansilla de las Mulas : 19,8 km Mercredi 30 Mai"},"content":{"rendered":"<p>Mercredi 30 Mai 2012<\/p>\n<p>L&rsquo;\u00e9tape du jour n&rsquo;a pas d&rsquo;autre inter\u00eat que de s&rsquo;avancer d&rsquo;une vingtaine de km vers Saint Jacques de Compostelle. Toute la journ\u00e9e, nous n&rsquo;avons vu que \u00e7a : un chemin bord\u00e9 de jeunes platanes \u00e0 notre gauche et \u00e0 droite, la route goudronn\u00e9e, peu fr\u00e9quent\u00e9e.<\/p>\n<p><a href=\"http:\/\/flieg.fr\/wordpress\/wp-content\/uploads\/2012\/05\/P5301057.jpg\"><img loading=\"lazy\" decoding=\"async\" class=\"alignnone size-medium wp-image-1084\" title=\"OLYMPUS DIGITAL CAMERA\" src=\"http:\/\/flieg.fr\/wordpress\/wp-content\/uploads\/2012\/05\/P5301057-300x225.jpg\" alt=\"\" width=\"300\" height=\"225\" srcset=\"https:\/\/www.flieg.fr\/wordpress\/wp-content\/uploads\/2012\/05\/P5301057-300x225.jpg 300w, https:\/\/www.flieg.fr\/wordpress\/wp-content\/uploads\/2012\/05\/P5301057-1024x768.jpg 1024w, https:\/\/www.flieg.fr\/wordpress\/wp-content\/uploads\/2012\/05\/P5301057-624x468.jpg 624w, https:\/\/www.flieg.fr\/wordpress\/wp-content\/uploads\/2012\/05\/P5301057.jpg 2048w\" sizes=\"auto, (max-width: 300px) 100vw, 300px\" \/><\/a><\/p>\n<p>Sauf \u00e0 midi, o\u00f9 nous avons rattrap\u00e9 Francois et B\u00e9ru. A eux deux, ils font le bonheur des photographes.<\/p>\n<div id=\"attachment_1085\" style=\"width: 310px\" class=\"wp-caption alignnone\"><a href=\"http:\/\/flieg.fr\/wordpress\/wp-content\/uploads\/2012\/05\/P5301060.jpg\"><img loading=\"lazy\" decoding=\"async\" aria-describedby=\"caption-attachment-1085\" class=\"size-medium wp-image-1085\" title=\"OLYMPUS DIGITAL CAMERA\" src=\"http:\/\/flieg.fr\/wordpress\/wp-content\/uploads\/2012\/05\/P5301060-300x225.jpg\" alt=\"\" width=\"300\" height=\"225\" srcset=\"https:\/\/www.flieg.fr\/wordpress\/wp-content\/uploads\/2012\/05\/P5301060-300x225.jpg 300w, https:\/\/www.flieg.fr\/wordpress\/wp-content\/uploads\/2012\/05\/P5301060-1024x768.jpg 1024w, https:\/\/www.flieg.fr\/wordpress\/wp-content\/uploads\/2012\/05\/P5301060-624x468.jpg 624w, https:\/\/www.flieg.fr\/wordpress\/wp-content\/uploads\/2012\/05\/P5301060.jpg 2048w\" sizes=\"auto, (max-width: 300px) 100vw, 300px\" \/><\/a><p id=\"caption-attachment-1085\" class=\"wp-caption-text\">et je m&rsquo;en vais cahin-caha<\/p><\/div>\n<p>Beaucoup de p\u00e8lerins pr\u00e8ss\u00e9s ont pris le train de Sahag\u00fan \u00e0 Le\u00f3n et nous sommes donc moins nombreux sur le Camino.<\/p>\n<p>Arriv\u00e9s \u00e0 Mansilla de las Mulas (qui doit son nom \u00e0 son ancien march\u00e9 aux mules), nous trouvons un pauvre petit village avec une douzaine d&rsquo;\u00e9chopes et quelques albergues. Il fait tr\u00e8s chaud et les glaces sont d\u00e9licieuses.<\/p>\n","protected":false},"excerpt":{"rendered":"<p>Mercredi 30 Mai 2012 L&rsquo;\u00e9tape du jour n&rsquo;a pas d&rsquo;autre inter\u00eat que de s&rsquo;avancer d&rsquo;une vingtaine de km vers Saint Jacques de Compostelle. Toute la journ\u00e9e, nous n&rsquo;avons vu que \u00e7a : un chemin bord\u00e9 de jeunes platanes \u00e0 notre gauche et \u00e0 droite, la route goudronn\u00e9e, peu fr\u00e9quent\u00e9e. Sauf \u00e0 midi, o\u00f9 nous avons [&hellip;]<\/p>\n","protected":false},"author":3,"featured_media":0,"parent":0,"menu_order":0,"comment_status":"open","ping_status":"open","template":"","meta":{"footnotes":""},"class_list":["post-1082","page","type-page","status-publish","hentry"],"_links":{"self":[{"href":"https:\/\/www.flieg.fr\/index.php?rest_route=\/wp\/v2\/pages\/1082","targetHints":{"allow":["GET"]}}],"collection":[{"href":"https:\/\/www.flieg.fr\/index.php?rest_route=\/wp\/v2\/pages"}],"about":[{"href":"https:\/\/www.flieg.fr\/index.php?rest_route=\/wp\/v2\/types\/page"}],"author":[{"embeddable":true,"href":"https:\/\/www.flieg.fr\/index.php?rest_route=\/wp\/v2\/users\/3"}],"replies":[{"embeddable":true,"href":"https:\/\/www.flieg.fr\/index.php?rest_route=%2Fwp%2Fv2%2Fcomments&post=1082"}],"version-history":[{"count":5,"href":"https:\/\/www.flieg.fr\/index.php?rest_route=\/wp\/v2\/pages\/1082\/revisions"}],"predecessor-version":[{"id":2455,"href":"https:\/\/www.flieg.fr\/index.php?rest_route=\/wp\/v2\/pages\/1082\/revisions\/2455"}],"wp:attachment":[{"href":"https:\/\/www.flieg.fr\/index.php?rest_route=%2Fwp%2Fv2%2Fmedia&parent=1082"}],"curies":[{"name":"wp","href":"https:\/\/api.w.org\/{rel}","templated":true}]}}

jour 64 étape 60 : de El Burgo Ranero à Mansilla de las Mulas : 19,8 km Mercredi 30 Mai

<p>Mercredi 30 Mai 2012</p>
<p>L&rsquo;étape du jour n&rsquo;a pas d&rsquo;autre interêt que de s&rsquo;avancer d&rsquo;une vingtaine de km vers Saint Jacques de Compostelle. Toute la journée, nous n&rsquo;avons vu que ça : un chemin bordé de jeunes platanes à notre gauche et à droite, la route goudronnée, peu fréquentée.</p>
<p><a href="http://flieg.fr/wordpress/wp-content/uploads/2012/05/P5301057.jpg"><img loading="lazy" decoding="async" class="alignnone size-medium wp-image-1084" title="OLYMPUS DIGITAL CAMERA" src="http://flieg.fr/wordpress/wp-content/uploads/2012/05/P5301057-300x225.jpg" alt="" width="300" height="225" srcset="https://www.flieg.fr/wordpress/wp-content/uploads/2012/05/P5301057-300x225.jpg 300w, https://www.flieg.fr/wordpress/wp-content/uploads/2012/05/P5301057-1024x768.jpg 1024w, https://www.flieg.fr/wordpress/wp-content/uploads/2012/05/P5301057-624x468.jpg 624w, https://www.flieg.fr/wordpress/wp-content/uploads/2012/05/P5301057.jpg 2048w" sizes="auto, (max-width: 300px) 100vw, 300px" /></a></p>
<p>Sauf à midi, où nous avons rattrapé Francois et Béru. A eux deux, ils font le bonheur des photographes.</p>
<div id="attachment_1085" style="width: 310px" class="wp-caption alignnone"><a href="http://flieg.fr/wordpress/wp-content/uploads/2012/05/P5301060.jpg"><img loading="lazy" decoding="async" aria-describedby="caption-attachment-1085" class="size-medium wp-image-1085" title="OLYMPUS DIGITAL CAMERA" src="http://flieg.fr/wordpress/wp-content/uploads/2012/05/P5301060-300x225.jpg" alt="" width="300" height="225" srcset="https://www.flieg.fr/wordpress/wp-content/uploads/2012/05/P5301060-300x225.jpg 300w, https://www.flieg.fr/wordpress/wp-content/uploads/2012/05/P5301060-1024x768.jpg 1024w, https://www.flieg.fr/wordpress/wp-content/uploads/2012/05/P5301060-624x468.jpg 624w, https://www.flieg.fr/wordpress/wp-content/uploads/2012/05/P5301060.jpg 2048w" sizes="auto, (max-width: 300px) 100vw, 300px" /></a><p id="caption-attachment-1085" class="wp-caption-text">et je m&rsquo;en vais cahin-caha</p></div>
<p>Beaucoup de pèlerins prèssés ont pris le train de Sahagún à León et nous sommes donc moins nombreux sur le Camino.</p>
<p>Arrivés à Mansilla de las Mulas (qui doit son nom à son ancien marché aux mules), nous trouvons un pauvre petit village avec une douzaine d&rsquo;échopes et quelques albergues. Il fait très chaud et les glaces sont délicieuses.</p>

<p>Mercredi 30 Mai 2012 L&rsquo;étape du jour n&rsquo;a pas d&rsquo;autre interêt que de s&rsquo;avancer d&rsquo;une vingtaine de km vers Saint Jacques de Compostelle. Toute la journée, nous n&rsquo;avons vu que ça : un chemin bordé de jeunes platanes à notre gauche et à droite, la route goudronnée, peu fréquentée. Sauf à midi, où nous avons [&hellip;]</p>
