{"id":1044,"date":"2012-05-28T15:07:54","date_gmt":"2012-05-28T14:07:54","guid":{"rendered":"http:\/\/flieg.fr\/?page_id=1044"},"modified":"2023-03-21T11:17:49","modified_gmt":"2023-03-21T10:17:49","slug":"jour-62-etape-58-de-calzadas-de-la-cueza-a-sahagun-243-km-lundi-28-mai","status":"publish","type":"page","link":"https:\/\/www.flieg.fr\/?page_id=1044","title":{"rendered":"jour 62 \u00e9tape 58 : de Calzadas de la Cueza \u00e0 Sahagun : 24,3 km Lundi 28 Mai"},"content":{"rendered":"<p>lundi 28 Mai 2012<\/p>\n<p>Petit matin frisquet pour d\u00e9marrer. Quelques kilom\u00e8tres plus loin, nous rattrapons un p\u00e8lerin qui se nomme Fran\u00e7ois accompagn\u00e9 de son \u00e2ne B\u00e9ru.<\/p>\n<div id=\"attachment_1052\" style=\"width: 235px\" class=\"wp-caption alignnone\"><a href=\"http:\/\/flieg.fr\/wordpress\/wp-content\/uploads\/2012\/05\/P5281005.jpg\"><img loading=\"lazy\" decoding=\"async\" aria-describedby=\"caption-attachment-1052\" class=\"size-medium wp-image-1052\" title=\"OLYMPUS DIGITAL CAMERA\" src=\"http:\/\/flieg.fr\/wordpress\/wp-content\/uploads\/2012\/05\/P5281005-225x300.jpg\" alt=\"\" width=\"225\" height=\"300\" srcset=\"https:\/\/www.flieg.fr\/wordpress\/wp-content\/uploads\/2012\/05\/P5281005-225x300.jpg 225w, https:\/\/www.flieg.fr\/wordpress\/wp-content\/uploads\/2012\/05\/P5281005-768x1024.jpg 768w, https:\/\/www.flieg.fr\/wordpress\/wp-content\/uploads\/2012\/05\/P5281005-624x832.jpg 624w, https:\/\/www.flieg.fr\/wordpress\/wp-content\/uploads\/2012\/05\/P5281005.jpg 1536w\" sizes=\"auto, (max-width: 225px) 100vw, 225px\" \/><\/a><p id=\"caption-attachment-1052\" class=\"wp-caption-text\">Francois et B\u00e9ru<\/p><\/div>\n<p>Ils sont partIs de Limoges d\u00e9but avril. Fran\u00e7ois compte aller \u00e0 Saint Jacques de Compostelle, puis rentrer chez lui par le chemin cotier. Son p\u00e9riple durera jusqu&rsquo;en octobre.<\/p>\n<p>Il nous explique qu&rsquo;il fait des \u00e9tapes aussi longues que les n\u00f4tres, mais il doit marcher plus lentement et il arrive chaque soir bon dernier. Et souvent, il n&rsquo;y a plus de place \u00e0 l&rsquo;auberge ou alors on refuse son \u00e2ne. Il monte alors la tente. Nous parlons ensemble pendant un bon moment, puis nous reprenons notre rythme normal. On le retrouvera le soir \u00e0 Sahagun.<\/p>\n<p><a href=\"http:\/\/flieg.fr\/wordpress\/wp-content\/uploads\/2012\/05\/P5281024.jpg\"><img loading=\"lazy\" decoding=\"async\" class=\"alignnone size-medium wp-image-1054\" title=\"OLYMPUS DIGITAL CAMERA\" src=\"http:\/\/flieg.fr\/wordpress\/wp-content\/uploads\/2012\/05\/P5281024-300x225.jpg\" alt=\"\" width=\"300\" height=\"225\" srcset=\"https:\/\/www.flieg.fr\/wordpress\/wp-content\/uploads\/2012\/05\/P5281024-300x225.jpg 300w, https:\/\/www.flieg.fr\/wordpress\/wp-content\/uploads\/2012\/05\/P5281024-1024x768.jpg 1024w, https:\/\/www.flieg.fr\/wordpress\/wp-content\/uploads\/2012\/05\/P5281024-624x468.jpg 624w, https:\/\/www.flieg.fr\/wordpress\/wp-content\/uploads\/2012\/05\/P5281024.jpg 2048w\" sizes=\"auto, (max-width: 300px) 100vw, 300px\" \/><\/a><\/p>\n<p>Il y a encore de beaux paysages et toujours de nouvelles fleurs.<\/p>\n<p><a href=\"http:\/\/flieg.fr\/wordpress\/wp-content\/uploads\/2012\/05\/P5281006.jpg\"><img loading=\"lazy\" decoding=\"async\" class=\"alignnone size-medium wp-image-1055\" title=\"OLYMPUS DIGITAL CAMERA\" src=\"http:\/\/flieg.fr\/wordpress\/wp-content\/uploads\/2012\/05\/P5281006-300x225.jpg\" alt=\"\" width=\"300\" height=\"225\" srcset=\"https:\/\/www.flieg.fr\/wordpress\/wp-content\/uploads\/2012\/05\/P5281006-300x225.jpg 300w, https:\/\/www.flieg.fr\/wordpress\/wp-content\/uploads\/2012\/05\/P5281006-1024x768.jpg 1024w, https:\/\/www.flieg.fr\/wordpress\/wp-content\/uploads\/2012\/05\/P5281006-624x468.jpg 624w, https:\/\/www.flieg.fr\/wordpress\/wp-content\/uploads\/2012\/05\/P5281006.jpg 2048w\" sizes=\"auto, (max-width: 300px) 100vw, 300px\" \/><\/a><\/p>\n<div id=\"attachment_1059\" style=\"width: 310px\" class=\"wp-caption alignnone\"><a href=\"http:\/\/flieg.fr\/wordpress\/wp-content\/uploads\/2012\/05\/P5281013.jpg\"><img loading=\"lazy\" decoding=\"async\" aria-describedby=\"caption-attachment-1059\" class=\"size-medium wp-image-1059\" title=\"OLYMPUS DIGITAL CAMERA\" src=\"http:\/\/flieg.fr\/wordpress\/wp-content\/uploads\/2012\/05\/P5281013-300x225.jpg\" alt=\"\" width=\"300\" height=\"225\" srcset=\"https:\/\/www.flieg.fr\/wordpress\/wp-content\/uploads\/2012\/05\/P5281013-300x225.jpg 300w, https:\/\/www.flieg.fr\/wordpress\/wp-content\/uploads\/2012\/05\/P5281013-1024x768.jpg 1024w, https:\/\/www.flieg.fr\/wordpress\/wp-content\/uploads\/2012\/05\/P5281013-624x468.jpg 624w, https:\/\/www.flieg.fr\/wordpress\/wp-content\/uploads\/2012\/05\/P5281013.jpg 2048w\" sizes=\"auto, (max-width: 300px) 100vw, 300px\" \/><\/a><p id=\"caption-attachment-1059\" class=\"wp-caption-text\">si quelqu'un en conna\u00eet le nom ?<\/p><\/div>\n<p>Cette fois, C&rsquo;est nous qui sommes rattrap\u00e9s par un couple qui engage la conversation en demandant si nous craignons le soleil en montrant nos voiles. Ce sont des Allemands de Baden Baden qui font le Chemin par \u00e9tape et qui vont souvent faire des randonn\u00e9es dans les Vosges : le Hartmannswillerkopf et Cernay, ils connaissent ! Nous passons par Moradillos o\u00f9 on remarque quelques habitations troglodytes.<\/p>\n<p><a href=\"http:\/\/flieg.fr\/wordpress\/wp-content\/uploads\/2012\/05\/P5281010.jpg\"><img loading=\"lazy\" decoding=\"async\" class=\"alignnone size-medium wp-image-1056\" title=\"OLYMPUS DIGITAL CAMERA\" src=\"http:\/\/flieg.fr\/wordpress\/wp-content\/uploads\/2012\/05\/P5281010-300x225.jpg\" alt=\"\" width=\"300\" height=\"225\" srcset=\"https:\/\/www.flieg.fr\/wordpress\/wp-content\/uploads\/2012\/05\/P5281010-300x225.jpg 300w, https:\/\/www.flieg.fr\/wordpress\/wp-content\/uploads\/2012\/05\/P5281010-1024x768.jpg 1024w, https:\/\/www.flieg.fr\/wordpress\/wp-content\/uploads\/2012\/05\/P5281010-624x468.jpg 624w, https:\/\/www.flieg.fr\/wordpress\/wp-content\/uploads\/2012\/05\/P5281010.jpg 2048w\" sizes=\"auto, (max-width: 300px) 100vw, 300px\" \/><\/a><\/p>\n<p>Avant d&rsquo;arriver \u00e0 Sahagun, nous avons le plaisir d&rsquo;entrer par le pont romain que seuls les p\u00e8lerins empruntent encore.<\/p>\n<p><a href=\"http:\/\/flieg.fr\/wordpress\/wp-content\/uploads\/2012\/05\/P5281021.jpg\"><img loading=\"lazy\" decoding=\"async\" class=\"alignnone size-medium wp-image-1057\" title=\"OLYMPUS DIGITAL CAMERA\" src=\"http:\/\/flieg.fr\/wordpress\/wp-content\/uploads\/2012\/05\/P5281021-300x225.jpg\" alt=\"\" width=\"300\" height=\"225\" srcset=\"https:\/\/www.flieg.fr\/wordpress\/wp-content\/uploads\/2012\/05\/P5281021-300x225.jpg 300w, https:\/\/www.flieg.fr\/wordpress\/wp-content\/uploads\/2012\/05\/P5281021-1024x768.jpg 1024w, https:\/\/www.flieg.fr\/wordpress\/wp-content\/uploads\/2012\/05\/P5281021-624x468.jpg 624w, https:\/\/www.flieg.fr\/wordpress\/wp-content\/uploads\/2012\/05\/P5281021.jpg 2048w\" sizes=\"auto, (max-width: 300px) 100vw, 300px\" \/><\/a><\/p>\n<p>De l&rsquo;autre cot\u00e9 se trouve une petite chapelle (la Vierge du pont).<\/p>\n<p><a href=\"http:\/\/flieg.fr\/wordpress\/wp-content\/uploads\/2012\/05\/P5281020.jpg\"><img loading=\"lazy\" decoding=\"async\" class=\"alignnone size-medium wp-image-1058\" title=\"OLYMPUS DIGITAL CAMERA\" src=\"http:\/\/flieg.fr\/wordpress\/wp-content\/uploads\/2012\/05\/P5281020-300x225.jpg\" alt=\"\" width=\"300\" height=\"225\" srcset=\"https:\/\/www.flieg.fr\/wordpress\/wp-content\/uploads\/2012\/05\/P5281020-300x225.jpg 300w, https:\/\/www.flieg.fr\/wordpress\/wp-content\/uploads\/2012\/05\/P5281020-1024x768.jpg 1024w, https:\/\/www.flieg.fr\/wordpress\/wp-content\/uploads\/2012\/05\/P5281020-624x468.jpg 624w, https:\/\/www.flieg.fr\/wordpress\/wp-content\/uploads\/2012\/05\/P5281020.jpg 2048w\" sizes=\"auto, (max-width: 300px) 100vw, 300px\" \/><\/a><\/p>\n<p>Puis nous rep\u00e9rons d\u00e9j\u00e0 l&rsquo;enseigne de notre h\u00f4tel du soir (la porte de Sahagun). Il dispose d&rsquo;une piscine&#8230; ouverte a partir du 15 juin. Il n\u00fd a pas d&rsquo;ordinateur, par contre \u00e0 l&rsquo;Albergue de Sahagun, on trouve l&rsquo;ordi le plus rapide de la plan\u00e8te \u00e0 1 euro les 30mn.<\/p>\n","protected":false},"excerpt":{"rendered":"<p>lundi 28 Mai 2012 Petit matin frisquet pour d\u00e9marrer. Quelques kilom\u00e8tres plus loin, nous rattrapons un p\u00e8lerin qui se nomme Fran\u00e7ois accompagn\u00e9 de son \u00e2ne B\u00e9ru. Ils sont partIs de Limoges d\u00e9but avril. Fran\u00e7ois compte aller \u00e0 Saint Jacques de Compostelle, puis rentrer chez lui par le chemin cotier. Son p\u00e9riple durera jusqu&rsquo;en octobre. Il [&hellip;]<\/p>\n","protected":false},"author":3,"featured_media":0,"parent":0,"menu_order":0,"comment_status":"open","ping_status":"open","template":"","meta":{"footnotes":""},"class_list":["post-1044","page","type-page","status-publish","hentry"],"_links":{"self":[{"href":"https:\/\/www.flieg.fr\/index.php?rest_route=\/wp\/v2\/pages\/1044","targetHints":{"allow":["GET"]}}],"collection":[{"href":"https:\/\/www.flieg.fr\/index.php?rest_route=\/wp\/v2\/pages"}],"about":[{"href":"https:\/\/www.flieg.fr\/index.php?rest_route=\/wp\/v2\/types\/page"}],"author":[{"embeddable":true,"href":"https:\/\/www.flieg.fr\/index.php?rest_route=\/wp\/v2\/users\/3"}],"replies":[{"embeddable":true,"href":"https:\/\/www.flieg.fr\/index.php?rest_route=%2Fwp%2Fv2%2Fcomments&post=1044"}],"version-history":[{"count":5,"href":"https:\/\/www.flieg.fr\/index.php?rest_route=\/wp\/v2\/pages\/1044\/revisions"}],"predecessor-version":[{"id":2452,"href":"https:\/\/www.flieg.fr\/index.php?rest_route=\/wp\/v2\/pages\/1044\/revisions\/2452"}],"wp:attachment":[{"href":"https:\/\/www.flieg.fr\/index.php?rest_route=%2Fwp%2Fv2%2Fmedia&parent=1044"}],"curies":[{"name":"wp","href":"https:\/\/api.w.org\/{rel}","templated":true}]}}

jour 62 étape 58 : de Calzadas de la Cueza à Sahagun : 24,3 km Lundi 28 Mai

<p>lundi 28 Mai 2012</p>
<p>Petit matin frisquet pour démarrer. Quelques kilomètres plus loin, nous rattrapons un pèlerin qui se nomme François accompagné de son âne Béru.</p>
<div id="attachment_1052" style="width: 235px" class="wp-caption alignnone"><a href="http://flieg.fr/wordpress/wp-content/uploads/2012/05/P5281005.jpg"><img loading="lazy" decoding="async" aria-describedby="caption-attachment-1052" class="size-medium wp-image-1052" title="OLYMPUS DIGITAL CAMERA" src="http://flieg.fr/wordpress/wp-content/uploads/2012/05/P5281005-225x300.jpg" alt="" width="225" height="300" srcset="https://www.flieg.fr/wordpress/wp-content/uploads/2012/05/P5281005-225x300.jpg 225w, https://www.flieg.fr/wordpress/wp-content/uploads/2012/05/P5281005-768x1024.jpg 768w, https://www.flieg.fr/wordpress/wp-content/uploads/2012/05/P5281005-624x832.jpg 624w, https://www.flieg.fr/wordpress/wp-content/uploads/2012/05/P5281005.jpg 1536w" sizes="auto, (max-width: 225px) 100vw, 225px" /></a><p id="caption-attachment-1052" class="wp-caption-text">Francois et Béru</p></div>
<p>Ils sont partIs de Limoges début avril. François compte aller à Saint Jacques de Compostelle, puis rentrer chez lui par le chemin cotier. Son périple durera jusqu&rsquo;en octobre.</p>
<p>Il nous explique qu&rsquo;il fait des étapes aussi longues que les nôtres, mais il doit marcher plus lentement et il arrive chaque soir bon dernier. Et souvent, il n&rsquo;y a plus de place à l&rsquo;auberge ou alors on refuse son âne. Il monte alors la tente. Nous parlons ensemble pendant un bon moment, puis nous reprenons notre rythme normal. On le retrouvera le soir à Sahagun.</p>
<p><a href="http://flieg.fr/wordpress/wp-content/uploads/2012/05/P5281024.jpg"><img loading="lazy" decoding="async" class="alignnone size-medium wp-image-1054" title="OLYMPUS DIGITAL CAMERA" src="http://flieg.fr/wordpress/wp-content/uploads/2012/05/P5281024-300x225.jpg" alt="" width="300" height="225" srcset="https://www.flieg.fr/wordpress/wp-content/uploads/2012/05/P5281024-300x225.jpg 300w, https://www.flieg.fr/wordpress/wp-content/uploads/2012/05/P5281024-1024x768.jpg 1024w, https://www.flieg.fr/wordpress/wp-content/uploads/2012/05/P5281024-624x468.jpg 624w, https://www.flieg.fr/wordpress/wp-content/uploads/2012/05/P5281024.jpg 2048w" sizes="auto, (max-width: 300px) 100vw, 300px" /></a></p>
<p>Il y a encore de beaux paysages et toujours de nouvelles fleurs.</p>
<p><a href="http://flieg.fr/wordpress/wp-content/uploads/2012/05/P5281006.jpg"><img loading="lazy" decoding="async" class="alignnone size-medium wp-image-1055" title="OLYMPUS DIGITAL CAMERA" src="http://flieg.fr/wordpress/wp-content/uploads/2012/05/P5281006-300x225.jpg" alt="" width="300" height="225" srcset="https://www.flieg.fr/wordpress/wp-content/uploads/2012/05/P5281006-300x225.jpg 300w, https://www.flieg.fr/wordpress/wp-content/uploads/2012/05/P5281006-1024x768.jpg 1024w, https://www.flieg.fr/wordpress/wp-content/uploads/2012/05/P5281006-624x468.jpg 624w, https://www.flieg.fr/wordpress/wp-content/uploads/2012/05/P5281006.jpg 2048w" sizes="auto, (max-width: 300px) 100vw, 300px" /></a></p>
<div id="attachment_1059" style="width: 310px" class="wp-caption alignnone"><a href="http://flieg.fr/wordpress/wp-content/uploads/2012/05/P5281013.jpg"><img loading="lazy" decoding="async" aria-describedby="caption-attachment-1059" class="size-medium wp-image-1059" title="OLYMPUS DIGITAL CAMERA" src="http://flieg.fr/wordpress/wp-content/uploads/2012/05/P5281013-300x225.jpg" alt="" width="300" height="225" srcset="https://www.flieg.fr/wordpress/wp-content/uploads/2012/05/P5281013-300x225.jpg 300w, https://www.flieg.fr/wordpress/wp-content/uploads/2012/05/P5281013-1024x768.jpg 1024w, https://www.flieg.fr/wordpress/wp-content/uploads/2012/05/P5281013-624x468.jpg 624w, https://www.flieg.fr/wordpress/wp-content/uploads/2012/05/P5281013.jpg 2048w" sizes="auto, (max-width: 300px) 100vw, 300px" /></a><p id="caption-attachment-1059" class="wp-caption-text">si quelqu'un en connaît le nom ?</p></div>
<p>Cette fois, C&rsquo;est nous qui sommes rattrapés par un couple qui engage la conversation en demandant si nous craignons le soleil en montrant nos voiles. Ce sont des Allemands de Baden Baden qui font le Chemin par étape et qui vont souvent faire des randonnées dans les Vosges : le Hartmannswillerkopf et Cernay, ils connaissent ! Nous passons par Moradillos où on remarque quelques habitations troglodytes.</p>
<p><a href="http://flieg.fr/wordpress/wp-content/uploads/2012/05/P5281010.jpg"><img loading="lazy" decoding="async" class="alignnone size-medium wp-image-1056" title="OLYMPUS DIGITAL CAMERA" src="http://flieg.fr/wordpress/wp-content/uploads/2012/05/P5281010-300x225.jpg" alt="" width="300" height="225" srcset="https://www.flieg.fr/wordpress/wp-content/uploads/2012/05/P5281010-300x225.jpg 300w, https://www.flieg.fr/wordpress/wp-content/uploads/2012/05/P5281010-1024x768.jpg 1024w, https://www.flieg.fr/wordpress/wp-content/uploads/2012/05/P5281010-624x468.jpg 624w, https://www.flieg.fr/wordpress/wp-content/uploads/2012/05/P5281010.jpg 2048w" sizes="auto, (max-width: 300px) 100vw, 300px" /></a></p>
<p>Avant d&rsquo;arriver à Sahagun, nous avons le plaisir d&rsquo;entrer par le pont romain que seuls les pèlerins empruntent encore.</p>
<p><a href="http://flieg.fr/wordpress/wp-content/uploads/2012/05/P5281021.jpg"><img loading="lazy" decoding="async" class="alignnone size-medium wp-image-1057" title="OLYMPUS DIGITAL CAMERA" src="http://flieg.fr/wordpress/wp-content/uploads/2012/05/P5281021-300x225.jpg" alt="" width="300" height="225" srcset="https://www.flieg.fr/wordpress/wp-content/uploads/2012/05/P5281021-300x225.jpg 300w, https://www.flieg.fr/wordpress/wp-content/uploads/2012/05/P5281021-1024x768.jpg 1024w, https://www.flieg.fr/wordpress/wp-content/uploads/2012/05/P5281021-624x468.jpg 624w, https://www.flieg.fr/wordpress/wp-content/uploads/2012/05/P5281021.jpg 2048w" sizes="auto, (max-width: 300px) 100vw, 300px" /></a></p>
<p>De l&rsquo;autre coté se trouve une petite chapelle (la Vierge du pont).</p>
<p><a href="http://flieg.fr/wordpress/wp-content/uploads/2012/05/P5281020.jpg"><img loading="lazy" decoding="async" class="alignnone size-medium wp-image-1058" title="OLYMPUS DIGITAL CAMERA" src="http://flieg.fr/wordpress/wp-content/uploads/2012/05/P5281020-300x225.jpg" alt="" width="300" height="225" srcset="https://www.flieg.fr/wordpress/wp-content/uploads/2012/05/P5281020-300x225.jpg 300w, https://www.flieg.fr/wordpress/wp-content/uploads/2012/05/P5281020-1024x768.jpg 1024w, https://www.flieg.fr/wordpress/wp-content/uploads/2012/05/P5281020-624x468.jpg 624w, https://www.flieg.fr/wordpress/wp-content/uploads/2012/05/P5281020.jpg 2048w" sizes="auto, (max-width: 300px) 100vw, 300px" /></a></p>
<p>Puis nous repérons déjà l&rsquo;enseigne de notre hôtel du soir (la porte de Sahagun). Il dispose d&rsquo;une piscine&#8230; ouverte a partir du 15 juin. Il ný a pas d&rsquo;ordinateur, par contre à l&rsquo;Albergue de Sahagun, on trouve l&rsquo;ordi le plus rapide de la planète à 1 euro les 30mn.</p>

<p>lundi 28 Mai 2012 Petit matin frisquet pour démarrer. Quelques kilomètres plus loin, nous rattrapons un pèlerin qui se nomme François accompagné de son âne Béru. Ils sont partIs de Limoges début avril. François compte aller à Saint Jacques de Compostelle, puis rentrer chez lui par le chemin cotier. Son périple durera jusqu&rsquo;en octobre. Il [&hellip;]</p>
