{"id":101,"date":"2012-03-20T13:55:02","date_gmt":"2012-03-20T12:55:02","guid":{"rendered":"http:\/\/flieg.fr\/?page_id=101"},"modified":"2023-03-21T10:53:28","modified_gmt":"2023-03-21T09:53:28","slug":"jour-4-de-saugues-a-chanaleille","status":"publish","type":"page","link":"https:\/\/www.flieg.fr\/?page_id=101","title":{"rendered":"jour 3 : de Saugues au domaine du Sauvage 19,7 km"},"content":{"rendered":"<p><strong><\/strong>30 mars 2012<br \/>\nObjectif du jour : Auberge du Sauvage en G\u00e9vaudan \u00e0 Chanaleilles 43170 Saugues<br \/>\n04 71 74 40 30 ou 06 66 12 92 25<br \/>\nChambre 34\u20ac . Avant le 1er avril, il n&rsquo;y a pas de repas du soir, ni de Pdj!<br \/>\nR\u00e9servation faite&nbsp; et confirm\u00e9e par mail le 20 mars pour la nuit du 30 mars.<\/p>\n<p>Arriv\u00e9s au village du Falzet, situ\u00e9 \u00e0 mi-chemin, nous nous arr\u00eatons chez Murielle Delcros et nous commandons deux gigantesques sandwichs qui sont tr\u00e8s app\u00e9tissants. <a href=\"http:\/\/flieg.fr\/wordpress\/wp-content\/uploads\/2012\/03\/P3300096.jpg\"><img loading=\"lazy\" decoding=\"async\" class=\"alignnone size-medium wp-image-295\" title=\"OLYMPUS DIGITAL CAMERA\" src=\"http:\/\/flieg.fr\/wordpress\/wp-content\/uploads\/2012\/03\/P3300096-300x225.jpg\" alt=\"\" width=\"300\" height=\"225\" srcset=\"https:\/\/www.flieg.fr\/wordpress\/wp-content\/uploads\/2012\/03\/P3300096-300x225.jpg 300w, https:\/\/www.flieg.fr\/wordpress\/wp-content\/uploads\/2012\/03\/P3300096-1024x768.jpg 1024w, https:\/\/www.flieg.fr\/wordpress\/wp-content\/uploads\/2012\/03\/P3300096-624x468.jpg 624w, https:\/\/www.flieg.fr\/wordpress\/wp-content\/uploads\/2012\/03\/P3300096.jpg 2048w\" sizes=\"auto, (max-width: 300px) 100vw, 300px\" \/><\/a><\/p>\n<div id=\"attachment_288\" style=\"width: 310px\" class=\"wp-caption alignnone\"><a href=\"http:\/\/flieg.fr\/wordpress\/wp-content\/uploads\/2012\/03\/P3300097.jpg\"><img loading=\"lazy\" decoding=\"async\" aria-describedby=\"caption-attachment-288\" class=\"size-medium wp-image-288\" title=\"OLYMPUS DIGITAL CAMERA\" src=\"http:\/\/flieg.fr\/wordpress\/wp-content\/uploads\/2012\/03\/P3300097-300x225.jpg\" alt=\"\" width=\"300\" height=\"225\" srcset=\"https:\/\/www.flieg.fr\/wordpress\/wp-content\/uploads\/2012\/03\/P3300097-300x225.jpg 300w, https:\/\/www.flieg.fr\/wordpress\/wp-content\/uploads\/2012\/03\/P3300097-1024x768.jpg 1024w, https:\/\/www.flieg.fr\/wordpress\/wp-content\/uploads\/2012\/03\/P3300097-624x468.jpg 624w, https:\/\/www.flieg.fr\/wordpress\/wp-content\/uploads\/2012\/03\/P3300097.jpg 2048w\" sizes=\"auto, (max-width: 300px) 100vw, 300px\" \/><\/a><p id=\"caption-attachment-288\" class=\"wp-caption-text\">au d\u00e9bouch\u00e9 sur les chaumes<\/p><\/div>\n<p>Je ressens une douleur insidieuse au tendon d&rsquo;Achille du pied gauche dans ce qui semble \u00eatre la derni\u00e8re mont\u00e9e.. Il est temps qu&rsquo;on arrive! Quand nous sortons de la for\u00eat, nous d\u00e9couvrons effectivement le buron du Sauvage, petite masure en pierres de granite et aux tuiles de lauzes.<\/p>\n<div id=\"attachment_289\" style=\"width: 310px\" class=\"wp-caption alignnone\"><a href=\"http:\/\/flieg.fr\/wordpress\/wp-content\/uploads\/2012\/03\/P3300099.jpg\"><img loading=\"lazy\" decoding=\"async\" aria-describedby=\"caption-attachment-289\" class=\"size-medium wp-image-289\" title=\"OLYMPUS DIGITAL CAMERA\" src=\"http:\/\/flieg.fr\/wordpress\/wp-content\/uploads\/2012\/03\/P3300099-300x225.jpg\" alt=\"\" width=\"300\" height=\"225\" srcset=\"https:\/\/www.flieg.fr\/wordpress\/wp-content\/uploads\/2012\/03\/P3300099-300x225.jpg 300w, https:\/\/www.flieg.fr\/wordpress\/wp-content\/uploads\/2012\/03\/P3300099-1024x768.jpg 1024w, https:\/\/www.flieg.fr\/wordpress\/wp-content\/uploads\/2012\/03\/P3300099-624x468.jpg 624w, https:\/\/www.flieg.fr\/wordpress\/wp-content\/uploads\/2012\/03\/P3300099.jpg 2048w\" sizes=\"auto, (max-width: 300px) 100vw, 300px\" \/><\/a><p id=\"caption-attachment-289\" class=\"wp-caption-text\">Le buron du Sauvage<\/p><\/div>\n<p>Le domaine du Sauvage appara\u00eet peu apr\u00e8s.<\/p>\n<div id=\"attachment_290\" style=\"width: 310px\" class=\"wp-caption alignnone\"><a href=\"http:\/\/flieg.fr\/wordpress\/wp-content\/uploads\/2012\/03\/P3300100.jpg\"><img loading=\"lazy\" decoding=\"async\" aria-describedby=\"caption-attachment-290\" class=\"size-medium wp-image-290\" title=\"OLYMPUS DIGITAL CAMERA\" src=\"http:\/\/flieg.fr\/wordpress\/wp-content\/uploads\/2012\/03\/P3300100-300x225.jpg\" alt=\"\" width=\"300\" height=\"225\" srcset=\"https:\/\/www.flieg.fr\/wordpress\/wp-content\/uploads\/2012\/03\/P3300100-300x225.jpg 300w, https:\/\/www.flieg.fr\/wordpress\/wp-content\/uploads\/2012\/03\/P3300100-1024x768.jpg 1024w, https:\/\/www.flieg.fr\/wordpress\/wp-content\/uploads\/2012\/03\/P3300100-624x468.jpg 624w, https:\/\/www.flieg.fr\/wordpress\/wp-content\/uploads\/2012\/03\/P3300100.jpg 2048w\" sizes=\"auto, (max-width: 300px) 100vw, 300px\" \/><\/a><p id=\"caption-attachment-290\" class=\"wp-caption-text\">Le domaine du Sauvage<\/p><\/div>\n<p>Nous arrivons \u00e0 16h30 tout va \u00e0 peu pr\u00e8s bien. Une charmante dame nous accueille. Comme il n&rsquo;y a pas de restauration possible, pour un forfait de 4 euros, nous achetons un&nbsp; peu de pain, du beurre, un gros morceau de saucisson, du caf\u00e9 et du lait. Quatre randonneurs sont d\u00e9j\u00e0 arriv\u00e9s avant nous. Un Irlandais qui vient de terminer le chemin de Compostelle il y a 3 jours (de Cahors \u00e0 Compostelle). Il a pris un avion de Santiago \u00e0 Lyon et s&rsquo;est rendu au Puy. Il a couvert la distance du Puy au Sauvage en seulement deux jours! Il y a aussi Philippe, que nous avions rencontr\u00e9 au caf\u00e9 de Monistrol. Il y a Michel, qui vient du Monestier et dont la femme assure la logistique par t\u00e9l\u00e9phone. Il y a Peter le Suisse qui vient de la r\u00e9gion de Zurich. Nous mangeons ensemble dans la salle commune ce que chacun a achet\u00e9. Quelqu&rsquo;un vient apporter une bo\u00eete de foie gras. C&rsquo;est f\u00eate ce soir!<br \/>\n<a href=\"http:\/\/flieg.fr\/wordpress\/wp-content\/uploads\/2012\/03\/Jour4.jpg\"><img loading=\"lazy\" decoding=\"async\" class=\"alignnone size-full wp-image-124\" title=\"Jour4\" src=\"http:\/\/flieg.fr\/wordpress\/wp-content\/uploads\/2012\/03\/Jour4.jpg\" alt=\"\" width=\"938\" height=\"370\" srcset=\"https:\/\/www.flieg.fr\/wordpress\/wp-content\/uploads\/2012\/03\/Jour4.jpg 938w, https:\/\/www.flieg.fr\/wordpress\/wp-content\/uploads\/2012\/03\/Jour4-300x118.jpg 300w, https:\/\/www.flieg.fr\/wordpress\/wp-content\/uploads\/2012\/03\/Jour4-624x246.jpg 624w\" sizes=\"auto, (max-width: 938px) 100vw, 938px\" \/><\/a><\/p>\n<p>&nbsp;<\/p>\n","protected":false},"excerpt":{"rendered":"<p>30 mars 2012 Objectif du jour : Auberge du Sauvage en G\u00e9vaudan \u00e0 Chanaleilles 43170 Saugues 04 71 74 40 30 ou 06 66 12 92 25 Chambre 34\u20ac . Avant le 1er avril, il n&rsquo;y a pas de repas du soir, ni de Pdj! R\u00e9servation faite&nbsp; et confirm\u00e9e par mail le 20 mars pour [&hellip;]<\/p>\n","protected":false},"author":3,"featured_media":0,"parent":0,"menu_order":0,"comment_status":"open","ping_status":"open","template":"","meta":{"footnotes":""},"class_list":["post-101","page","type-page","status-publish","hentry"],"_links":{"self":[{"href":"https:\/\/www.flieg.fr\/index.php?rest_route=\/wp\/v2\/pages\/101","targetHints":{"allow":["GET"]}}],"collection":[{"href":"https:\/\/www.flieg.fr\/index.php?rest_route=\/wp\/v2\/pages"}],"about":[{"href":"https:\/\/www.flieg.fr\/index.php?rest_route=\/wp\/v2\/types\/page"}],"author":[{"embeddable":true,"href":"https:\/\/www.flieg.fr\/index.php?rest_route=\/wp\/v2\/users\/3"}],"replies":[{"embeddable":true,"href":"https:\/\/www.flieg.fr\/index.php?rest_route=%2Fwp%2Fv2%2Fcomments&post=101"}],"version-history":[{"count":20,"href":"https:\/\/www.flieg.fr\/index.php?rest_route=\/wp\/v2\/pages\/101\/revisions"}],"predecessor-version":[{"id":2415,"href":"https:\/\/www.flieg.fr\/index.php?rest_route=\/wp\/v2\/pages\/101\/revisions\/2415"}],"wp:attachment":[{"href":"https:\/\/www.flieg.fr\/index.php?rest_route=%2Fwp%2Fv2%2Fmedia&parent=101"}],"curies":[{"name":"wp","href":"https:\/\/api.w.org\/{rel}","templated":true}]}}

<p><strong></strong>30 mars 2012<br />
Objectif du jour : Auberge du Sauvage en Gévaudan à Chanaleilles 43170 Saugues<br />
04 71 74 40 30 ou 06 66 12 92 25<br />
Chambre 34€ . Avant le 1er avril, il n&rsquo;y a pas de repas du soir, ni de Pdj!<br />
Réservation faite&nbsp; et confirmée par mail le 20 mars pour la nuit du 30 mars.</p>
<p>Arrivés au village du Falzet, situé à mi-chemin, nous nous arrêtons chez Murielle Delcros et nous commandons deux gigantesques sandwichs qui sont très appétissants. <a href="http://flieg.fr/wordpress/wp-content/uploads/2012/03/P3300096.jpg"><img loading="lazy" decoding="async" class="alignnone size-medium wp-image-295" title="OLYMPUS DIGITAL CAMERA" src="http://flieg.fr/wordpress/wp-content/uploads/2012/03/P3300096-300x225.jpg" alt="" width="300" height="225" srcset="https://www.flieg.fr/wordpress/wp-content/uploads/2012/03/P3300096-300x225.jpg 300w, https://www.flieg.fr/wordpress/wp-content/uploads/2012/03/P3300096-1024x768.jpg 1024w, https://www.flieg.fr/wordpress/wp-content/uploads/2012/03/P3300096-624x468.jpg 624w, https://www.flieg.fr/wordpress/wp-content/uploads/2012/03/P3300096.jpg 2048w" sizes="auto, (max-width: 300px) 100vw, 300px" /></a></p>
<div id="attachment_288" style="width: 310px" class="wp-caption alignnone"><a href="http://flieg.fr/wordpress/wp-content/uploads/2012/03/P3300097.jpg"><img loading="lazy" decoding="async" aria-describedby="caption-attachment-288" class="size-medium wp-image-288" title="OLYMPUS DIGITAL CAMERA" src="http://flieg.fr/wordpress/wp-content/uploads/2012/03/P3300097-300x225.jpg" alt="" width="300" height="225" srcset="https://www.flieg.fr/wordpress/wp-content/uploads/2012/03/P3300097-300x225.jpg 300w, https://www.flieg.fr/wordpress/wp-content/uploads/2012/03/P3300097-1024x768.jpg 1024w, https://www.flieg.fr/wordpress/wp-content/uploads/2012/03/P3300097-624x468.jpg 624w, https://www.flieg.fr/wordpress/wp-content/uploads/2012/03/P3300097.jpg 2048w" sizes="auto, (max-width: 300px) 100vw, 300px" /></a><p id="caption-attachment-288" class="wp-caption-text">au débouché sur les chaumes</p></div>
<p>Je ressens une douleur insidieuse au tendon d&rsquo;Achille du pied gauche dans ce qui semble être la dernière montée.. Il est temps qu&rsquo;on arrive! Quand nous sortons de la forêt, nous découvrons effectivement le buron du Sauvage, petite masure en pierres de granite et aux tuiles de lauzes.</p>
<div id="attachment_289" style="width: 310px" class="wp-caption alignnone"><a href="http://flieg.fr/wordpress/wp-content/uploads/2012/03/P3300099.jpg"><img loading="lazy" decoding="async" aria-describedby="caption-attachment-289" class="size-medium wp-image-289" title="OLYMPUS DIGITAL CAMERA" src="http://flieg.fr/wordpress/wp-content/uploads/2012/03/P3300099-300x225.jpg" alt="" width="300" height="225" srcset="https://www.flieg.fr/wordpress/wp-content/uploads/2012/03/P3300099-300x225.jpg 300w, https://www.flieg.fr/wordpress/wp-content/uploads/2012/03/P3300099-1024x768.jpg 1024w, https://www.flieg.fr/wordpress/wp-content/uploads/2012/03/P3300099-624x468.jpg 624w, https://www.flieg.fr/wordpress/wp-content/uploads/2012/03/P3300099.jpg 2048w" sizes="auto, (max-width: 300px) 100vw, 300px" /></a><p id="caption-attachment-289" class="wp-caption-text">Le buron du Sauvage</p></div>
<p>Le domaine du Sauvage apparaît peu après.</p>
<div id="attachment_290" style="width: 310px" class="wp-caption alignnone"><a href="http://flieg.fr/wordpress/wp-content/uploads/2012/03/P3300100.jpg"><img loading="lazy" decoding="async" aria-describedby="caption-attachment-290" class="size-medium wp-image-290" title="OLYMPUS DIGITAL CAMERA" src="http://flieg.fr/wordpress/wp-content/uploads/2012/03/P3300100-300x225.jpg" alt="" width="300" height="225" srcset="https://www.flieg.fr/wordpress/wp-content/uploads/2012/03/P3300100-300x225.jpg 300w, https://www.flieg.fr/wordpress/wp-content/uploads/2012/03/P3300100-1024x768.jpg 1024w, https://www.flieg.fr/wordpress/wp-content/uploads/2012/03/P3300100-624x468.jpg 624w, https://www.flieg.fr/wordpress/wp-content/uploads/2012/03/P3300100.jpg 2048w" sizes="auto, (max-width: 300px) 100vw, 300px" /></a><p id="caption-attachment-290" class="wp-caption-text">Le domaine du Sauvage</p></div>
<p>Nous arrivons à 16h30 tout va à peu près bien. Une charmante dame nous accueille. Comme il n&rsquo;y a pas de restauration possible, pour un forfait de 4 euros, nous achetons un&nbsp; peu de pain, du beurre, un gros morceau de saucisson, du café et du lait. Quatre randonneurs sont déjà arrivés avant nous. Un Irlandais qui vient de terminer le chemin de Compostelle il y a 3 jours (de Cahors à Compostelle). Il a pris un avion de Santiago à Lyon et s&rsquo;est rendu au Puy. Il a couvert la distance du Puy au Sauvage en seulement deux jours! Il y a aussi Philippe, que nous avions rencontré au café de Monistrol. Il y a Michel, qui vient du Monestier et dont la femme assure la logistique par téléphone. Il y a Peter le Suisse qui vient de la région de Zurich. Nous mangeons ensemble dans la salle commune ce que chacun a acheté. Quelqu&rsquo;un vient apporter une boîte de foie gras. C&rsquo;est fête ce soir!<br />
<a href="http://flieg.fr/wordpress/wp-content/uploads/2012/03/Jour4.jpg"><img loading="lazy" decoding="async" class="alignnone size-full wp-image-124" title="Jour4" src="http://flieg.fr/wordpress/wp-content/uploads/2012/03/Jour4.jpg" alt="" width="938" height="370" srcset="https://www.flieg.fr/wordpress/wp-content/uploads/2012/03/Jour4.jpg 938w, https://www.flieg.fr/wordpress/wp-content/uploads/2012/03/Jour4-300x118.jpg 300w, https://www.flieg.fr/wordpress/wp-content/uploads/2012/03/Jour4-624x246.jpg 624w" sizes="auto, (max-width: 938px) 100vw, 938px" /></a></p>
<p>&nbsp;</p>

<p>30 mars 2012 Objectif du jour : Auberge du Sauvage en Gévaudan à Chanaleilles 43170 Saugues 04 71 74 40 30 ou 06 66 12 92 25 Chambre 34€ . Avant le 1er avril, il n&rsquo;y a pas de repas du soir, ni de Pdj! Réservation faite&nbsp; et confirmée par mail le 20 mars pour [&hellip;]</p>
